-- https://www.phpmyadmin.net/
--

START TRANSACTION;



--
-- Database: `trickle_tostartwork`
--

-- --------------------------------------------------------

--
-- Table structure for table `contacts`
--

CREATE TABLE `contacts` (
  `id` int(10) UNSIGNED NOT NULL,
  `user_id` int(10) UNSIGNED NOT NULL,
  `name` varchar(255) COLLATE utf8_unicode_ci DEFAULT NULL,
  `relationship` varchar(255) COLLATE utf8_unicode_ci DEFAULT NULL,
  `address` varchar(255) COLLATE utf8_unicode_ci DEFAULT NULL,
  `primary_contact` varchar(255) COLLATE utf8_unicode_ci DEFAULT NULL,
  `secondary_contact` varchar(255) COLLATE utf8_unicode_ci DEFAULT NULL
) ENGINE=InnoDB DEFAULT CHARSET=utf8 COLLATE=utf8_unicode_ci;

-- --------------------------------------------------------

--
-- Table structure for table `contact_user`
--

CREATE TABLE `contact_user` (
  `contact_id` int(10) UNSIGNED NOT NULL,
  `user_id` int(10) UNSIGNED NOT NULL
) ENGINE=InnoDB DEFAULT CHARSET=utf8 COLLATE=utf8_unicode_ci;

-- --------------------------------------------------------

--
-- Table structure for table `courses`
--

CREATE TABLE `courses` (
  `id` int(10) UNSIGNED NOT NULL,
  `category_id` int(10) UNSIGNED NOT NULL,
  `provider_id` int(10) UNSIGNED NOT NULL,
  `name` varchar(255) COLLATE utf8_unicode_ci DEFAULT NULL,
  `enroll_date` date DEFAULT NULL,
  `price` double NOT NULL DEFAULT '0',
  `citb_price` double NOT NULL DEFAULT '0',
  `description` text COLLATE utf8_unicode_ci,
  `location` varchar(255) COLLATE utf8_unicode_ci DEFAULT NULL,
  `provider` varchar(255) COLLATE utf8_unicode_ci DEFAULT NULL,
  `recommended` tinyint(1) NOT NULL DEFAULT '0',
  `active` tinyint(1) NOT NULL DEFAULT '1'
) ENGINE=InnoDB DEFAULT CHARSET=utf8 COLLATE=utf8_unicode_ci;

--
-- Dumping data for table `courses`
--

INSERT INTO `courses` (`id`, `category_id`, `provider_id`, `name`, `enroll_date`, `price`, `citb_price`, `description`, `location`, `provider`, `recommended`, `active`) VALUES
(1, 1, 1, 'Error ut.', NULL, 0, 0, NULL, NULL, NULL, 0, 1),
(2, 2, 2, 'Molestiae.', NULL, 0, 0, NULL, NULL, NULL, 0, 1),
(3, 3, 3, 'Velit nam.', NULL, 0, 0, NULL, NULL, NULL, 0, 1),
(4, 4, 4, 'Porro.', NULL, 0, 0, NULL, NULL, NULL, 0, 1),
(5, 5, 5, 'Ad quis.', NULL, 0, 0, NULL, NULL, NULL, 0, 1),
(6, 6, 6, 'Maxime.', NULL, 0, 0, NULL, NULL, NULL, 0, 1),
(7, 7, 7, 'Quaerat.', NULL, 0, 0, NULL, NULL, NULL, 0, 1),
(8, 8, 8, 'Sapiente.', NULL, 0, 0, NULL, NULL, NULL, 0, 1),
(9, 9, 9, 'Minus.', NULL, 0, 0, NULL, NULL, NULL, 0, 1),
(10, 10, 10, 'Cumque.', NULL, 0, 0, NULL, NULL, NULL, 0, 1),
(11, 11, 11, 'Error.', NULL, 0, 0, NULL, NULL, NULL, 0, 1),
(12, 12, 12, 'Magni.', NULL, 0, 0, NULL, NULL, NULL, 0, 1),
(13, 13, 13, 'Magnam.', NULL, 0, 0, NULL, NULL, NULL, 0, 1),
(14, 14, 14, 'Eligendi.', NULL, 0, 0, NULL, NULL, NULL, 0, 1),
(15, 15, 15, 'Animi.', NULL, 0, 0, NULL, NULL, NULL, 0, 1),
(16, 16, 16, 'Expedita.', NULL, 0, 0, NULL, NULL, NULL, 0, 1),
(17, 17, 17, 'Itaque.', NULL, 0, 0, NULL, NULL, NULL, 0, 1),
(18, 18, 18, 'Qui iure.', NULL, 0, 0, NULL, NULL, NULL, 0, 1),
(19, 19, 19, 'Beatae ut.', NULL, 0, 0, NULL, NULL, NULL, 0, 1),
(20, 20, 20, 'Aut.', NULL, 0, 0, NULL, NULL, NULL, 0, 1);

-- --------------------------------------------------------

--
-- Table structure for table `course_categories`
--

CREATE TABLE `course_categories` (
  `id` int(10) UNSIGNED NOT NULL,
  `name` varchar(255) COLLATE utf8_unicode_ci NOT NULL
) ENGINE=InnoDB DEFAULT CHARSET=utf8 COLLATE=utf8_unicode_ci;

--
-- Dumping data for table `course_categories`
--

INSERT INTO `course_categories` (`id`, `name`) VALUES
(1, 'Sunt.'),
(2, 'Facilis.'),
(3, 'Omnis.'),
(4, 'Qui unde.'),
(5, 'Adipisci.'),
(6, 'Facilis.'),
(7, 'Qui.'),
(8, 'Possimus.'),
(9, 'Officiis.'),
(10, 'Et quod.'),
(11, 'Quia.'),
(12, 'Ut.'),
(13, 'Deleniti.'),
(14, 'Voluptas.'),
(15, 'Enim.'),
(16, 'Qui.'),
(17, 'Tempora.'),
(18, 'Quia.'),
(19, 'Vel quia.'),
(20, 'Velit.');

-- --------------------------------------------------------

--
-- Table structure for table `course_providers`
--

CREATE TABLE `course_providers` (
  `id` int(10) UNSIGNED NOT NULL,
  `contact_name` varchar(255) COLLATE utf8_unicode_ci DEFAULT NULL,
  `contact_phone` varchar(255) COLLATE utf8_unicode_ci DEFAULT NULL,
  `contact_email` varchar(255) COLLATE utf8_unicode_ci DEFAULT NULL,
  `company` varchar(255) COLLATE utf8_unicode_ci NOT NULL,
  `address_line_1` varchar(255) COLLATE utf8_unicode_ci DEFAULT NULL,
  `address_line_2` varchar(255) COLLATE utf8_unicode_ci DEFAULT NULL,
  `city` varchar(255) COLLATE utf8_unicode_ci DEFAULT NULL,
  `postcode` varchar(255) COLLATE utf8_unicode_ci DEFAULT NULL,
  `state` varchar(255) COLLATE utf8_unicode_ci DEFAULT NULL
) ENGINE=InnoDB DEFAULT CHARSET=utf8 COLLATE=utf8_unicode_ci;

--
-- Dumping data for table `course_providers`
--

INSERT INTO `course_providers` (`id`, `contact_name`, `contact_phone`, `contact_email`, `company`, `address_line_1`, `address_line_2`, `city`, `postcode`, `state`) VALUES
(1, NULL, NULL, 'nhudson@hotmail.com', 'Eius.', NULL, NULL, NULL, NULL, NULL),
(2, NULL, NULL, 'kheller@gmail.com', 'Dolorem.', NULL, NULL, NULL, NULL, NULL),
(3, NULL, NULL, 'celine.labadie@luettgen.com', 'Voluptate.', NULL, NULL, NULL, NULL, NULL),
(4, NULL, NULL, 'crona.brook@yahoo.com', 'Aliquid.', NULL, NULL, NULL, NULL, NULL),
(5, 'John', '', 'qsteuber@gmail.com', 'Quo et.', '', '', '', '', 'SA'),
(6, NULL, NULL, 'franco.cassin@beier.org', 'Rerum.', NULL, NULL, NULL, NULL, NULL),
(7, NULL, NULL, 'kassandra.conroy@keebler.info', 'Et non.', NULL, NULL, NULL, NULL, NULL),
(8, NULL, NULL, 'porter81@oreilly.com', 'Animi.', NULL, NULL, NULL, NULL, NULL),
(9, NULL, NULL, 'willms.adam@sipes.biz', 'Eos harum.', NULL, NULL, NULL, NULL, NULL),
(10, NULL, NULL, 'jeffery73@yahoo.com', 'Natus.', NULL, NULL, NULL, NULL, NULL),
(11, NULL, NULL, 'owalter@gmail.com', 'Eos quia.', NULL, NULL, NULL, NULL, NULL),
(12, NULL, NULL, 'colby.kub@rippin.com', 'Debitis.', NULL, NULL, NULL, NULL, NULL),
(13, NULL, NULL, 'ijohns@schmitt.net', 'Veniam.', NULL, NULL, NULL, NULL, NULL),
(14, NULL, NULL, 'vgreenholt@hotmail.com', 'Incidunt.', NULL, NULL, NULL, NULL, NULL),
(15, NULL, NULL, 'winston28@yahoo.com', 'Ex animi.', NULL, NULL, NULL, NULL, NULL),
(16, NULL, NULL, 'sporer.diamond@yahoo.com', 'Magnam.', NULL, NULL, NULL, NULL, NULL),
(17, NULL, NULL, 'littel.lavonne@gmail.com', 'Ea nulla.', NULL, NULL, NULL, NULL, NULL),
(18, NULL, NULL, 'bwiza@rogahn.com', 'Quae non.', NULL, NULL, NULL, NULL, NULL),
(19, NULL, NULL, 'mohr.jayce@hotmail.com', 'In.', NULL, NULL, NULL, NULL, NULL),
(20, NULL, NULL, 'effertz.hannah@yahoo.com', 'Aut omnis.', NULL, NULL, NULL, NULL, NULL),
(21, 'Bob Smith', '0882113456', 'bob@atc.com.au', 'ATC', '11123 South Road', '', 'Regency Park', '1015', 'SA'),
(22, 'John Smith', '882113456', 'john@atc.com.au', 'ATC', '11123 South Road', '', 'Regency Park', '1015', 'SA');

-- --------------------------------------------------------

--
-- Table structure for table `course_user`
--

CREATE TABLE `course_user` (
  `course_id` int(10) UNSIGNED NOT NULL,
  `user_id` int(10) UNSIGNED NOT NULL,
  `created_at` timestamp NULL DEFAULT NULL,
  `updated_at` timestamp NULL DEFAULT NULL
) ENGINE=InnoDB DEFAULT CHARSET=utf8 COLLATE=utf8_unicode_ci;

-- --------------------------------------------------------

--
-- Table structure for table `employments`
--

CREATE TABLE `employments` (
  `id` int(10) UNSIGNED NOT NULL,
  `user_id` int(10) UNSIGNED NOT NULL,
  `company_name` varchar(255) COLLATE utf8_unicode_ci DEFAULT NULL,
  `employment_status` varchar(255) COLLATE utf8_unicode_ci DEFAULT NULL,
  `start_year` int(11) NOT NULL DEFAULT '0',
  `infield_years` int(11) NOT NULL DEFAULT '0'
) ENGINE=InnoDB DEFAULT CHARSET=utf8 COLLATE=utf8_unicode_ci;

-- --------------------------------------------------------

--
-- Table structure for table `employment_user`
--

CREATE TABLE `employment_user` (
  `employment_id` int(10) UNSIGNED NOT NULL,
  `user_id` int(10) UNSIGNED NOT NULL
) ENGINE=InnoDB DEFAULT CHARSET=utf8 COLLATE=utf8_unicode_ci;

-- --------------------------------------------------------

--
-- Table structure for table `failed_jobs`
--

CREATE TABLE `failed_jobs` (
  `id` int(10) UNSIGNED NOT NULL,
  `connection` text COLLATE utf8_unicode_ci NOT NULL,
  `queue` text COLLATE utf8_unicode_ci NOT NULL,
  `payload` longtext COLLATE utf8_unicode_ci NOT NULL,
  `exception` longtext COLLATE utf8_unicode_ci NOT NULL,
  `failed_at` timestamp NOT NULL DEFAULT CURRENT_TIMESTAMP
) ENGINE=InnoDB DEFAULT CHARSET=utf8 COLLATE=utf8_unicode_ci;

-- --------------------------------------------------------

--
-- Table structure for table `migrations`
--

CREATE TABLE `migrations` (
  `id` int(10) UNSIGNED NOT NULL,
  `migration` varchar(255) COLLATE utf8_unicode_ci NOT NULL,
  `batch` int(11) NOT NULL
) ENGINE=InnoDB DEFAULT CHARSET=utf8 COLLATE=utf8_unicode_ci;

-- --------------------------------------------------------

--
-- Table structure for table `notifications`
--

CREATE TABLE `notifications` (
  `id` int(10) UNSIGNED NOT NULL,
  `status` varchar(255) COLLATE utf8_unicode_ci NOT NULL,
  `title` varchar(255) COLLATE utf8_unicode_ci NOT NULL,
  `subtitle` varchar(255) COLLATE utf8_unicode_ci NOT NULL,
  `content` text COLLATE utf8_unicode_ci NOT NULL,
  `sent` datetime DEFAULT NULL,
  `created_at` timestamp NULL DEFAULT NULL,
  `updated_at` timestamp NULL DEFAULT NULL
) ENGINE=InnoDB DEFAULT CHARSET=utf8 COLLATE=utf8_unicode_ci;

--
-- Dumping data for table `notifications`
--

INSERT INTO `notifications` (`id`, `status`, `title`, `subtitle`, `content`, `sent`, `created_at`, `updated_at`) VALUES
(1, 'sent', 'Sunt.', 'Nemo.', 'Eos dolore totam quia aut ut nesciunt.', '2019-09-25 06:27:03', '2019-09-24 20:27:03', '2019-09-24 20:27:03'),
(2, 'sent', 'Qui.', 'Sed.', 'Quisquam ea veniam labore quam tempore.', '2019-09-25 06:27:03', '2019-09-24 20:27:03', '2019-09-24 20:27:03'),
(3, 'sent', 'Sed.', 'Est.', 'In unde explicabo rerum autem est.', '2019-09-25 06:27:03', '2019-09-24 20:27:03', '2019-09-24 20:27:03'),
(4, 'sent', 'Ut.', 'Rerum.', 'Saepe et doloremque itaque sequi.', '2019-09-25 06:27:03', '2019-09-24 20:27:03', '2019-09-24 20:27:03'),
(5, 'sent', 'Et.', 'Commodi.', 'Animi eos et odio dolores.', '2019-09-25 06:27:03', '2019-09-24 20:27:03', '2019-09-24 20:27:03'),
(6, 'sent', 'Sit.', 'Soluta.', 'Quis hic porro iste temporibus.', '2019-09-25 06:27:03', '2019-09-24 20:27:03', '2019-09-24 20:27:03'),
(7, 'sent', 'Ea.', 'Illum.', 'Qui illum optio voluptas odit.', '2019-09-25 06:27:03', '2019-09-24 20:27:03', '2019-09-24 20:27:03'),
(8, 'sent', 'Et.', 'Aut nihil.', 'Facilis ad consequatur voluptates ea.', '2019-09-25 06:27:03', '2019-09-24 20:27:03', '2019-09-24 20:27:03'),
(9, 'sent', 'Enim.', 'Veritatis.', 'Velit non minus similique officia.', '2019-09-25 06:27:03', '2019-09-24 20:27:03', '2019-09-24 20:27:03'),
(10, 'sent', 'Quis.', 'Quia.', 'Cumque maxime eos magnam rerum id.', '2019-09-25 06:27:03', '2019-09-24 20:27:03', '2019-09-24 20:27:03'),
(11, 'sent', 'Et.', 'Sequi.', 'Voluptas optio ex modi.', '2019-09-25 06:27:03', '2019-09-24 20:27:03', '2019-09-24 20:27:03'),
(12, 'sent', 'Non.', 'Inventore.', 'Velit quasi et molestiae ut.', '2019-09-25 06:27:03', '2019-09-24 20:27:03', '2019-09-24 20:27:03'),
(13, 'sent', 'Sit.', 'Tenetur.', 'Quia quis voluptates dolor.', '2019-09-25 06:27:03', '2019-09-24 20:27:03', '2019-09-24 20:27:03'),
(14, 'sent', 'Non.', 'Vel quasi.', 'Quidem quisquam autem consequatur.', '2019-09-25 06:27:03', '2019-09-24 20:27:03', '2019-09-24 20:27:03'),
(15, 'sent', 'Et.', 'Eum.', 'Architecto placeat nemo ut illum.', '2019-09-25 06:27:03', '2019-09-24 20:27:03', '2019-09-24 20:27:03'),
(16, 'sent', 'Et.', 'Deleniti.', 'Iure enim occaecati incidunt.', '2019-09-25 06:27:03', '2019-09-24 20:27:03', '2019-09-24 20:27:03'),
(17, 'sent', 'Qui.', 'Incidunt.', 'Beatae ducimus esse vel nulla nam et.', '2019-09-25 06:27:03', '2019-09-24 20:27:03', '2019-09-24 20:27:03'),
(18, 'sent', 'Ut.', 'Autem.', 'Doloribus et quod reprehenderit.', '2019-09-25 06:27:03', '2019-09-24 20:27:03', '2019-09-24 20:27:03'),
(19, 'sent', 'Cum.', 'Et.', 'Optio dolorem eaque vitae omnis.', '2019-09-25 06:27:03', '2019-09-24 20:27:03', '2019-09-24 20:27:03'),
(20, 'sent', 'Quia.', 'Quidem.', 'Dicta et ut excepturi impedit aut.', '2019-09-25 06:27:03', '2019-09-24 20:27:03', '2019-09-24 20:27:03'),
(21, 'sent', 'Qui.', 'Quod aut.', 'Eum deleniti sint ea unde rerum.', '2019-09-25 06:27:03', '2019-09-24 20:27:03', '2019-09-24 20:27:03'),
(22, 'sent', 'Eum.', 'Ab.', 'Ut at ut pariatur dolore.', '2019-09-25 06:27:03', '2019-09-24 20:27:03', '2019-09-24 20:27:03'),
(23, 'sent', 'Eius.', 'Aut.', 'Sint officia ducimus neque quibusdam.', '2019-09-25 06:27:03', '2019-09-24 20:27:03', '2019-09-24 20:27:03'),
(24, 'sent', 'Et.', 'At odit.', 'Voluptatem facilis quidem fugit libero.', '2019-09-25 06:27:03', '2019-09-24 20:27:03', '2019-09-24 20:27:03'),
(25, 'sent', 'Rem.', 'Commodi.', 'Vero laboriosam iure et reprehenderit.', '2019-09-25 06:27:03', '2019-09-24 20:27:03', '2019-09-24 20:27:03'),
(26, 'sent', 'Non.', 'Neque.', 'Tempora ut eos facere impedit.', '2019-09-25 06:27:03', '2019-09-24 20:27:03', '2019-09-24 20:27:03'),
(27, 'sent', 'Sed.', 'Ipsum.', 'Aspernatur quo vero quia est molestias.', '2019-09-25 06:27:03', '2019-09-24 20:27:03', '2019-09-24 20:27:03'),
(28, 'sent', 'Enim.', 'Ullam.', 'Quisquam accusamus architecto illo at.', '2019-09-25 06:27:03', '2019-09-24 20:27:03', '2019-09-24 20:27:03'),
(29, 'sent', 'Ut.', 'Rerum.', 'Delectus quidem beatae ab natus.', '2019-09-25 06:27:03', '2019-09-24 20:27:03', '2019-09-24 20:27:03'),
(30, 'sent', 'Qui.', 'Minima ut.', 'Vel qui illo ut vel necessitatibus.', '2019-09-25 06:27:03', '2019-09-24 20:27:03', '2019-09-24 20:27:03'),
(31, 'sent', 'Quia.', 'Et.', 'Dolor iusto libero est.', '2019-09-25 06:27:03', '2019-09-24 20:27:03', '2019-09-24 20:27:03'),
(32, 'sent', 'Ut.', 'Explicabo.', 'Illum dolore quod corporis eum.', '2019-09-25 06:27:03', '2019-09-24 20:27:03', '2019-09-24 20:27:03'),
(33, 'sent', 'Ut.', 'Nihil.', 'Vel in qui quisquam odio sed.', '2019-09-25 06:27:03', '2019-09-24 20:27:03', '2019-09-24 20:27:03'),
(34, 'sent', 'Iste.', 'Sunt et.', 'Laudantium et ea eum et illo.', '2019-09-25 06:27:03', '2019-09-24 20:27:03', '2019-09-24 20:27:03'),
(35, 'sent', 'Et.', 'Deserunt.', 'Ab animi nihil recusandae ipsa.', '2019-09-25 06:27:03', '2019-09-24 20:27:03', '2019-09-24 20:27:03'),
(36, 'sent', 'Et.', 'Sint.', 'Qui eos sunt ea ea et aperiam.', '2019-09-25 06:27:03', '2019-09-24 20:27:03', '2019-09-24 20:27:03'),
(37, 'sent', 'Est.', 'Totam.', 'Odio quasi provident accusamus sit.', '2019-09-25 06:27:03', '2019-09-24 20:27:03', '2019-09-24 20:27:03'),
(38, 'sent', 'Et.', 'Eligendi.', 'Cupiditate ipsam quia eum nisi.', '2019-09-25 06:27:03', '2019-09-24 20:27:03', '2019-09-24 20:27:03'),
(39, 'sent', 'At.', 'Magni.', 'Consequatur atque magnam qui aliquam.', '2019-09-25 06:27:03', '2019-09-24 20:27:03', '2019-09-24 20:27:03'),
(40, 'sent', 'Sunt.', 'Magnam.', 'Voluptates iusto deserunt quas aliquam.', '2019-09-25 06:27:03', '2019-09-24 20:27:03', '2019-09-24 20:27:03'),
(41, 'sent', 'Ea.', 'Qui.', 'Aut nobis perspiciatis cum aut.', '2019-09-25 06:27:03', '2019-09-24 20:27:03', '2019-09-24 20:27:03'),
(42, 'sent', 'Quis.', 'Sequi.', 'Quis consequatur voluptatem et nihil.', '2019-09-25 06:27:03', '2019-09-24 20:27:03', '2019-09-24 20:27:03'),
(43, 'sent', 'Amet.', 'Autem.', 'Id impedit impedit cumque sunt rerum.', '2019-09-25 06:27:03', '2019-09-24 20:27:03', '2019-09-24 20:27:03'),
(44, 'sent', 'Vel.', 'Est.', 'Sunt nobis et vitae ullam delectus.', '2019-09-25 06:27:03', '2019-09-24 20:27:03', '2019-09-24 20:27:03'),
(45, 'sent', 'Aut.', 'Qui dolor.', 'Rerum tempore sit asperiores sit aut.', '2019-09-25 06:27:03', '2019-09-24 20:27:03', '2019-09-24 20:27:03'),
(46, 'sent', 'Modi.', 'Nihil.', 'Totam neque eum provident tempore.', '2019-09-25 06:27:03', '2019-09-24 20:27:03', '2019-09-24 20:27:03'),
(47, 'sent', 'Aut.', 'Autem quo.', 'Nihil voluptatem ut dolorem provident.', '2019-09-25 06:27:03', '2019-09-24 20:27:03', '2019-09-24 20:27:03'),
(48, 'sent', 'Amet.', 'Ducimus.', 'Tempora quis incidunt non quis.', '2019-09-25 06:27:03', '2019-09-24 20:27:03', '2019-09-24 20:27:03'),
(49, 'sent', 'Ut.', 'Eum.', 'Architecto est rem nihil labore.', '2019-09-25 06:27:03', '2019-09-24 20:27:03', '2019-09-24 20:27:03'),
(50, 'sent', 'Est.', 'Est.', 'Eligendi eius enim et autem aut sed.', '2019-09-25 06:27:03', '2019-09-24 20:27:03', '2019-09-24 20:27:03'),
(51, 'sent', 'In.', 'Rem odit.', 'Provident eaque et ut.', '2019-09-25 06:27:03', '2019-09-24 20:27:03', '2019-09-24 20:27:03'),
(52, 'sent', 'Hic.', 'Et.', 'Perferendis enim tempora dolore.', '2019-09-25 06:27:03', '2019-09-24 20:27:03', '2019-09-24 20:27:03'),
(53, 'sent', 'Eius.', 'Deleniti.', 'Sunt sit sed neque commodi.', '2019-09-25 06:27:03', '2019-09-24 20:27:03', '2019-09-24 20:27:03'),
(54, 'sent', 'Et.', 'Quia.', 'Similique optio autem mollitia.', '2019-09-25 06:27:03', '2019-09-24 20:27:03', '2019-09-24 20:27:03'),
(55, 'sent', 'Quia.', 'Aut error.', 'Facere consequatur facere ratione.', '2019-09-25 06:27:03', '2019-09-24 20:27:03', '2019-09-24 20:27:03'),
(56, 'sent', 'Et.', 'Quibusdam.', 'Soluta possimus atque dignissimos quo.', '2019-09-25 06:27:03', '2019-09-24 20:27:03', '2019-09-24 20:27:03'),
(57, 'sent', 'Nisi.', 'Repellat.', 'Quisquam sapiente omnis cumque.', '2019-09-25 06:27:03', '2019-09-24 20:27:03', '2019-09-24 20:27:03'),
(58, 'sent', 'Et.', 'Accusamus.', 'Et itaque dolores tempora.', '2019-09-25 06:27:03', '2019-09-24 20:27:03', '2019-09-24 20:27:03'),
(59, 'sent', 'Qui.', 'Omnis est.', 'Quo vitae nam voluptatem.', '2019-09-25 06:27:03', '2019-09-24 20:27:03', '2019-09-24 20:27:03'),
(60, 'sent', 'Quis.', 'Maxime.', 'Fugiat velit ipsum aut nihil.', '2019-09-25 06:27:03', '2019-09-24 20:27:03', '2019-09-24 20:27:03'),
(61, 'sent', 'Nisi.', 'Aut ex.', 'Dicta ad sed facere rerum.', '2019-09-25 06:27:03', '2019-09-24 20:27:03', '2019-09-24 20:27:03'),
(62, 'sent', 'Ut.', 'Repellat.', 'Ea officia nobis modi.', '2019-09-25 06:27:03', '2019-09-24 20:27:03', '2019-09-24 20:27:03'),
(63, 'sent', 'Illo.', 'Atque.', 'Velit qui est dolor rerum ut.', '2019-09-25 06:27:03', '2019-09-24 20:27:03', '2019-09-24 20:27:03'),
(64, 'sent', 'Sunt.', 'Voluptate.', 'Natus mollitia modi deserunt.', '2019-09-25 06:27:03', '2019-09-24 20:27:03', '2019-09-24 20:27:03'),
(65, 'sent', 'Quam.', 'Quam.', 'Aut non odit ut molestiae.', '2019-09-25 06:27:03', '2019-09-24 20:27:03', '2019-09-24 20:27:03'),
(66, 'sent', 'Qui.', 'Labore.', 'Nihil beatae eum esse facere inventore.', '2019-09-25 06:27:03', '2019-09-24 20:27:03', '2019-09-24 20:27:03'),
(67, 'sent', 'Quos.', 'Voluptate.', 'Odio voluptatem fuga inventore maxime.', '2019-09-25 06:27:03', '2019-09-24 20:27:03', '2019-09-24 20:27:03'),
(68, 'sent', 'Qui.', 'Optio qui.', 'Eum illum inventore illo.', '2019-09-25 06:27:03', '2019-09-24 20:27:03', '2019-09-24 20:27:03'),
(69, 'sent', 'Sed.', 'Illum est.', 'Omnis aliquid corporis magni qui et.', '2019-09-25 06:27:03', '2019-09-24 20:27:03', '2019-09-24 20:27:03'),
(70, 'sent', 'Eos.', 'Est.', 'Beatae vel illo non dolores.', '2019-09-25 06:27:03', '2019-09-24 20:27:03', '2019-09-24 20:27:03'),
(71, 'sent', 'Ut.', 'Quia.', 'Nihil omnis amet id et.', '2019-09-25 06:27:03', '2019-09-24 20:27:03', '2019-09-24 20:27:03'),
(72, 'sent', 'Et.', 'Quas et.', 'Velit ea ullam totam saepe aliquid.', '2019-09-25 06:27:03', '2019-09-24 20:27:03', '2019-09-24 20:27:03'),
(73, 'sent', 'Aut.', 'Aut.', 'Omnis libero non eligendi aliquid.', '2019-09-25 06:27:03', '2019-09-24 20:27:03', '2019-09-24 20:27:03'),
(74, 'sent', 'Quo.', 'Itaque.', 'Enim aut error id eaque.', '2019-09-25 06:27:03', '2019-09-24 20:27:03', '2019-09-24 20:27:03'),
(75, 'sent', 'Quo.', 'Aut.', 'Debitis repellendus rerum quae non ea.', '2019-09-25 06:27:03', '2019-09-24 20:27:03', '2019-09-24 20:27:03'),
(76, 'sent', 'Quos.', 'Aperiam.', 'Suscipit et aut eius non ex suscipit.', '2019-09-25 06:27:03', '2019-09-24 20:27:03', '2019-09-24 20:27:03'),
(77, 'sent', 'Eum.', 'Optio hic.', 'Cupiditate cumque consectetur a.', '2019-09-25 06:27:03', '2019-09-24 20:27:03', '2019-09-24 20:27:03'),
(78, 'sent', 'Qui.', 'Magnam.', 'Omnis explicabo in nemo aut cupiditate.', '2019-09-25 06:27:03', '2019-09-24 20:27:03', '2019-09-24 20:27:03'),
(79, 'sent', 'Et.', 'Dolor.', 'Laudantium facilis quia voluptatem.', '2019-09-25 06:27:03', '2019-09-24 20:27:03', '2019-09-24 20:27:03'),
(80, 'sent', 'Eos.', 'Tempore.', 'Ut non ipsum velit omnis aut rerum non.', '2019-09-25 06:27:03', '2019-09-24 20:27:03', '2019-09-24 20:27:03'),
(81, 'sent', 'Qui.', 'Enim.', 'Inventore ipsam voluptates molestiae.', '2019-09-25 06:27:03', '2019-09-24 20:27:03', '2019-09-24 20:27:03'),
(82, 'sent', 'Modi.', 'Enim.', 'Provident blanditiis delectus dolores.', '2019-09-25 06:27:03', '2019-09-24 20:27:03', '2019-09-24 20:27:03'),
(83, 'sent', 'Enim.', 'Aut.', 'Quas et quod voluptates a suscipit.', '2019-09-25 06:27:03', '2019-09-24 20:27:03', '2019-09-24 20:27:03'),
(84, 'sent', 'Et.', 'Illum.', 'Qui sapiente sed rerum qui.', '2019-09-25 06:27:03', '2019-09-24 20:27:03', '2019-09-24 20:27:03'),
(85, 'sent', 'Nemo.', 'Et.', 'Tenetur autem aut ipsa ipsa.', '2019-09-25 06:27:03', '2019-09-24 20:27:03', '2019-09-24 20:27:03'),
(86, 'sent', 'Ut.', 'Et eaque.', 'Est rerum aut aut iusto unde.', '2019-09-25 06:27:03', '2019-09-24 20:27:03', '2019-09-24 20:27:03'),
(87, 'sent', 'Quis.', 'Quia est.', 'Est unde nemo sit aut a quod.', '2019-09-25 06:27:03', '2019-09-24 20:27:03', '2019-09-24 20:27:03'),
(88, 'sent', 'In.', 'Est quia.', 'Unde aliquid autem expedita ea minima.', '2019-09-25 06:27:03', '2019-09-24 20:27:03', '2019-09-24 20:27:03'),
(89, 'sent', 'Sed.', 'Odit.', 'Tenetur ut cum est sunt.', '2019-09-25 06:27:03', '2019-09-24 20:27:03', '2019-09-24 20:27:03'),
(90, 'sent', 'Quam.', 'Id.', 'Assumenda quis autem deleniti.', '2019-09-25 06:27:03', '2019-09-24 20:27:03', '2019-09-24 20:27:03'),
(91, 'sent', 'Qui.', 'Debitis.', 'Qui ut recusandae voluptas dolor quod.', '2019-09-25 06:27:03', '2019-09-24 20:27:03', '2019-09-24 20:27:03'),
(92, 'sent', 'Enim.', 'Id.', 'At sit itaque qui ad non.', '2019-09-25 06:27:03', '2019-09-24 20:27:03', '2019-09-24 20:27:03'),
(93, 'sent', 'Nisi.', 'Magni.', 'Eligendi iusto ipsa veniam omnis.', '2019-09-25 06:27:03', '2019-09-24 20:27:03', '2019-09-24 20:27:03'),
(94, 'sent', 'Et.', 'Vel iste.', 'Neque totam omnis corporis occaecati.', '2019-09-25 06:27:03', '2019-09-24 20:27:03', '2019-09-24 20:27:03'),
(95, 'sent', 'Quis.', 'Debitis.', 'Sunt nemo consectetur et ea nihil.', '2019-09-25 06:27:03', '2019-09-24 20:27:03', '2019-09-24 20:27:03'),
(96, 'sent', 'Quia.', 'Nulla.', 'Minus quis dolor nostrum dolores.', '2019-09-25 06:27:03', '2019-09-24 20:27:03', '2019-09-24 20:27:03'),
(97, 'sent', 'Aut.', 'Similique.', 'Sit quod consequatur quas qui optio.', '2019-09-25 06:27:03', '2019-09-24 20:27:03', '2019-09-24 20:27:03'),
(98, 'sent', 'Eos.', 'Et animi.', 'Aut nobis qui exercitationem quia ut.', '2019-09-25 06:27:03', '2019-09-24 20:27:03', '2019-09-24 20:27:03'),
(99, 'sent', 'Est.', 'Aliquam.', 'Aut aut fugit culpa quasi ipsam.', '2019-09-25 06:27:03', '2019-09-24 20:27:03', '2019-09-24 20:27:03'),
(100, 'sent', 'Esse.', 'Est error.', 'Assumenda sint tempore aperiam.', '2019-09-25 06:27:03', '2019-09-24 20:27:03', '2019-09-24 20:27:03'),
(101, 'sent', 'Et.', 'Libero.', 'Et et aut et accusamus.', '2019-09-25 06:27:03', '2019-09-24 20:27:03', '2019-09-24 20:27:03'),
(102, 'sent', 'Odio.', 'Sed.', 'Et iusto expedita aut quos.', '2019-09-25 06:27:03', '2019-09-24 20:27:03', '2019-09-24 20:27:03'),
(103, 'sent', 'Eos.', 'Rerum.', 'Alias et aut ratione sit et a a.', '2019-09-25 06:27:03', '2019-09-24 20:27:03', '2019-09-24 20:27:03'),
(104, 'sent', 'Nam.', 'Error.', 'Commodi praesentium est in dolores.', '2019-09-25 06:27:03', '2019-09-24 20:27:03', '2019-09-24 20:27:03'),
(105, 'sent', 'Ipsa.', 'Omnis.', 'Eum ullam consequuntur repudiandae eum.', '2019-09-25 06:27:03', '2019-09-24 20:27:03', '2019-09-24 20:27:03'),
(106, 'sent', 'Et.', 'Itaque.', 'Eos autem et dolores facere.', '2019-09-25 06:27:03', '2019-09-24 20:27:03', '2019-09-24 20:27:03'),
(107, 'sent', 'Vel.', 'Quod.', 'Dolore qui reiciendis ut rerum.', '2019-09-25 06:27:03', '2019-09-24 20:27:03', '2019-09-24 20:27:03'),
(108, 'sent', 'Eum.', 'Ea qui.', 'Sit cumque ipsam minus.', '2019-09-25 06:27:03', '2019-09-24 20:27:03', '2019-09-24 20:27:03'),
(109, 'sent', 'Est.', 'Autem.', 'Et inventore molestiae iste.', '2019-09-25 06:27:03', '2019-09-24 20:27:03', '2019-09-24 20:27:03'),
(110, 'sent', 'Qui.', 'Iure.', 'Magnam cumque quas voluptatem.', '2019-09-25 06:27:03', '2019-09-24 20:27:03', '2019-09-24 20:27:03'),
(111, 'sent', 'Eum.', 'Quis.', 'Et aliquid ut voluptatem quae est.', '2019-09-25 06:27:03', '2019-09-24 20:27:03', '2019-09-24 20:27:03'),
(112, 'sent', 'Modi.', 'Placeat.', 'Aut aut quia nulla aut ut.', '2019-09-25 06:27:03', '2019-09-24 20:27:03', '2019-09-24 20:27:03'),
(113, 'sent', 'Eum.', 'Quaerat.', 'Quam sed corrupti ut sit.', '2019-09-25 06:27:03', '2019-09-24 20:27:03', '2019-09-24 20:27:03'),
(114, 'sent', 'Odio.', 'Quia.', 'Vero facere nam et.', '2019-09-25 06:27:03', '2019-09-24 20:27:03', '2019-09-24 20:27:03'),
(115, 'sent', 'Et.', 'Officiis.', 'Aliquam velit distinctio et et.', '2019-09-25 06:27:03', '2019-09-24 20:27:03', '2019-09-24 20:27:03'),
(116, 'sent', 'Ut.', 'Aut aut.', 'Et quo est omnis deleniti eos.', '2019-09-25 06:27:03', '2019-09-24 20:27:03', '2019-09-24 20:27:03'),
(117, 'sent', 'Enim.', 'Quia vel.', 'Ut saepe numquam aperiam et non.', '2019-09-25 06:27:03', '2019-09-24 20:27:03', '2019-09-24 20:27:03'),
(118, 'sent', 'Et.', 'Aut.', 'Aut voluptas et maxime.', '2019-09-25 06:27:03', '2019-09-24 20:27:03', '2019-09-24 20:27:03'),
(119, 'sent', 'Sed.', 'Sapiente.', 'Iste ducimus ipsum ut non non.', '2019-09-25 06:27:03', '2019-09-24 20:27:03', '2019-09-24 20:27:03'),
(120, 'sent', 'Cum.', 'Iure quis.', 'Quaerat dolorem ipsam cum.', '2019-09-25 06:27:03', '2019-09-24 20:27:03', '2019-09-24 20:27:03'),
(121, 'sent', 'Quis.', 'Vero.', 'Nihil aut enim sit excepturi.', '2019-09-25 06:27:03', '2019-09-24 20:27:03', '2019-09-24 20:27:03'),
(122, 'sent', 'Eius.', 'Deserunt.', 'Minima et enim a sed quis quae laborum.', '2019-09-25 06:27:03', '2019-09-24 20:27:03', '2019-09-24 20:27:03'),
(123, 'sent', 'Iure.', 'Dolores.', 'Ut quia et enim libero.', '2019-09-25 06:27:03', '2019-09-24 20:27:03', '2019-09-24 20:27:03'),
(124, 'sent', 'Et.', 'Nam.', 'Qui est vel ea.', '2019-09-25 06:27:03', '2019-09-24 20:27:03', '2019-09-24 20:27:03'),
(125, 'sent', 'Fuga.', 'Tempore.', 'Nemo consequatur architecto aut ab cum.', '2019-09-25 06:27:03', '2019-09-24 20:27:03', '2019-09-24 20:27:03'),
(126, 'sent', 'Odio.', 'Debitis.', 'Omnis suscipit adipisci officiis unde.', '2019-09-25 06:27:03', '2019-09-24 20:27:03', '2019-09-24 20:27:03'),
(127, 'sent', 'Et.', 'Atque aut.', 'Vel accusantium magni autem est aut.', '2019-09-25 06:27:03', '2019-09-24 20:27:03', '2019-09-24 20:27:03'),
(128, 'sent', 'Sed.', 'Modi.', 'Illum beatae et assumenda sequi eos.', '2019-09-25 06:27:03', '2019-09-24 20:27:03', '2019-09-24 20:27:03'),
(129, 'sent', 'Et.', 'Veritatis.', 'Totam aspernatur voluptate et sed.', '2019-09-25 06:27:03', '2019-09-24 20:27:03', '2019-09-24 20:27:03'),
(130, 'sent', 'Aut.', 'Quia.', 'Soluta rem debitis et rerum aut.', '2019-09-25 06:27:03', '2019-09-24 20:27:03', '2019-09-24 20:27:03'),
(131, 'sent', 'Ab.', 'Non rem.', 'Quaerat omnis temporibus quam.', '2019-09-25 06:27:03', '2019-09-24 20:27:03', '2019-09-24 20:27:03'),
(132, 'sent', 'Illo.', 'Sequi sit.', 'Ipsa quam quia rerum sed ut ducimus et.', '2019-09-25 06:27:03', '2019-09-24 20:27:03', '2019-09-24 20:27:03'),
(133, 'sent', 'Non.', 'Ea harum.', 'Aut a nostrum harum ea.', '2019-09-25 06:27:03', '2019-09-24 20:27:03', '2019-09-24 20:27:03'),
(134, 'sent', 'Quod.', 'Fugit.', 'Commodi corporis quia ab id est.', '2019-09-25 06:27:03', '2019-09-24 20:27:03', '2019-09-24 20:27:03'),
(135, 'sent', 'Et.', 'Sint.', 'Velit recusandae animi quibusdam sunt.', '2019-09-25 06:27:03', '2019-09-24 20:27:03', '2019-09-24 20:27:03'),
(136, 'sent', 'Et.', 'Odio esse.', 'Quia minima voluptatem labore eaque.', '2019-09-25 06:27:03', '2019-09-24 20:27:03', '2019-09-24 20:27:03'),
(137, 'sent', 'Et.', 'Dolorem.', 'Provident et numquam ipsum sit.', '2019-09-25 06:27:03', '2019-09-24 20:27:03', '2019-09-24 20:27:03'),
(138, 'sent', 'Quos.', 'Animi non.', 'Hic porro ipsa et.', '2019-09-25 06:27:03', '2019-09-24 20:27:03', '2019-09-24 20:27:03'),
(139, 'sent', 'Est.', 'Dolores.', 'Id cupiditate illum quaerat aut eum.', '2019-09-25 06:27:03', '2019-09-24 20:27:03', '2019-09-24 20:27:03'),
(140, 'sent', 'Aut.', 'Maiores.', 'Aut quo velit et odio quis.', '2019-09-25 06:27:03', '2019-09-24 20:27:03', '2019-09-24 20:27:03'),
(141, 'sent', 'Eum.', 'Illo eius.', 'Corporis ad iste voluptate.', '2019-09-25 06:27:03', '2019-09-24 20:27:03', '2019-09-24 20:27:03'),
(142, 'sent', 'Cum.', 'Similique.', 'Eaque aut ab maxime nesciunt iure.', '2019-09-25 06:27:03', '2019-09-24 20:27:03', '2019-09-24 20:27:03'),
(143, 'sent', 'Et.', 'Aliquam.', 'Esse eum nemo repellendus officiis id.', '2019-09-25 06:27:03', '2019-09-24 20:27:03', '2019-09-24 20:27:03'),
(144, 'sent', 'In.', 'Fugiat.', 'Omnis voluptate ad recusandae totam.', '2019-09-25 06:27:03', '2019-09-24 20:27:03', '2019-09-24 20:27:03'),
(145, 'sent', 'Sit.', 'Iste et.', 'Labore dolorem iure earum rerum.', '2019-09-25 06:27:03', '2019-09-24 20:27:03', '2019-09-24 20:27:03'),
(146, 'sent', 'Non.', 'Labore.', 'Vitae et molestiae dignissimos quo.', '2019-09-25 06:27:03', '2019-09-24 20:27:03', '2019-09-24 20:27:03'),
(147, 'sent', 'Ex.', 'Sed est.', 'Eos explicabo dolorum qui autem non.', '2019-09-25 06:27:03', '2019-09-24 20:27:03', '2019-09-24 20:27:03'),
(148, 'sent', 'Sed.', 'Adipisci.', 'Quibusdam ut aut laudantium.', '2019-09-25 06:27:03', '2019-09-24 20:27:03', '2019-09-24 20:27:03'),
(149, 'sent', 'Eos.', 'Dolorum.', 'Est recusandae iure quo quam voluptas.', '2019-09-25 06:27:03', '2019-09-24 20:27:03', '2019-09-24 20:27:03'),
(150, 'sent', 'Et.', 'Hic minus.', 'Non maiores praesentium aut.', '2019-09-25 06:27:03', '2019-09-24 20:27:03', '2019-09-24 20:27:03'),
(151, 'sent', 'Quo.', 'Nostrum.', 'Praesentium fugit dignissimos vel.', '2019-09-25 06:27:03', '2019-09-24 20:27:03', '2019-09-24 20:27:03'),
(152, 'sent', 'Et.', 'Dolore at.', 'Aut sit velit in eaque.', '2019-09-25 06:27:03', '2019-09-24 20:27:03', '2019-09-24 20:27:03'),
(153, 'sent', 'Eum.', 'Aut.', 'Modi accusantium rerum quasi velit.', '2019-09-25 06:27:03', '2019-09-24 20:27:03', '2019-09-24 20:27:03'),
(154, 'sent', 'Ut.', 'Magnam.', 'Ipsam quia alias aut et.', '2019-09-25 06:27:03', '2019-09-24 20:27:03', '2019-09-24 20:27:03'),
(155, 'sent', 'Ut.', 'Tempore.', 'Sunt impedit eos dicta dolore ipsum.', '2019-09-25 06:27:03', '2019-09-24 20:27:03', '2019-09-24 20:27:03'),
(156, 'sent', 'Nemo.', 'Dolorem.', 'Doloremque voluptatem cum voluptates.', '2019-09-25 06:27:03', '2019-09-24 20:27:03', '2019-09-24 20:27:03'),
(157, 'sent', 'Qui.', 'Quibusdam.', 'Perspiciatis libero eaque at.', '2019-09-25 06:27:03', '2019-09-24 20:27:03', '2019-09-24 20:27:03'),
(158, 'sent', 'Eos.', 'Sed eius.', 'Molestiae qui et et eos.', '2019-09-25 06:27:03', '2019-09-24 20:27:03', '2019-09-24 20:27:03'),
(159, 'sent', 'Nisi.', 'Cumque.', 'Autem tenetur quo qui corporis.', '2019-09-25 06:27:03', '2019-09-24 20:27:03', '2019-09-24 20:27:03'),
(160, 'sent', 'Quis.', 'Nam.', 'Ea maxime sunt dolorem ut.', '2019-09-25 06:27:03', '2019-09-24 20:27:03', '2019-09-24 20:27:03'),
(161, 'sent', 'Eius.', 'Dolores.', 'Dolor cumque adipisci ipsum facere.', '2019-09-25 06:27:03', '2019-09-24 20:27:03', '2019-09-24 20:27:03'),
(162, 'sent', 'Quia.', 'Quis.', 'Cum veritatis fugit vitae non.', '2019-09-25 06:27:03', '2019-09-24 20:27:03', '2019-09-24 20:27:03'),
(163, 'sent', 'Qui.', 'Culpa et.', 'Quibusdam at beatae et dolores.', '2019-09-25 06:27:03', '2019-09-24 20:27:03', '2019-09-24 20:27:03'),
(164, 'sent', 'Et.', 'Veritatis.', 'Dolorem adipisci quam rerum aliquid.', '2019-09-25 06:27:03', '2019-09-24 20:27:03', '2019-09-24 20:27:03'),
(165, 'sent', 'Ab.', 'Omnis.', 'Et harum quam aliquid error.', '2019-09-25 06:27:03', '2019-09-24 20:27:03', '2019-09-24 20:27:03'),
(166, 'sent', 'In.', 'Atque.', 'Eveniet ea in exercitationem.', '2019-09-25 06:27:03', '2019-09-24 20:27:03', '2019-09-24 20:27:03'),
(167, 'sent', 'Ea.', 'Fugiat.', 'Nihil ut nulla voluptatem maxime ipsa.', '2019-09-25 06:27:03', '2019-09-24 20:27:03', '2019-09-24 20:27:03'),
(168, 'sent', 'Rem.', 'Officiis.', 'Magnam autem aut ullam est.', '2019-09-25 06:27:03', '2019-09-24 20:27:03', '2019-09-24 20:27:03'),
(169, 'sent', 'Quia.', 'Et non ut.', 'Deserunt ut quisquam eius aut.', '2019-09-25 06:27:03', '2019-09-24 20:27:03', '2019-09-24 20:27:03'),
(170, 'sent', 'Sed.', 'Molestias.', 'Ut velit ipsam odio ipsam ex qui fuga.', '2019-09-25 06:27:03', '2019-09-24 20:27:03', '2019-09-24 20:27:03'),
(171, 'sent', 'Et.', 'Ea.', 'Qui qui quia et laborum dolor ut.', '2019-09-25 06:27:03', '2019-09-24 20:27:03', '2019-09-24 20:27:03'),
(172, 'sent', 'Quos.', 'Molestiae.', 'Fugit aut cumque alias aut.', '2019-09-25 06:27:03', '2019-09-24 20:27:03', '2019-09-24 20:27:03'),
(173, 'sent', 'Sint.', 'In qui.', 'Est minus quisquam explicabo aut.', '2019-09-25 06:27:03', '2019-09-24 20:27:03', '2019-09-24 20:27:03'),
(174, 'sent', 'Eius.', 'Error.', 'Ipsa sequi ipsum iste.', '2019-09-25 06:27:03', '2019-09-24 20:27:03', '2019-09-24 20:27:03'),
(175, 'sent', 'Quia.', 'Sed.', 'Ut aut corporis quo aspernatur harum.', '2019-09-25 06:27:03', '2019-09-24 20:27:03', '2019-09-24 20:27:03'),
(176, 'sent', 'Eius.', 'Et quos.', 'Earum ut ab voluptate nihil.', '2019-09-25 06:27:03', '2019-09-24 20:27:03', '2019-09-24 20:27:03'),
(177, 'sent', 'Et.', 'Similique.', 'Laborum et distinctio rerum eius sunt.', '2019-09-25 06:27:03', '2019-09-24 20:27:03', '2019-09-24 20:27:03'),
(178, 'sent', 'Amet.', 'Et sit.', 'Quas est itaque ducimus quia enim.', '2019-09-25 06:27:03', '2019-09-24 20:27:03', '2019-09-24 20:27:03'),
(179, 'sent', 'Quam.', 'Quis.', 'Incidunt et quae voluptatem sint ut.', '2019-09-25 06:27:03', '2019-09-24 20:27:03', '2019-09-24 20:27:03'),
(180, 'sent', 'Esse.', 'Odio.', 'Perspiciatis qui aut dolorum tempora.', '2019-09-25 06:27:03', '2019-09-24 20:27:03', '2019-09-24 20:27:03'),
(181, 'sent', 'Iure.', 'Id.', 'Minus aut ducimus sit labore ut.', '2019-09-25 06:27:03', '2019-09-24 20:27:03', '2019-09-24 20:27:03'),
(182, 'sent', 'Ut.', 'Sed.', 'Sit iste dolorum sit.', '2019-09-25 06:27:03', '2019-09-24 20:27:03', '2019-09-24 20:27:03'),
(183, 'sent', 'Ut.', 'Debitis.', 'Rerum ut ab molestiae.', '2019-09-25 06:27:03', '2019-09-24 20:27:03', '2019-09-24 20:27:03'),
(184, 'sent', 'Et.', 'Et nihil.', 'Aut veniam suscipit corrupti ipsa quia.', '2019-09-25 06:27:03', '2019-09-24 20:27:03', '2019-09-24 20:27:03'),
(185, 'sent', 'Quia.', 'Sed earum.', 'Quia corrupti omnis et et.', '2019-09-25 06:27:03', '2019-09-24 20:27:03', '2019-09-24 20:27:03'),
(186, 'sent', 'Nisi.', 'Nesciunt.', 'Ratione nisi cumque consequatur.', '2019-09-25 06:27:03', '2019-09-24 20:27:03', '2019-09-24 20:27:03'),
(187, 'sent', 'Enim.', 'Assumenda.', 'Omnis pariatur sit a explicabo sint.', '2019-09-25 06:27:03', '2019-09-24 20:27:03', '2019-09-24 20:27:03'),
(188, 'sent', 'Non.', 'Ea.', 'Voluptatibus esse omnis alias iste.', '2019-09-25 06:27:03', '2019-09-24 20:27:03', '2019-09-24 20:27:03'),
(189, 'sent', 'Et.', 'Nobis.', 'Consequatur nisi ratione nam ut.', '2019-09-25 06:27:03', '2019-09-24 20:27:03', '2019-09-24 20:27:03'),
(190, 'sent', 'In.', 'Ut.', 'Quia ex vitae non possimus.', '2019-09-25 06:27:03', '2019-09-24 20:27:03', '2019-09-24 20:27:03'),
(191, 'sent', 'Et.', 'Corporis.', 'Tempore quia ut aut amet voluptas.', '2019-09-25 06:27:03', '2019-09-24 20:27:03', '2019-09-24 20:27:03'),
(192, 'sent', 'Ut.', 'Quasi.', 'Quo aliquid quaerat qui.', '2019-09-25 06:27:03', '2019-09-24 20:27:03', '2019-09-24 20:27:03'),
(193, 'sent', 'Ut.', 'Ut eum.', 'Aut quia repellat est esse.', '2019-09-25 06:27:03', '2019-09-24 20:27:03', '2019-09-24 20:27:03'),
(194, 'sent', 'Enim.', 'Quia sint.', 'Sunt incidunt et voluptas quidem.', '2019-09-25 06:27:03', '2019-09-24 20:27:03', '2019-09-24 20:27:03'),
(195, 'sent', 'Sed.', 'Nihil.', 'Amet nihil amet eveniet non.', '2019-09-25 06:27:03', '2019-09-24 20:27:03', '2019-09-24 20:27:03'),
(196, 'sent', 'Eius.', 'Impedit.', 'Rem autem eius quas a aperiam dolores.', '2019-09-25 06:27:03', '2019-09-24 20:27:03', '2019-09-24 20:27:03'),
(197, 'sent', 'Et.', 'Iusto.', 'Quaerat cum nihil architecto nam.', '2019-09-25 06:27:03', '2019-09-24 20:27:03', '2019-09-24 20:27:03'),
(198, 'sent', 'Odit.', 'Et.', 'Expedita nemo natus accusantium.', '2019-09-25 06:27:03', '2019-09-24 20:27:03', '2019-09-24 20:27:03'),
(199, 'sent', 'Quis.', 'Aut sequi.', 'Ipsam reiciendis consequatur est in.', '2019-09-25 06:27:03', '2019-09-24 20:27:03', '2019-09-24 20:27:03'),
(200, 'sent', 'Est.', 'Ad nam.', 'Iste porro officia voluptatem enim.', '2019-09-25 06:27:03', '2019-09-24 20:27:03', '2019-09-24 20:27:03'),
(201, 'sent', 'Qui.', 'Delectus.', 'At cum vitae veniam deleniti.', '2019-09-25 06:27:03', '2019-09-24 20:27:03', '2019-09-24 20:27:03'),
(202, 'sent', 'Enim.', 'Voluptate.', 'Beatae ut ad distinctio.', '2019-09-25 06:27:03', '2019-09-24 20:27:03', '2019-09-24 20:27:03'),
(203, 'sent', 'Ea.', 'Sit quas.', 'Rem fugiat totam laborum.', '2019-09-25 06:27:03', '2019-09-24 20:27:03', '2019-09-24 20:27:03'),
(204, 'sent', 'Et.', 'Fugit.', 'Dicta qui consequatur cumque.', '2019-09-25 06:27:03', '2019-09-24 20:27:03', '2019-09-24 20:27:03'),
(205, 'sent', 'Ex.', 'Rerum eos.', 'Minima ab facilis eum rem.', '2019-09-25 06:27:03', '2019-09-24 20:27:03', '2019-09-24 20:27:03'),
(206, 'sent', 'Eum.', 'Et iusto.', 'Sit totam et sequi dignissimos maxime.', '2019-09-25 06:27:03', '2019-09-24 20:27:03', '2019-09-24 20:27:03'),
(207, 'sent', 'Et.', 'Delectus.', 'Commodi rerum quam dolor eos.', '2019-09-25 06:27:03', '2019-09-24 20:27:03', '2019-09-24 20:27:03'),
(208, 'sent', 'Ut.', 'Voluptas.', 'Quasi odit quia repudiandae asperiores.', '2019-09-25 06:27:03', '2019-09-24 20:27:03', '2019-09-24 20:27:03'),
(209, 'sent', 'Qui.', 'Ut dolor.', 'Fugiat accusamus aliquid quas soluta.', '2019-09-25 06:27:03', '2019-09-24 20:27:03', '2019-09-24 20:27:03'),
(210, 'sent', 'Aut.', 'Aperiam.', 'Qui voluptatem molestiae est in.', '2019-09-25 06:27:03', '2019-09-24 20:27:03', '2019-09-24 20:27:03'),
(211, 'sent', 'Quo.', 'Quas sit.', 'Et veniam reprehenderit ad vero.', '2019-09-25 06:27:03', '2019-09-24 20:27:03', '2019-09-24 20:27:03'),
(212, 'sent', 'Eos.', 'Pariatur.', 'Provident sunt sequi inventore.', '2019-09-25 06:27:03', '2019-09-24 20:27:03', '2019-09-24 20:27:03'),
(213, 'sent', 'Cum.', 'Qui ea.', 'Ea unde aut quo.', '2019-09-25 06:27:03', '2019-09-24 20:27:03', '2019-09-24 20:27:03'),
(214, 'sent', 'Et.', 'Ea earum.', 'Facilis dolor perspiciatis qui itaque.', '2019-09-25 06:27:03', '2019-09-24 20:27:03', '2019-09-24 20:27:03'),
(215, 'sent', 'Quia.', 'Enim id.', 'Suscipit ipsa maiores eos nihil.', '2019-09-25 06:27:03', '2019-09-24 20:27:03', '2019-09-24 20:27:03'),
(216, 'sent', 'Sed.', 'Minima ea.', 'Et voluptas aut doloremque itaque quam.', '2019-09-25 06:27:03', '2019-09-24 20:27:03', '2019-09-24 20:27:03'),
(217, 'sent', 'Vel.', 'Vel quo.', 'Iure iste aperiam et assumenda.', '2019-09-25 06:27:03', '2019-09-24 20:27:03', '2019-09-24 20:27:03'),
(218, 'sent', 'Et.', 'Doloribus.', 'Quisquam sit unde voluptatum mollitia.', '2019-09-25 06:27:03', '2019-09-24 20:27:03', '2019-09-24 20:27:03'),
(219, 'sent', 'At.', 'Rerum.', 'Molestiae qui quia sint sint nam.', '2019-09-25 06:27:03', '2019-09-24 20:27:03', '2019-09-24 20:27:03'),
(220, 'sent', 'Non.', 'Et.', 'Iure quod qui qui sequi ea ullam.', '2019-09-25 06:27:03', '2019-09-24 20:27:03', '2019-09-24 20:27:03'),
(221, 'sent', 'Ex.', 'Alias.', 'Qui nostrum dicta at maiores et.', '2019-09-25 06:27:03', '2019-09-24 20:27:03', '2019-09-24 20:27:03'),
(222, 'sent', 'Esse.', 'Rerum est.', 'In quia sunt aliquam porro.', '2019-09-25 06:27:03', '2019-09-24 20:27:03', '2019-09-24 20:27:03'),
(223, 'sent', 'Aut.', 'Quo quas.', 'Qui accusantium cupiditate enim.', '2019-09-25 06:27:03', '2019-09-24 20:27:03', '2019-09-24 20:27:03'),
(224, 'sent', 'Et.', 'Ea ipsa.', 'Quos nostrum velit aut id.', '2019-09-25 06:27:03', '2019-09-24 20:27:03', '2019-09-24 20:27:03'),
(225, 'sent', 'Non.', 'Eum ut.', 'Illum veniam eaque et et odit.', '2019-09-25 06:27:03', '2019-09-24 20:27:03', '2019-09-24 20:27:03'),
(226, 'sent', 'Nemo.', 'Ut.', 'Nesciunt ut quia dolores.', '2019-09-25 06:27:03', '2019-09-24 20:27:03', '2019-09-24 20:27:03'),
(227, 'sent', 'Est.', 'Natus.', 'Et iste iure ex quis cumque qui.', '2019-09-25 06:27:03', '2019-09-24 20:27:03', '2019-09-24 20:27:03'),
(228, 'sent', 'Enim.', 'Iste.', 'Atque voluptas animi unde repellat ut.', '2019-09-25 06:27:03', '2019-09-24 20:27:03', '2019-09-24 20:27:03'),
(229, 'sent', 'Id.', 'Adipisci.', 'Veniam omnis saepe modi.', '2019-09-25 06:27:03', '2019-09-24 20:27:03', '2019-09-24 20:27:03'),
(230, 'sent', 'Eum.', 'Hic.', 'Expedita nulla porro est.', '2019-09-25 06:27:03', '2019-09-24 20:27:03', '2019-09-24 20:27:03'),
(231, 'sent', 'Cum.', 'Sit non.', 'Harum nihil sit sed consequatur.', '2019-09-25 06:27:03', '2019-09-24 20:27:03', '2019-09-24 20:27:03'),
(232, 'sent', 'Et.', 'Omnis.', 'Repellendus et culpa sit est ratione.', '2019-09-25 06:27:03', '2019-09-24 20:27:03', '2019-09-24 20:27:03'),
(233, 'sent', 'Quis.', 'Veniam.', 'Harum porro consequatur est ut.', '2019-09-25 06:27:03', '2019-09-24 20:27:03', '2019-09-24 20:27:03'),
(234, 'sent', 'Sed.', 'Vero.', 'Ea et sed dolores deleniti praesentium.', '2019-09-25 06:27:03', '2019-09-24 20:27:03', '2019-09-24 20:27:03'),
(235, 'sent', 'Sint.', 'Autem.', 'Ut sint molestiae voluptates.', '2019-09-25 06:27:03', '2019-09-24 20:27:03', '2019-09-24 20:27:03'),
(236, 'sent', 'Ut.', 'Eos ut.', 'Distinctio aliquid qui porro quis.', '2019-09-25 06:27:03', '2019-09-24 20:27:03', '2019-09-24 20:27:03'),
(237, 'sent', 'Vel.', 'Qui.', 'Aut voluptatem unde vitae corrupti.', '2019-09-25 06:27:03', '2019-09-24 20:27:03', '2019-09-24 20:27:03'),
(238, 'sent', 'Et.', 'Aut aut.', 'Sequi omnis cum beatae eos.', '2019-09-25 06:27:03', '2019-09-24 20:27:03', '2019-09-24 20:27:03'),
(239, 'sent', 'Nam.', 'Ea.', 'Sapiente maiores animi sunt est.', '2019-09-25 06:27:03', '2019-09-24 20:27:03', '2019-09-24 20:27:03'),
(240, 'sent', 'Qui.', 'Et.', 'Nulla facere magni autem minima.', '2019-09-25 06:27:03', '2019-09-24 20:27:03', '2019-09-24 20:27:03'),
(241, 'sent', 'Aut.', 'Labore.', 'Beatae voluptas autem enim.', '2019-09-25 06:27:03', '2019-09-24 20:27:03', '2019-09-24 20:27:03'),
(242, 'sent', 'Amet.', 'Adipisci.', 'Ex non esse hic consectetur dolorum.', '2019-09-25 06:27:03', '2019-09-24 20:27:03', '2019-09-24 20:27:03'),
(243, 'sent', 'Quod.', 'Vel.', 'Libero voluptas sit facilis.', '2019-09-25 06:27:03', '2019-09-24 20:27:03', '2019-09-24 20:27:03'),
(244, 'sent', 'Eum.', 'Nostrum a.', 'Sunt autem et qui quis impedit.', '2019-09-25 06:27:03', '2019-09-24 20:27:03', '2019-09-24 20:27:03'),
(245, 'sent', 'Quia.', 'Et.', 'Occaecati similique fuga et eaque.', '2019-09-25 06:27:03', '2019-09-24 20:27:03', '2019-09-24 20:27:03'),
(246, 'sent', 'Et.', 'Natus qui.', 'Eum et voluptates illo quia.', '2019-09-25 06:27:03', '2019-09-24 20:27:03', '2019-09-24 20:27:03'),
(247, 'sent', 'Sed.', 'Magnam.', 'Sunt ullam cupiditate earum et.', '2019-09-25 06:27:03', '2019-09-24 20:27:03', '2019-09-24 20:27:03'),
(248, 'sent', 'Rem.', 'Voluptas.', 'Commodi optio et qui adipisci enim quo.', '2019-09-25 06:27:03', '2019-09-24 20:27:03', '2019-09-24 20:27:03'),
(249, 'sent', 'Et.', 'Molestiae.', 'Nihil et vel et sit.', '2019-09-25 06:27:03', '2019-09-24 20:27:03', '2019-09-24 20:27:03'),
(250, 'sent', 'Qui.', 'Quia.', 'Similique dolor nulla iusto quia quasi.', '2019-09-25 06:27:03', '2019-09-24 20:27:03', '2019-09-24 20:27:03'),
(251, 'sent', 'Iste.', 'Vel.', 'Dolorum ut qui laborum rerum.', '2019-09-25 06:27:03', '2019-09-24 20:27:03', '2019-09-24 20:27:03'),
(252, 'sent', 'Cum.', 'Corrupti.', 'Iure asperiores velit ut ullam facilis.', '2019-09-25 06:27:03', '2019-09-24 20:27:03', '2019-09-24 20:27:03'),
(253, 'sent', 'Vel.', 'Eos.', 'Accusantium ex iusto vero qui.', '2019-09-25 06:27:03', '2019-09-24 20:27:03', '2019-09-24 20:27:03'),
(254, 'sent', 'Ipsa.', 'Quasi.', 'Quo porro quam rem odio aut.', '2019-09-25 06:27:03', '2019-09-24 20:27:03', '2019-09-24 20:27:03'),
(255, 'sent', 'Sint.', 'Eligendi.', 'Sed aperiam ut ex autem aut sint quod.', '2019-09-25 06:27:03', '2019-09-24 20:27:03', '2019-09-24 20:27:03'),
(256, 'sent', 'Cum.', 'Dicta.', 'Omnis non tenetur vitae quo ut quo.', '2019-09-25 06:27:03', '2019-09-24 20:27:03', '2019-09-24 20:27:03'),
(257, 'sent', 'Quis.', 'Aperiam.', 'Eius facilis voluptate fuga ex.', '2019-09-25 06:27:03', '2019-09-24 20:27:03', '2019-09-24 20:27:03'),
(258, 'sent', 'Qui.', 'Libero.', 'Ut possimus quo aperiam eum.', '2019-09-25 06:27:03', '2019-09-24 20:27:03', '2019-09-24 20:27:03'),
(259, 'sent', 'Ex.', 'Cumque.', 'Nisi ea qui voluptas.', '2019-09-25 06:27:03', '2019-09-24 20:27:03', '2019-09-24 20:27:03'),
(260, 'sent', 'Eos.', 'Porro.', 'Cum inventore optio nulla voluptatem.', '2019-09-25 06:27:03', '2019-09-24 20:27:03', '2019-09-24 20:27:03'),
(261, 'sent', 'Ut.', 'Dolore.', 'Quibusdam sint velit cum consequatur.', '2019-09-25 06:27:03', '2019-09-24 20:27:03', '2019-09-24 20:27:03'),
(262, 'sent', 'Odit.', 'At minima.', 'Iusto qui dolorem aut enim.', '2019-09-25 06:27:03', '2019-09-24 20:27:03', '2019-09-24 20:27:03'),
(263, 'sent', 'Esse.', 'Dolorem.', 'Id beatae voluptatem ad blanditiis est.', '2019-09-25 06:27:03', '2019-09-24 20:27:03', '2019-09-24 20:27:03'),
(264, 'sent', 'Non.', 'Veritatis.', 'Ab maxime sunt dolore.', '2019-09-25 06:27:03', '2019-09-24 20:27:03', '2019-09-24 20:27:03'),
(265, 'sent', 'Odit.', 'Quam.', 'Libero illo corporis in ea.', '2019-09-25 06:27:03', '2019-09-24 20:27:03', '2019-09-24 20:27:03'),
(266, 'sent', 'Eum.', 'Sed.', 'Laborum facere quo ut sit officia.', '2019-09-25 06:27:03', '2019-09-24 20:27:03', '2019-09-24 20:27:03'),
(267, 'sent', 'Aut.', 'Molestiae.', 'Qui nulla minus praesentium qui eum.', '2019-09-25 06:27:03', '2019-09-24 20:27:03', '2019-09-24 20:27:03'),
(268, 'sent', 'Ea.', 'Possimus.', 'Aut ipsa impedit corrupti.', '2019-09-25 06:27:03', '2019-09-24 20:27:03', '2019-09-24 20:27:03'),
(269, 'sent', 'Vel.', 'Ea ad vel.', 'Tenetur tempore nihil sint aut.', '2019-09-25 06:27:03', '2019-09-24 20:27:03', '2019-09-24 20:27:03'),
(270, 'sent', 'Aut.', 'Omnis.', 'Sed sunt facere blanditiis odio autem.', '2019-09-25 06:27:03', '2019-09-24 20:27:03', '2019-09-24 20:27:03'),
(271, 'sent', 'Est.', 'Dolores.', 'Labore qui sed nam blanditiis omnis.', '2019-09-25 06:27:03', '2019-09-24 20:27:03', '2019-09-24 20:27:03'),
(272, 'sent', 'Ut.', 'Ratione.', 'In dolor quos hic ut.', '2019-09-25 06:27:03', '2019-09-24 20:27:03', '2019-09-24 20:27:03'),
(273, 'sent', 'Eum.', 'Accusamus.', 'Asperiores et expedita minus ad.', '2019-09-25 06:27:03', '2019-09-24 20:27:03', '2019-09-24 20:27:03'),
(274, 'sent', 'Ut.', 'Iure.', 'Labore nemo numquam enim in ut.', '2019-09-25 06:27:03', '2019-09-24 20:27:03', '2019-09-24 20:27:03'),
(275, 'sent', 'Qui.', 'Totam quo.', 'Laborum et cupiditate non quaerat et.', '2019-09-25 06:27:03', '2019-09-24 20:27:03', '2019-09-24 20:27:03'),
(276, 'sent', 'Et.', 'Sunt qui.', 'Reiciendis quae laudantium et non.', '2019-09-25 06:27:03', '2019-09-24 20:27:03', '2019-09-24 20:27:03'),
(277, 'sent', 'Et.', 'Modi sed.', 'Ipsa vel optio nemo qui.', '2019-09-25 06:27:03', '2019-09-24 20:27:03', '2019-09-24 20:27:03'),
(278, 'sent', 'Eius.', 'Officiis.', 'Itaque minus laboriosam ipsa animi.', '2019-09-25 06:27:03', '2019-09-24 20:27:03', '2019-09-24 20:27:03'),
(279, 'sent', 'Nemo.', 'Quas.', 'Ducimus esse sit eaque eum non.', '2019-09-25 06:27:03', '2019-09-24 20:27:03', '2019-09-24 20:27:03'),
(280, 'sent', 'Quas.', 'Omnis.', 'Earum ipsum debitis rerum velit.', '2019-09-25 06:27:03', '2019-09-24 20:27:03', '2019-09-24 20:27:03'),
(281, 'sent', 'Et.', 'Qui quod.', 'Consequuntur nam ut porro et.', '2019-09-25 06:27:03', '2019-09-24 20:27:03', '2019-09-24 20:27:03'),
(282, 'sent', 'Aut.', 'Error.', 'Non beatae est iste.', '2019-09-25 06:27:03', '2019-09-24 20:27:03', '2019-09-24 20:27:03'),
(283, 'sent', 'Modi.', 'Corrupti.', 'Alias totam ullam iusto modi delectus.', '2019-09-25 06:27:03', '2019-09-24 20:27:03', '2019-09-24 20:27:03'),
(284, 'sent', 'Qui.', 'Optio.', 'Est non debitis rerum aperiam.', '2019-09-25 06:27:03', '2019-09-24 20:27:03', '2019-09-24 20:27:03'),
(285, 'sent', 'Quos.', 'Fugit.', 'Est quia est dolor sequi repellendus.', '2019-09-25 06:27:03', '2019-09-24 20:27:03', '2019-09-24 20:27:03'),
(286, 'sent', 'Aut.', 'Facilis.', 'Porro eaque et qui error.', '2019-09-25 06:27:03', '2019-09-24 20:27:03', '2019-09-24 20:27:03'),
(287, 'sent', 'Ex.', 'Mollitia.', 'Enim eos molestiae qui voluptatem.', '2019-09-25 06:27:03', '2019-09-24 20:27:03', '2019-09-24 20:27:03'),
(288, 'sent', 'Ut.', 'Aliquam.', 'Quod nihil perspiciatis sed excepturi.', '2019-09-25 06:27:03', '2019-09-24 20:27:03', '2019-09-24 20:27:03'),
(289, 'sent', 'Eius.', 'Cum.', 'Nulla rerum aliquid eligendi sint.', '2019-09-25 06:27:03', '2019-09-24 20:27:03', '2019-09-24 20:27:03'),
(290, 'sent', 'Eos.', 'Aperiam.', 'Cumque nam cumque possimus facere.', '2019-09-25 06:27:03', '2019-09-24 20:27:03', '2019-09-24 20:27:03'),
(291, 'sent', 'Quia.', 'Similique.', 'Dolorum illum impedit beatae rerum.', '2019-09-25 06:27:03', '2019-09-24 20:27:03', '2019-09-24 20:27:03'),
(292, 'sent', 'Qui.', 'Fugit ea.', 'Non excepturi quo saepe.', '2019-09-25 06:27:03', '2019-09-24 20:27:03', '2019-09-24 20:27:03'),
(293, 'sent', 'Est.', 'Voluptas.', 'Sapiente at et qui et quia.', '2019-09-25 06:27:03', '2019-09-24 20:27:03', '2019-09-24 20:27:03'),
(294, 'sent', 'Non.', 'Veritatis.', 'Debitis in cumque nobis.', '2019-09-25 06:27:03', '2019-09-24 20:27:03', '2019-09-24 20:27:03'),
(295, 'sent', 'Eum.', 'Sed.', 'Ullam ullam repellat eum.', '2019-09-25 06:27:03', '2019-09-24 20:27:03', '2019-09-24 20:27:03'),
(296, 'sent', 'Sed.', 'Minus ut.', 'Quis error deserunt animi labore.', '2019-09-25 06:27:03', '2019-09-24 20:27:03', '2019-09-24 20:27:03'),
(297, 'sent', 'Iure.', 'Illum vel.', 'Corporis qui dolor dolores veniam sed.', '2019-09-25 06:27:03', '2019-09-24 20:27:03', '2019-09-24 20:27:03'),
(298, 'sent', 'Vero.', 'Neque.', 'Atque corrupti est iste et.', '2019-09-25 06:27:03', '2019-09-24 20:27:03', '2019-09-24 20:27:03'),
(299, 'sent', 'Odio.', 'Magnam.', 'Dolores laudantium maxime voluptatum.', '2019-09-25 06:27:03', '2019-09-24 20:27:03', '2019-09-24 20:27:03'),
(300, 'sent', 'Ab.', 'Doloribus.', 'Ut culpa id aliquam.', '2019-09-25 06:27:03', '2019-09-24 20:27:03', '2019-09-24 20:27:03'),
(301, 'sent', 'Sunt.', 'Est.', 'Quo quibusdam commodi optio est magni.', '2019-09-25 06:27:03', '2019-09-24 20:27:03', '2019-09-24 20:27:03'),
(302, 'sent', 'At.', 'Maxime.', 'Libero nihil est qui sequi fugit.', '2019-09-25 06:27:03', '2019-09-24 20:27:03', '2019-09-24 20:27:03'),
(303, 'sent', 'Eius.', 'Ea.', 'Dicta blanditiis voluptatem et enim.', '2019-09-25 06:27:03', '2019-09-24 20:27:03', '2019-09-24 20:27:03'),
(304, 'sent', 'Quas.', 'Ut eum in.', 'Repellendus cum id aut occaecati.', '2019-09-25 06:27:03', '2019-09-24 20:27:03', '2019-09-24 20:27:03'),
(305, 'sent', 'Qui.', 'Ullam.', 'Facilis qui quam sunt.', '2019-09-25 06:27:03', '2019-09-24 20:27:03', '2019-09-24 20:27:03'),
(306, 'sent', 'Ut.', 'Et et.', 'Eius non culpa sed nostrum sed est.', '2019-09-25 06:27:03', '2019-09-24 20:27:03', '2019-09-24 20:27:03'),
(307, 'sent', 'Qui.', 'Ad atque.', 'Accusantium delectus velit nihil et.', '2019-09-25 06:27:03', '2019-09-24 20:27:03', '2019-09-24 20:27:03'),
(308, 'sent', 'Ad.', 'Sint.', 'Amet enim reprehenderit qui id.', '2019-09-25 06:27:03', '2019-09-24 20:27:03', '2019-09-24 20:27:03'),
(309, 'sent', 'Quos.', 'Aut est.', 'Dolorem nisi amet a at.', '2019-09-25 06:27:03', '2019-09-24 20:27:03', '2019-09-24 20:27:03'),
(310, 'sent', 'Hic.', 'Minus ut.', 'In nisi omnis et tenetur beatae.', '2019-09-25 06:27:03', '2019-09-24 20:27:03', '2019-09-24 20:27:03'),
(311, 'sent', 'Est.', 'Provident.', 'Itaque cumque et dolor ea.', '2019-09-25 06:27:03', '2019-09-24 20:27:03', '2019-09-24 20:27:03'),
(312, 'sent', 'Quo.', 'Ut.', 'At sit asperiores quis sit.', '2019-09-25 06:27:03', '2019-09-24 20:27:03', '2019-09-24 20:27:03'),
(313, 'sent', 'Amet.', 'Earum.', 'Quaerat qui ut nihil dolore ipsa.', '2019-09-25 06:27:03', '2019-09-24 20:27:03', '2019-09-24 20:27:03'),
(314, 'sent', 'At.', 'Quo eum.', 'Et in cupiditate quisquam.', '2019-09-25 06:27:03', '2019-09-24 20:27:03', '2019-09-24 20:27:03'),
(315, 'sent', 'Aut.', 'Debitis.', 'Excepturi temporibus sint nulla.', '2019-09-25 06:27:03', '2019-09-24 20:27:03', '2019-09-24 20:27:03'),
(316, 'sent', 'Ut a.', 'Soluta.', 'Sapiente est eligendi ut accusantium.', '2019-09-25 06:27:03', '2019-09-24 20:27:03', '2019-09-24 20:27:03'),
(317, 'sent', 'In.', 'Id.', 'Sit et inventore dolore minima.', '2019-09-25 06:27:03', '2019-09-24 20:27:03', '2019-09-24 20:27:03'),
(318, 'sent', 'Eos.', 'Sint ut.', 'Vel eos voluptates culpa quas.', '2019-09-25 06:27:03', '2019-09-24 20:27:03', '2019-09-24 20:27:03'),
(319, 'sent', 'Sit.', 'Omnis et.', 'Et temporibus ea aut pariatur corporis.', '2019-09-25 06:27:03', '2019-09-24 20:27:03', '2019-09-24 20:27:03'),
(320, 'sent', 'Enim.', 'Velit.', 'Id eos illum distinctio modi.', '2019-09-25 06:27:03', '2019-09-24 20:27:03', '2019-09-24 20:27:03'),
(321, 'sent', 'Est.', 'Qui odio.', 'Modi magni quas est qui sequi sit ea.', '2019-09-25 06:27:03', '2019-09-24 20:27:03', '2019-09-24 20:27:03'),
(322, 'sent', 'Hic.', 'Quasi.', 'Ut officiis modi odit magni.', '2019-09-25 06:27:03', '2019-09-24 20:27:03', '2019-09-24 20:27:03'),
(323, 'sent', 'Et.', 'Aut.', 'Sit quas voluptatem quia omnis.', '2019-09-25 06:27:03', '2019-09-24 20:27:03', '2019-09-24 20:27:03'),
(324, 'sent', 'Ut.', 'Quidem.', 'Ad natus ratione ut iusto aut nostrum.', '2019-09-25 06:27:03', '2019-09-24 20:27:03', '2019-09-24 20:27:03'),
(325, 'sent', 'Nam.', 'Sed alias.', 'Rerum hic hic nesciunt natus dolores.', '2019-09-25 06:27:03', '2019-09-24 20:27:03', '2019-09-24 20:27:03'),
(326, 'sent', 'Rem.', 'Voluptas.', 'Fugiat quidem ut odio repellendus.', '2019-09-25 06:27:03', '2019-09-24 20:27:03', '2019-09-24 20:27:03'),
(327, 'sent', 'Est.', 'Iste at.', 'Aperiam dignissimos porro laborum.', '2019-09-25 06:27:03', '2019-09-24 20:27:03', '2019-09-24 20:27:03'),
(328, 'sent', 'Non.', 'Eligendi.', 'Quia qui hic error consequatur.', '2019-09-25 06:27:03', '2019-09-24 20:27:03', '2019-09-24 20:27:03'),
(329, 'sent', 'Amet.', 'Minima.', 'Placeat nam alias quos velit provident.', '2019-09-25 06:27:03', '2019-09-24 20:27:03', '2019-09-24 20:27:03'),
(330, 'sent', 'Est.', 'Id.', 'Corrupti qui id quasi.', '2019-09-25 06:27:03', '2019-09-24 20:27:03', '2019-09-24 20:27:03'),
(331, 'sent', 'Sunt.', 'Eos.', 'Atque itaque accusamus quia quis.', '2019-09-25 06:27:03', '2019-09-24 20:27:03', '2019-09-24 20:27:03'),
(332, 'sent', 'Quod.', 'Porro.', 'Molestiae incidunt expedita ex ex.', '2019-09-25 06:27:03', '2019-09-24 20:27:03', '2019-09-24 20:27:03'),
(333, 'sent', 'Ut.', 'Qui saepe.', 'Soluta porro adipisci et.', '2019-09-25 06:27:03', '2019-09-24 20:27:03', '2019-09-24 20:27:03'),
(334, 'sent', 'Est.', 'Officia.', 'Sunt omnis corporis eos assumenda sint.', '2019-09-25 06:27:03', '2019-09-24 20:27:03', '2019-09-24 20:27:03'),
(335, 'sent', 'Ea.', 'Nam.', 'Omnis sed et voluptatem alias.', '2019-09-25 06:27:03', '2019-09-24 20:27:03', '2019-09-24 20:27:03'),
(336, 'sent', 'Aut.', 'Rem.', 'Eos maxime est laborum.', '2019-09-25 06:27:03', '2019-09-24 20:27:03', '2019-09-24 20:27:03'),
(337, 'sent', 'Est.', 'Eos enim.', 'Laudantium ut facilis facilis enim.', '2019-09-25 06:27:03', '2019-09-24 20:27:03', '2019-09-24 20:27:03'),
(338, 'sent', 'In.', 'Eos atque.', 'Qui ab dolor sed aliquid quod autem at.', '2019-09-25 06:27:03', '2019-09-24 20:27:03', '2019-09-24 20:27:03'),
(339, 'sent', 'Aut.', 'Veritatis.', 'Totam deserunt distinctio placeat qui.', '2019-09-25 06:27:03', '2019-09-24 20:27:03', '2019-09-24 20:27:03'),
(340, 'sent', 'Ut.', 'Explicabo.', 'Dolorem dolorem omnis possimus.', '2019-09-25 06:27:03', '2019-09-24 20:27:03', '2019-09-24 20:27:03'),
(341, 'sent', 'Quia.', 'Et.', 'Corrupti eum iusto porro provident.', '2019-09-25 06:27:03', '2019-09-24 20:27:03', '2019-09-24 20:27:03'),
(342, 'sent', 'Sit.', 'Incidunt.', 'Quis aut eos ut nemo non assumenda.', '2019-09-25 06:27:03', '2019-09-24 20:27:03', '2019-09-24 20:27:03'),
(343, 'sent', 'Qui.', 'Quia.', 'Autem voluptatem aspernatur modi odit.', '2019-09-25 06:27:03', '2019-09-24 20:27:03', '2019-09-24 20:27:03'),
(344, 'sent', 'Sit.', 'Deserunt.', 'Eos qui qui ut vel qui et et.', '2019-09-25 06:27:03', '2019-09-24 20:27:03', '2019-09-24 20:27:03'),
(345, 'sent', 'Quis.', 'Numquam.', 'Aut eum odio voluptas vel mollitia id.', '2019-09-25 06:27:03', '2019-09-24 20:27:03', '2019-09-24 20:27:03'),
(346, 'sent', 'Et.', 'Velit et.', 'Rerum sint quam ut voluptatem culpa.', '2019-09-25 06:27:03', '2019-09-24 20:27:03', '2019-09-24 20:27:03'),
(347, 'sent', 'Non.', 'Veniam.', 'Iusto sunt sed et voluptatum aut.', '2019-09-25 06:27:03', '2019-09-24 20:27:03', '2019-09-24 20:27:03'),
(348, 'sent', 'Quia.', 'Aut.', 'Ab quam atque animi in.', '2019-09-25 06:27:03', '2019-09-24 20:27:03', '2019-09-24 20:27:03'),
(349, 'sent', 'Quo.', 'Eos in.', 'Et asperiores velit nihil sed.', '2019-09-25 06:27:03', '2019-09-24 20:27:03', '2019-09-24 20:27:03'),
(350, 'sent', 'Sed.', 'Modi quis.', 'Nemo vel et voluptas in.', '2019-09-25 06:27:03', '2019-09-24 20:27:03', '2019-09-24 20:27:03'),
(351, 'sent', 'Enim.', 'In alias.', 'Sed fugiat officia enim modi.', '2019-09-25 06:27:03', '2019-09-24 20:27:03', '2019-09-24 20:27:03'),
(352, 'sent', 'Qui.', 'In in quo.', 'Nostrum ullam velit fugit ut.', '2019-09-25 06:27:03', '2019-09-24 20:27:03', '2019-09-24 20:27:03'),
(353, 'sent', 'Illo.', 'Eum omnis.', 'Qui mollitia odio optio est provident.', '2019-09-25 06:27:03', '2019-09-24 20:27:03', '2019-09-24 20:27:03'),
(354, 'sent', 'Qui.', 'Similique.', 'Voluptatem delectus aut enim ut.', '2019-09-25 06:27:03', '2019-09-24 20:27:03', '2019-09-24 20:27:03'),
(355, 'sent', 'Quia.', 'Dolorem.', 'Culpa quia qui explicabo eligendi.', '2019-09-25 06:27:03', '2019-09-24 20:27:03', '2019-09-24 20:27:03'),
(356, 'sent', 'Non.', 'Nulla.', 'Numquam vero reiciendis et autem autem.', '2019-09-25 06:27:03', '2019-09-24 20:27:03', '2019-09-24 20:27:03'),
(357, 'sent', 'Et.', 'Sed.', 'Aut distinctio repellat fugit.', '2019-09-25 06:27:03', '2019-09-24 20:27:03', '2019-09-24 20:27:03'),
(358, 'sent', 'Et.', 'Est.', 'Ullam et libero totam unde autem.', '2019-09-25 06:27:03', '2019-09-24 20:27:03', '2019-09-24 20:27:03'),
(359, 'sent', 'Quas.', 'Et quidem.', 'Doloribus est aliquid et nostrum quam.', '2019-09-25 06:27:03', '2019-09-24 20:27:03', '2019-09-24 20:27:03'),
(360, 'sent', 'Iure.', 'Aut.', 'Autem officiis earum et.', '2019-09-25 06:27:03', '2019-09-24 20:27:03', '2019-09-24 20:27:03'),
(361, 'sent', 'Illo.', 'Minus.', 'Voluptatem et non aut error iste.', '2019-09-25 06:27:03', '2019-09-24 20:27:03', '2019-09-24 20:27:03'),
(362, 'sent', 'Et.', 'Aut nemo.', 'Ab sint sed iusto maxime.', '2019-09-25 06:27:03', '2019-09-24 20:27:03', '2019-09-24 20:27:03'),
(363, 'sent', 'Enim.', 'Est.', 'Et quibusdam culpa sit fugit quia nam.', '2019-09-25 06:27:03', '2019-09-24 20:27:03', '2019-09-24 20:27:03'),
(364, 'sent', 'Est.', 'Est.', 'Quia fugit fugit voluptatum sunt alias.', '2019-09-25 06:27:03', '2019-09-24 20:27:03', '2019-09-24 20:27:03'),
(365, 'sent', 'Non.', 'Vel.', 'Doloribus maiores voluptas in officia.', '2019-09-25 06:27:03', '2019-09-24 20:27:03', '2019-09-24 20:27:03');
INSERT INTO `notifications` (`id`, `status`, `title`, `subtitle`, `content`, `sent`, `created_at`, `updated_at`) VALUES
(366, 'sent', 'Quis.', 'Ullam quo.', 'Consectetur repellat omnis et quis.', '2019-09-25 06:27:03', '2019-09-24 20:27:03', '2019-09-24 20:27:03'),
(367, 'sent', 'Quia.', 'Quibusdam.', 'Laboriosam quibusdam error vero qui.', '2019-09-25 06:27:03', '2019-09-24 20:27:03', '2019-09-24 20:27:03'),
(368, 'sent', 'Enim.', 'Ullam.', 'Impedit fugit neque iusto voluptatem.', '2019-09-25 06:27:03', '2019-09-24 20:27:03', '2019-09-24 20:27:03'),
(369, 'sent', 'Sit.', 'Et est.', 'Sequi fuga totam inventore.', '2019-09-25 06:27:03', '2019-09-24 20:27:03', '2019-09-24 20:27:03'),
(370, 'sent', 'Ut.', 'Velit.', 'Deleniti delectus amet est sed ab.', '2019-09-25 06:27:03', '2019-09-24 20:27:03', '2019-09-24 20:27:03'),
(371, 'sent', 'Qui.', 'Eius.', 'Nemo ea soluta numquam eaque.', '2019-09-25 06:27:03', '2019-09-24 20:27:03', '2019-09-24 20:27:03'),
(372, 'sent', 'Quos.', 'Voluptas.', 'Ab et earum aut corporis rerum.', '2019-09-25 06:27:03', '2019-09-24 20:27:03', '2019-09-24 20:27:03'),
(373, 'sent', 'Sint.', 'Quibusdam.', 'Quasi totam dolores porro.', '2019-09-25 06:27:03', '2019-09-24 20:27:03', '2019-09-24 20:27:03'),
(374, 'sent', 'Sint.', 'Nihil.', 'Soluta et sunt nulla rerum.', '2019-09-25 06:27:03', '2019-09-24 20:27:03', '2019-09-24 20:27:03'),
(375, 'sent', 'Vel.', 'Facere.', 'Et facilis molestias rerum doloremque.', '2019-09-25 06:27:03', '2019-09-24 20:27:03', '2019-09-24 20:27:03'),
(376, 'sent', 'Ab.', 'Rerum.', 'Autem qui sed sequi id.', '2019-09-25 06:27:03', '2019-09-24 20:27:03', '2019-09-24 20:27:03'),
(377, 'sent', 'Odio.', 'Atque.', 'Dolores laudantium laudantium possimus.', '2019-09-25 06:27:03', '2019-09-24 20:27:03', '2019-09-24 20:27:03'),
(378, 'sent', 'Enim.', 'Debitis.', 'Qui impedit beatae et.', '2019-09-25 06:27:03', '2019-09-24 20:27:03', '2019-09-24 20:27:03'),
(379, 'sent', 'Vel.', 'Sunt ut.', 'Ad consectetur beatae non.', '2019-09-25 06:27:03', '2019-09-24 20:27:03', '2019-09-24 20:27:03'),
(380, 'sent', 'Rem.', 'Voluptas.', 'Iusto expedita ad eum minus.', '2019-09-25 06:27:03', '2019-09-24 20:27:03', '2019-09-24 20:27:03'),
(381, 'sent', 'Non.', 'Sit ut.', 'Sunt et ipsum voluptas eos.', '2019-09-25 06:27:03', '2019-09-24 20:27:03', '2019-09-24 20:27:03'),
(382, 'sent', 'Quae.', 'Aut.', 'Est non rem sunt omnis.', '2019-09-25 06:27:03', '2019-09-24 20:27:03', '2019-09-24 20:27:03'),
(383, 'sent', 'Id.', 'Explicabo.', 'Aut ea hic sed assumenda.', '2019-09-25 06:27:03', '2019-09-24 20:27:03', '2019-09-24 20:27:03'),
(384, 'sent', 'Eum.', 'Autem.', 'Nulla autem rem nisi sit accusamus.', '2019-09-25 06:27:03', '2019-09-24 20:27:03', '2019-09-24 20:27:03'),
(385, 'sent', 'Sed.', 'Porro eos.', 'Quia nulla et consequatur.', '2019-09-25 06:27:03', '2019-09-24 20:27:03', '2019-09-24 20:27:03'),
(386, 'sent', 'Quae.', 'Sed et.', 'Et facilis et iste rem molestias sint.', '2019-09-25 06:27:03', '2019-09-24 20:27:03', '2019-09-24 20:27:03'),
(387, 'sent', 'Iure.', 'Vero.', 'Et rerum culpa expedita.', '2019-09-25 06:27:03', '2019-09-24 20:27:03', '2019-09-24 20:27:03'),
(388, 'sent', 'Non.', 'Nam.', 'Ea odit placeat ab.', '2019-09-25 06:27:03', '2019-09-24 20:27:03', '2019-09-24 20:27:03'),
(389, 'sent', 'Et.', 'Eaque rem.', 'Est similique et quisquam cupiditate.', '2019-09-25 06:27:03', '2019-09-24 20:27:03', '2019-09-24 20:27:03'),
(390, 'sent', 'Unde.', 'Est.', 'Saepe cum delectus est rem dolorem.', '2019-09-25 06:27:03', '2019-09-24 20:27:03', '2019-09-24 20:27:03'),
(391, 'sent', 'Quos.', 'Voluptate.', 'Sed id voluptas est et et et.', '2019-09-25 06:27:03', '2019-09-24 20:27:03', '2019-09-24 20:27:03'),
(392, 'sent', 'Quas.', 'Id.', 'Autem a id itaque quos.', '2019-09-25 06:27:03', '2019-09-24 20:27:03', '2019-09-24 20:27:03'),
(393, 'sent', 'Nemo.', 'Qui omnis.', 'Nam quis velit iusto consequatur nisi.', '2019-09-25 06:27:03', '2019-09-24 20:27:03', '2019-09-24 20:27:03'),
(394, 'sent', 'Id.', 'Iusto.', 'Placeat qui totam accusantium.', '2019-09-25 06:27:03', '2019-09-24 20:27:03', '2019-09-24 20:27:03'),
(395, 'sent', 'Id.', 'Maxime.', 'Aut est et aperiam et sed voluptatum.', '2019-09-25 06:27:03', '2019-09-24 20:27:03', '2019-09-24 20:27:03'),
(396, 'sent', 'Quam.', 'Et qui et.', 'Quibusdam omnis omnis porro in.', '2019-09-25 06:27:03', '2019-09-24 20:27:03', '2019-09-24 20:27:03'),
(397, 'sent', 'Non.', 'Ex nam.', 'Et qui veritatis vel.', '2019-09-25 06:27:03', '2019-09-24 20:27:03', '2019-09-24 20:27:03'),
(398, 'sent', 'Non.', 'Doloribus.', 'Officia et ullam in cumque eos.', '2019-09-25 06:27:03', '2019-09-24 20:27:03', '2019-09-24 20:27:03'),
(399, 'sent', 'Aut.', 'Deleniti.', 'Non quae quia rerum eum aspernatur.', '2019-09-25 06:27:03', '2019-09-24 20:27:03', '2019-09-24 20:27:03'),
(400, 'sent', 'Non.', 'Iure eum.', 'Optio et dolore animi placeat.', '2019-09-25 06:27:03', '2019-09-24 20:27:03', '2019-09-24 20:27:03'),
(401, 'sent', 'Unde.', 'Officia.', 'Deleniti ad consequatur modi aut.', '2019-09-25 06:27:03', '2019-09-24 20:27:03', '2019-09-24 20:27:03'),
(402, 'sent', 'Ea.', 'Dolores.', 'Ex exercitationem autem quis.', '2019-09-25 06:27:03', '2019-09-24 20:27:03', '2019-09-24 20:27:03'),
(403, 'sent', 'Ea.', 'Accusamus.', 'Autem nemo aut nobis molestias.', '2019-09-25 06:27:03', '2019-09-24 20:27:03', '2019-09-24 20:27:03'),
(404, 'sent', 'Et.', 'Ut nam.', 'Sed est nam accusantium fugit.', '2019-09-25 06:27:03', '2019-09-24 20:27:03', '2019-09-24 20:27:03'),
(405, 'sent', 'Et.', 'Tenetur.', 'Commodi vel qui quidem eligendi.', '2019-09-25 06:27:03', '2019-09-24 20:27:03', '2019-09-24 20:27:03'),
(406, 'sent', 'Quo.', 'Id velit.', 'Similique ut nobis et soluta.', '2019-09-25 06:27:03', '2019-09-24 20:27:03', '2019-09-24 20:27:03'),
(407, 'sent', 'Aut.', 'Aut.', 'Vel fugit dolore esse at.', '2019-09-25 06:27:03', '2019-09-24 20:27:03', '2019-09-24 20:27:03'),
(408, 'sent', 'Eos.', 'Sunt.', 'Omnis natus adipisci et fugit.', '2019-09-25 06:27:03', '2019-09-24 20:27:03', '2019-09-24 20:27:03'),
(409, 'sent', 'Non.', 'Sapiente.', 'Dicta sed facilis molestias.', '2019-09-25 06:27:03', '2019-09-24 20:27:03', '2019-09-24 20:27:03'),
(410, 'sent', 'Et.', 'Minima.', 'Ab ex omnis laboriosam.', '2019-09-25 06:27:03', '2019-09-24 20:27:03', '2019-09-24 20:27:03'),
(411, 'sent', 'Quod.', 'Nesciunt.', 'Et nobis numquam odio.', '2019-09-25 06:27:03', '2019-09-24 20:27:03', '2019-09-24 20:27:03'),
(412, 'sent', 'Odit.', 'Dolorum.', 'Corrupti quae ratione aut quo.', '2019-09-25 06:27:03', '2019-09-24 20:27:03', '2019-09-24 20:27:03'),
(413, 'sent', 'Illo.', 'Non nam.', 'Mollitia laudantium est et facilis.', '2019-09-25 06:27:03', '2019-09-24 20:27:03', '2019-09-24 20:27:03'),
(414, 'sent', 'Odit.', 'Quo.', 'Qui accusantium non necessitatibus aut.', '2019-09-25 06:27:03', '2019-09-24 20:27:03', '2019-09-24 20:27:03'),
(415, 'sent', 'Est.', 'Quidem.', 'Soluta minus est doloribus.', '2019-09-25 06:27:03', '2019-09-24 20:27:03', '2019-09-24 20:27:03'),
(416, 'sent', 'Sunt.', 'Et minus.', 'Voluptatum quis et enim unde vel et.', '2019-09-25 06:27:03', '2019-09-24 20:27:03', '2019-09-24 20:27:03'),
(417, 'sent', 'Eius.', 'Aperiam.', 'Culpa non odio rem molestiae totam.', '2019-09-25 06:27:03', '2019-09-24 20:27:03', '2019-09-24 20:27:03'),
(418, 'sent', 'Et.', 'Soluta.', 'Quidem rem dolor non odit.', '2019-09-25 06:27:03', '2019-09-24 20:27:03', '2019-09-24 20:27:03'),
(419, 'sent', 'Et.', 'Qui ipsa.', 'Voluptas repellat quia doloremque.', '2019-09-25 06:27:03', '2019-09-24 20:27:03', '2019-09-24 20:27:03'),
(420, 'sent', 'Non.', 'Sequi.', 'Quidem laborum officiis quia.', '2019-09-25 06:27:03', '2019-09-24 20:27:03', '2019-09-24 20:27:03'),
(421, 'sent', 'Qui.', 'Dolorem.', 'Velit ut error amet autem.', '2019-09-25 06:27:03', '2019-09-24 20:27:03', '2019-09-24 20:27:03'),
(422, 'sent', 'Odit.', 'Aut est.', 'Ullam corporis atque ea et.', '2019-09-25 06:27:03', '2019-09-24 20:27:03', '2019-09-24 20:27:03'),
(423, 'sent', 'Quod.', 'Tempore.', 'Qui doloremque sint id molestiae.', '2019-09-25 06:27:03', '2019-09-24 20:27:03', '2019-09-24 20:27:03'),
(424, 'sent', 'Amet.', 'Tempore.', 'Explicabo nam sed corrupti hic ratione.', '2019-09-25 06:27:03', '2019-09-24 20:27:03', '2019-09-24 20:27:03'),
(425, 'sent', 'Vel.', 'Qui et.', 'Ipsum aut aut nisi officiis enim vel.', '2019-09-25 06:27:03', '2019-09-24 20:27:03', '2019-09-24 20:27:03'),
(426, 'sent', 'Ad.', 'Facere.', 'Sit quis cumque eos natus pariatur.', '2019-09-25 06:27:03', '2019-09-24 20:27:03', '2019-09-24 20:27:03'),
(427, 'sent', 'Et.', 'Optio et.', 'Ullam facilis officiis ut.', '2019-09-25 06:27:03', '2019-09-24 20:27:03', '2019-09-24 20:27:03'),
(428, 'sent', 'Cum.', 'Tempore.', 'Sit temporibus pariatur minima nam rem.', '2019-09-25 06:27:03', '2019-09-24 20:27:03', '2019-09-24 20:27:03'),
(429, 'sent', 'Vel.', 'Tenetur.', 'Qui consequuntur excepturi sed beatae.', '2019-09-25 06:27:03', '2019-09-24 20:27:03', '2019-09-24 20:27:03'),
(430, 'sent', 'Est.', 'Maxime.', 'Aliquid corporis corporis quo eveniet.', '2019-09-25 06:27:03', '2019-09-24 20:27:03', '2019-09-24 20:27:03'),
(431, 'sent', 'Qui.', 'Eos.', 'Quia id et et est ad distinctio.', '2019-09-25 06:27:03', '2019-09-24 20:27:03', '2019-09-24 20:27:03'),
(432, 'sent', 'Illo.', 'Eligendi.', 'Soluta illum incidunt id.', '2019-09-25 06:27:03', '2019-09-24 20:27:03', '2019-09-24 20:27:03'),
(433, 'sent', 'Esse.', 'Corporis.', 'Minima in et facilis atque veniam aut.', '2019-09-25 06:27:03', '2019-09-24 20:27:03', '2019-09-24 20:27:03'),
(434, 'sent', 'Quia.', 'Adipisci.', 'Placeat in qui laudantium libero.', '2019-09-25 06:27:03', '2019-09-24 20:27:03', '2019-09-24 20:27:03'),
(435, 'sent', 'Sunt.', 'Beatae.', 'Et aut expedita et dolor deserunt et.', '2019-09-25 06:27:03', '2019-09-24 20:27:03', '2019-09-24 20:27:03'),
(436, 'sent', 'Vero.', 'Sapiente.', 'Voluptatem nulla atque non illo magni.', '2019-09-25 06:27:03', '2019-09-24 20:27:03', '2019-09-24 20:27:03'),
(437, 'sent', 'Qui.', 'A.', 'Vitae ducimus non veniam qui.', '2019-09-25 06:27:03', '2019-09-24 20:27:03', '2019-09-24 20:27:03'),
(438, 'sent', 'Eum.', 'Est sed.', 'Aut velit quis at magnam.', '2019-09-25 06:27:03', '2019-09-24 20:27:03', '2019-09-24 20:27:03'),
(439, 'sent', 'Enim.', 'Alias.', 'Magni qui quia iste sit alias.', '2019-09-25 06:27:03', '2019-09-24 20:27:03', '2019-09-24 20:27:03'),
(440, 'sent', 'Et.', 'Maiores.', 'Minima ipsum laborum cum.', '2019-09-25 06:27:03', '2019-09-24 20:27:03', '2019-09-24 20:27:03'),
(441, 'sent', 'Enim.', 'Molestiae.', 'Ut hic nulla sunt dolorem non.', '2019-09-25 06:27:03', '2019-09-24 20:27:03', '2019-09-24 20:27:03'),
(442, 'sent', 'Ab.', 'A natus.', 'Non est qui minus quas in.', '2019-09-25 06:27:03', '2019-09-24 20:27:03', '2019-09-24 20:27:03'),
(443, 'sent', 'Ut.', 'Pariatur.', 'Officiis ut odio a et quod dolorem.', '2019-09-25 06:27:03', '2019-09-24 20:27:03', '2019-09-24 20:27:03'),
(444, 'sent', 'Modi.', 'Adipisci.', 'Minus est est sit dicta ab aperiam.', '2019-09-25 06:27:03', '2019-09-24 20:27:03', '2019-09-24 20:27:03'),
(445, 'sent', 'Eum.', 'Dolorum.', 'Et delectus et neque aut ipsa.', '2019-09-25 06:27:03', '2019-09-24 20:27:03', '2019-09-24 20:27:03'),
(446, 'sent', 'Et.', 'Dolore.', 'Nisi alias ab dolores quo.', '2019-09-25 06:27:03', '2019-09-24 20:27:03', '2019-09-24 20:27:03'),
(447, 'sent', 'Et.', 'Et ab.', 'Voluptatem accusamus at nesciunt quo.', '2019-09-25 06:27:03', '2019-09-24 20:27:03', '2019-09-24 20:27:03'),
(448, 'sent', 'Et.', 'Facilis.', 'Velit et aspernatur ut delectus in.', '2019-09-25 06:27:03', '2019-09-24 20:27:03', '2019-09-24 20:27:03'),
(449, 'sent', 'Aut.', 'Qui eos.', 'Atque et ut rerum incidunt voluptatem.', '2019-09-25 06:27:03', '2019-09-24 20:27:03', '2019-09-24 20:27:03'),
(450, 'sent', 'Non.', 'Vitae.', 'Ipsam id quam beatae nam eum tenetur.', '2019-09-25 06:27:03', '2019-09-24 20:27:03', '2019-09-24 20:27:03'),
(451, 'sent', 'Quo.', 'Officia.', 'Unde est eaque ad.', '2019-09-25 06:27:03', '2019-09-24 20:27:03', '2019-09-24 20:27:03'),
(452, 'sent', 'A.', 'Aliquid.', 'Eaque ad molestiae qui.', '2019-09-25 06:27:03', '2019-09-24 20:27:03', '2019-09-24 20:27:03'),
(453, 'sent', 'Nisi.', 'Non aut.', 'Eveniet expedita laudantium natus.', '2019-09-25 06:27:03', '2019-09-24 20:27:03', '2019-09-24 20:27:03'),
(454, 'sent', 'Ut.', 'Quis.', 'Dicta repudiandae sint non et porro ut.', '2019-09-25 06:27:03', '2019-09-24 20:27:03', '2019-09-24 20:27:03'),
(455, 'sent', 'Ut.', 'Vel.', 'Quisquam aut quis tempora fuga.', '2019-09-25 06:27:03', '2019-09-24 20:27:03', '2019-09-24 20:27:03'),
(456, 'sent', 'Iure.', 'Officiis.', 'Aut odit totam qui eum animi ut.', '2019-09-25 06:27:03', '2019-09-24 20:27:03', '2019-09-24 20:27:03'),
(457, 'sent', 'In.', 'Quas sit.', 'Sunt aut illum inventore a non.', '2019-09-25 06:27:03', '2019-09-24 20:27:03', '2019-09-24 20:27:03'),
(458, 'sent', 'Aut.', 'Animi.', 'Asperiores reiciendis debitis nisi.', '2019-09-25 06:27:03', '2019-09-24 20:27:03', '2019-09-24 20:27:03'),
(459, 'sent', 'Sed.', 'Quaerat.', 'Aliquam temporibus voluptas ipsa aut.', '2019-09-25 06:27:03', '2019-09-24 20:27:03', '2019-09-24 20:27:03'),
(460, 'sent', 'Ut.', 'Labore.', 'Ipsa et libero assumenda.', '2019-09-25 06:27:03', '2019-09-24 20:27:03', '2019-09-24 20:27:03'),
(461, 'sent', 'Sed.', 'Sunt.', 'Magni sunt numquam doloribus at.', '2019-09-25 06:27:03', '2019-09-24 20:27:03', '2019-09-24 20:27:03'),
(462, 'sent', 'Ex.', 'Qui dolor.', 'Aut modi temporibus dolores aut.', '2019-09-25 06:27:03', '2019-09-24 20:27:03', '2019-09-24 20:27:03'),
(463, 'sent', 'Aut.', 'Sed nam.', 'Autem omnis mollitia officia vel nemo.', '2019-09-25 06:27:03', '2019-09-24 20:27:03', '2019-09-24 20:27:03'),
(464, 'sent', 'Et.', 'Veniam.', 'Fugit quod qui eum nihil.', '2019-09-25 06:27:03', '2019-09-24 20:27:03', '2019-09-24 20:27:03'),
(465, 'sent', 'Et.', 'Minus.', 'Ipsum deleniti qui soluta.', '2019-09-25 06:27:03', '2019-09-24 20:27:03', '2019-09-24 20:27:03'),
(466, 'sent', 'Quia.', 'Sed.', 'Perferendis enim quis earum.', '2019-09-25 06:27:03', '2019-09-24 20:27:03', '2019-09-24 20:27:03'),
(467, 'sent', 'Eos.', 'Nostrum.', 'Ducimus porro commodi sint sed aliquam.', '2019-09-25 06:27:03', '2019-09-24 20:27:03', '2019-09-24 20:27:03'),
(468, 'sent', 'Aut.', 'Adipisci.', 'Deleniti voluptatem aliquam id.', '2019-09-25 06:27:03', '2019-09-24 20:27:03', '2019-09-24 20:27:03'),
(469, 'sent', 'Id.', 'Molestias.', 'Aut consectetur sapiente aliquam et.', '2019-09-25 06:27:03', '2019-09-24 20:27:03', '2019-09-24 20:27:03'),
(470, 'sent', 'Qui.', 'Officia.', 'In atque sint molestias maxime et.', '2019-09-25 06:27:03', '2019-09-24 20:27:03', '2019-09-24 20:27:03'),
(471, 'sent', 'Quod.', 'Culpa.', 'Sapiente et provident cumque.', '2019-09-25 06:27:03', '2019-09-24 20:27:03', '2019-09-24 20:27:03'),
(472, 'sent', 'Ut.', 'Sit ut.', 'Quod cupiditate nemo dolorem dicta.', '2019-09-25 06:27:03', '2019-09-24 20:27:03', '2019-09-24 20:27:03'),
(473, 'sent', 'Eos.', 'Eveniet.', 'Ut ab voluptatem rerum cumque quis.', '2019-09-25 06:27:03', '2019-09-24 20:27:03', '2019-09-24 20:27:03'),
(474, 'sent', 'Aut.', 'In.', 'Ex sunt ad non laborum suscipit non.', '2019-09-25 06:27:03', '2019-09-24 20:27:03', '2019-09-24 20:27:03'),
(475, 'sent', 'Fuga.', 'Nobis.', 'Quod labore in et necessitatibus et.', '2019-09-25 06:27:03', '2019-09-24 20:27:03', '2019-09-24 20:27:03'),
(476, 'sent', 'Id.', 'Animi.', 'Modi cupiditate porro enim sit.', '2019-09-25 06:27:03', '2019-09-24 20:27:03', '2019-09-24 20:27:03'),
(477, 'sent', 'Nemo.', 'Magnam.', 'Voluptas assumenda enim nemo vero ea.', '2019-09-25 06:27:03', '2019-09-24 20:27:03', '2019-09-24 20:27:03'),
(478, 'sent', 'Eos.', 'Vel.', 'Quos ea at sint.', '2019-09-25 06:27:03', '2019-09-24 20:27:03', '2019-09-24 20:27:03'),
(479, 'sent', 'Sit.', 'Qui est.', 'Et quaerat veritatis hic dolorum.', '2019-09-25 06:27:03', '2019-09-24 20:27:03', '2019-09-24 20:27:03'),
(480, 'sent', 'Enim.', 'Qui odit.', 'Deserunt minus quo ut eaque quo.', '2019-09-25 06:27:03', '2019-09-24 20:27:03', '2019-09-24 20:27:03'),
(481, 'sent', 'Quos.', 'Et vitae.', 'Ex suscipit facere et aut assumenda.', '2019-09-25 06:27:03', '2019-09-24 20:27:03', '2019-09-24 20:27:03'),
(482, 'sent', 'Qui.', 'Corrupti.', 'Sed numquam in enim et.', '2019-09-25 06:27:03', '2019-09-24 20:27:03', '2019-09-24 20:27:03'),
(483, 'sent', 'Sunt.', 'Rem in.', 'Ut reiciendis quae qui.', '2019-09-25 06:27:03', '2019-09-24 20:27:03', '2019-09-24 20:27:03'),
(484, 'sent', 'Illo.', 'At quia.', 'Sed est id hic nisi.', '2019-09-25 06:27:03', '2019-09-24 20:27:03', '2019-09-24 20:27:03'),
(485, 'sent', 'Est.', 'Officiis.', 'Dicta eos officiis sequi sed ut.', '2019-09-25 06:27:03', '2019-09-24 20:27:03', '2019-09-24 20:27:03'),
(486, 'sent', 'Sit.', 'Eum at ea.', 'Et iusto beatae ipsam qui.', '2019-09-25 06:27:03', '2019-09-24 20:27:03', '2019-09-24 20:27:03'),
(487, 'sent', 'Nam.', 'Libero.', 'Libero quisquam quaerat maxime placeat.', '2019-09-25 06:27:03', '2019-09-24 20:27:03', '2019-09-24 20:27:03'),
(488, 'sent', 'Modi.', 'Nulla.', 'Veritatis sapiente nam praesentium et.', '2019-09-25 06:27:03', '2019-09-24 20:27:03', '2019-09-24 20:27:03'),
(489, 'sent', 'Nemo.', 'Quos sit.', 'Et expedita rerum soluta.', '2019-09-25 06:27:03', '2019-09-24 20:27:03', '2019-09-24 20:27:03'),
(490, 'sent', 'In.', 'Est.', 'Nisi debitis ullam magnam accusamus.', '2019-09-25 06:27:03', '2019-09-24 20:27:03', '2019-09-24 20:27:03'),
(491, 'sent', 'Non.', 'Voluptas.', 'Similique distinctio harum sed atque.', '2019-09-25 06:27:03', '2019-09-24 20:27:03', '2019-09-24 20:27:03'),
(492, 'sent', 'Ut.', 'Modi quia.', 'Ut officia temporibus totam rem facere.', '2019-09-25 06:27:03', '2019-09-24 20:27:03', '2019-09-24 20:27:03'),
(493, 'sent', 'Eum.', 'Nesciunt.', 'Sunt ipsum libero iusto sint.', '2019-09-25 06:27:03', '2019-09-24 20:27:03', '2019-09-24 20:27:03'),
(494, 'sent', 'Ut.', 'Inventore.', 'Pariatur sit eaque aut.', '2019-09-25 06:27:03', '2019-09-24 20:27:03', '2019-09-24 20:27:03'),
(495, 'sent', 'Quis.', 'Occaecati.', 'Quaerat et eaque omnis mollitia.', '2019-09-25 06:27:03', '2019-09-24 20:27:03', '2019-09-24 20:27:03'),
(496, 'sent', 'Nam.', 'Dolorem.', 'Non et harum dignissimos porro optio.', '2019-09-25 06:27:03', '2019-09-24 20:27:03', '2019-09-24 20:27:03'),
(497, 'sent', 'Ut.', 'Minima.', 'Enim aut hic quis earum eum.', '2019-09-25 06:27:03', '2019-09-24 20:27:03', '2019-09-24 20:27:03'),
(498, 'sent', 'Ut.', 'Molestiae.', 'Et odit voluptatem facilis et eaque.', '2019-09-25 06:27:03', '2019-09-24 20:27:03', '2019-09-24 20:27:03'),
(499, 'sent', 'Est.', 'Enim.', 'Impedit quia et nihil odit est labore.', '2019-09-25 06:27:03', '2019-09-24 20:27:03', '2019-09-24 20:27:03'),
(500, 'sent', 'Qui.', 'Qui et.', 'Est qui perspiciatis est.', '2019-09-25 06:27:03', '2019-09-24 20:27:03', '2019-09-24 20:27:03'),
(501, 'sent', 'Quos.', 'Voluptas.', 'Molestiae incidunt suscipit autem.', '2019-09-25 06:27:03', '2019-09-24 20:27:03', '2019-09-24 20:27:03'),
(502, 'sent', 'Et.', 'Illum non.', 'Ut iste id enim et consectetur aut.', '2019-09-25 06:27:03', '2019-09-24 20:27:03', '2019-09-24 20:27:03'),
(503, 'sent', 'Ut.', 'Et.', 'Qui sit corporis sit.', '2019-09-25 06:27:03', '2019-09-24 20:27:03', '2019-09-24 20:27:03'),
(504, 'sent', 'Enim.', 'Facilis.', 'Vel autem rerum soluta non.', '2019-09-25 06:27:03', '2019-09-24 20:27:03', '2019-09-24 20:27:03'),
(505, 'sent', 'Et.', 'Modi.', 'Eos voluptate est non aliquam.', '2019-09-25 06:27:03', '2019-09-24 20:27:03', '2019-09-24 20:27:03'),
(506, 'sent', 'Et.', 'Placeat.', 'Placeat neque quia sed quis.', '2019-09-25 06:27:03', '2019-09-24 20:27:03', '2019-09-24 20:27:03'),
(507, 'sent', 'Ea.', 'Voluptas.', 'Molestiae iste facilis magni et qui.', '2019-09-25 06:27:03', '2019-09-24 20:27:03', '2019-09-24 20:27:03'),
(508, 'sent', 'Ea.', 'Delectus.', 'Nulla debitis voluptas officia.', '2019-09-25 06:27:03', '2019-09-24 20:27:03', '2019-09-24 20:27:03'),
(509, 'sent', 'Sed.', 'Et.', 'Esse autem est et et.', '2019-09-25 06:27:03', '2019-09-24 20:27:03', '2019-09-24 20:27:03'),
(510, 'sent', 'Quis.', 'Voluptas.', 'Est hic ipsa quis magnam facilis.', '2019-09-25 06:27:03', '2019-09-24 20:27:03', '2019-09-24 20:27:03'),
(511, 'sent', 'Ea.', 'Atque.', 'Repellat tempore quae perspiciatis.', '2019-09-25 06:27:03', '2019-09-24 20:27:03', '2019-09-24 20:27:03'),
(512, 'sent', 'Vel.', 'Dolores.', 'Ut ut soluta numquam dolorem.', '2019-09-25 06:27:03', '2019-09-24 20:27:03', '2019-09-24 20:27:03'),
(513, 'sent', 'Sit.', 'Fuga vero.', 'Aut velit ut facilis dolores.', '2019-09-25 06:27:03', '2019-09-24 20:27:03', '2019-09-24 20:27:03'),
(514, 'sent', 'Ut.', 'Quaerat.', 'Excepturi tenetur aut debitis quisquam.', '2019-09-25 06:27:03', '2019-09-24 20:27:03', '2019-09-24 20:27:03'),
(515, 'sent', 'Sed.', 'Qui.', 'Reiciendis fuga beatae et optio.', '2019-09-25 06:27:03', '2019-09-24 20:27:03', '2019-09-24 20:27:03'),
(516, 'sent', 'Quia.', 'Aut.', 'Possimus quis porro sed et quo.', '2019-09-25 06:27:03', '2019-09-24 20:27:03', '2019-09-24 20:27:03'),
(517, 'sent', 'A.', 'Impedit.', 'Harum error optio ipsa adipisci.', '2019-09-25 06:27:03', '2019-09-24 20:27:03', '2019-09-24 20:27:03'),
(518, 'sent', 'Quia.', 'Quod.', 'Eos qui qui qui recusandae facere.', '2019-09-25 06:27:03', '2019-09-24 20:27:03', '2019-09-24 20:27:03'),
(519, 'sent', 'Quis.', 'Eos in.', 'Sed vel excepturi amet est facere.', '2019-09-25 06:27:03', '2019-09-24 20:27:03', '2019-09-24 20:27:03'),
(520, 'sent', 'Ut.', 'Nobis.', 'Facere cum molestiae magni distinctio.', '2019-09-25 06:27:03', '2019-09-24 20:27:03', '2019-09-24 20:27:03'),
(521, 'sent', 'Est.', 'Non.', 'Qui ad esse nobis laborum qui.', '2019-09-25 06:27:03', '2019-09-24 20:27:03', '2019-09-24 20:27:03'),
(522, 'sent', 'Sunt.', 'Nulla et.', 'Repellat aut nostrum dicta rerum.', '2019-09-25 06:27:03', '2019-09-24 20:27:03', '2019-09-24 20:27:03'),
(523, 'sent', 'Eius.', 'Quia.', 'Rem optio doloribus ratione.', '2019-09-25 06:27:03', '2019-09-24 20:27:03', '2019-09-24 20:27:03'),
(524, 'sent', 'Aut.', 'Neque.', 'Eligendi velit ut amet sed et expedita.', '2019-09-25 06:27:03', '2019-09-24 20:27:03', '2019-09-24 20:27:03'),
(525, 'sent', 'Cum.', 'Quisquam.', 'Earum qui incidunt fuga quis autem.', '2019-09-25 06:27:03', '2019-09-24 20:27:03', '2019-09-24 20:27:03'),
(526, 'sent', 'Illo.', 'Natus.', 'Nobis rerum quidem sed nisi ullam.', '2019-09-25 06:27:03', '2019-09-24 20:27:03', '2019-09-24 20:27:03'),
(527, 'sent', 'Iste.', 'Dolor.', 'Ea ea eos ad in quaerat.', '2019-09-25 06:27:03', '2019-09-24 20:27:03', '2019-09-24 20:27:03'),
(528, 'sent', 'Aut.', 'Ratione.', 'Voluptatem dolorum fuga consectetur.', '2019-09-25 06:27:03', '2019-09-24 20:27:03', '2019-09-24 20:27:03'),
(529, 'sent', 'Aut.', 'Nihil hic.', 'Tempore eaque ea odit voluptatibus.', '2019-09-25 06:27:03', '2019-09-24 20:27:03', '2019-09-24 20:27:03'),
(530, 'sent', 'Est.', 'Unde.', 'Quo vel eos animi et.', '2019-09-25 06:27:03', '2019-09-24 20:27:03', '2019-09-24 20:27:03'),
(531, 'sent', 'Et.', 'Facere.', 'Consequatur ex fugit iure perspiciatis.', '2019-09-25 06:27:03', '2019-09-24 20:27:03', '2019-09-24 20:27:03'),
(532, 'sent', 'Ut.', 'Neque.', 'Accusamus tenetur aut dicta sunt eum.', '2019-09-25 06:27:03', '2019-09-24 20:27:03', '2019-09-24 20:27:03'),
(533, 'sent', 'Eius.', 'Ipsa et.', 'Dolores et beatae dolores ut.', '2019-09-25 06:27:03', '2019-09-24 20:27:03', '2019-09-24 20:27:03'),
(534, 'sent', 'In.', 'Voluptate.', 'Quia provident rerum nobis fuga.', '2019-09-25 06:27:03', '2019-09-24 20:27:03', '2019-09-24 20:27:03'),
(535, 'sent', 'Ut.', 'Et autem.', 'Autem et fugiat aut omnis sunt.', '2019-09-25 06:27:03', '2019-09-24 20:27:03', '2019-09-24 20:27:03'),
(536, 'sent', 'Quis.', 'Ea.', 'Accusantium qui nemo nobis harum est.', '2019-09-25 06:27:03', '2019-09-24 20:27:03', '2019-09-24 20:27:03'),
(537, 'sent', 'Vel.', 'Ea id.', 'Nihil excepturi officia debitis omnis.', '2019-09-25 06:27:03', '2019-09-24 20:27:03', '2019-09-24 20:27:03'),
(538, 'sent', 'Est.', 'Molestiae.', 'Doloremque quia sed fugiat omnis sequi.', '2019-09-25 06:27:03', '2019-09-24 20:27:03', '2019-09-24 20:27:03'),
(539, 'sent', 'Nam.', 'Animi.', 'Dicta voluptatum fugiat omnis dolorem.', '2019-09-25 06:27:03', '2019-09-24 20:27:03', '2019-09-24 20:27:03'),
(540, 'sent', 'Ut.', 'Atque.', 'Sunt earum in quia debitis.', '2019-09-25 06:27:03', '2019-09-24 20:27:03', '2019-09-24 20:27:03'),
(541, 'sent', 'Iure.', 'Molestias.', 'Sed ab fugit id.', '2019-09-25 06:27:03', '2019-09-24 20:27:03', '2019-09-24 20:27:03'),
(542, 'sent', 'Et.', 'Dolor ut.', 'Soluta magni est omnis autem iste in.', '2019-09-25 06:27:03', '2019-09-24 20:27:03', '2019-09-24 20:27:03'),
(543, 'sent', 'Et.', 'Non aut.', 'Similique esse excepturi cupiditate.', '2019-09-25 06:27:03', '2019-09-24 20:27:03', '2019-09-24 20:27:03'),
(544, 'sent', 'Ipsa.', 'Ut in sit.', 'Laboriosam deserunt odit ut facilis.', '2019-09-25 06:27:03', '2019-09-24 20:27:03', '2019-09-24 20:27:03'),
(545, 'sent', 'Quia.', 'Officia.', 'Voluptas qui dolores ipsam.', '2019-09-25 06:27:03', '2019-09-24 20:27:03', '2019-09-24 20:27:03'),
(546, 'sent', 'Iste.', 'Excepturi.', 'Voluptas facere aut maiores tempora.', '2019-09-25 06:27:03', '2019-09-24 20:27:03', '2019-09-24 20:27:03'),
(547, 'sent', 'Vel.', 'Culpa.', 'Esse hic et nisi.', '2019-09-25 06:27:03', '2019-09-24 20:27:03', '2019-09-24 20:27:03'),
(548, 'sent', 'Aut.', 'Eligendi.', 'Velit ab laborum ipsum omnis.', '2019-09-25 06:27:03', '2019-09-24 20:27:03', '2019-09-24 20:27:03'),
(549, 'sent', 'Et.', 'Dolorum.', 'Sit sit eum vitae dolores commodi et.', '2019-09-25 06:27:03', '2019-09-24 20:27:03', '2019-09-24 20:27:03'),
(550, 'sent', 'Eum.', 'Enim unde.', 'Hic atque quo fuga magni.', '2019-09-25 06:27:03', '2019-09-24 20:27:03', '2019-09-24 20:27:03'),
(551, 'sent', 'Nam.', 'Aut.', 'Est aut in vel. Et id accusamus id.', '2019-09-25 06:27:03', '2019-09-24 20:27:03', '2019-09-24 20:27:03'),
(552, 'sent', 'Enim.', 'Ducimus.', 'Aut sed sit ut quo consequatur.', '2019-09-25 06:27:03', '2019-09-24 20:27:03', '2019-09-24 20:27:03'),
(553, 'sent', 'Unde.', 'Et rerum.', 'Corrupti ratione sed doloremque alias.', '2019-09-25 06:27:03', '2019-09-24 20:27:03', '2019-09-24 20:27:03'),
(554, 'sent', 'Aut.', 'Quae quas.', 'Distinctio quis fugit accusamus.', '2019-09-25 06:27:03', '2019-09-24 20:27:03', '2019-09-24 20:27:03'),
(555, 'sent', 'Qui.', 'Et.', 'Et nisi nemo voluptatum.', '2019-09-25 06:27:03', '2019-09-24 20:27:03', '2019-09-24 20:27:03'),
(556, 'sent', 'Quis.', 'Natus at.', 'Impedit nulla facere et.', '2019-09-25 06:27:03', '2019-09-24 20:27:03', '2019-09-24 20:27:03'),
(557, 'sent', 'Odio.', 'Deserunt.', 'Sed quis molestiae vel et.', '2019-09-25 06:27:03', '2019-09-24 20:27:03', '2019-09-24 20:27:03'),
(558, 'sent', 'Quia.', 'Enim.', 'Et saepe rerum sint sunt deserunt vel.', '2019-09-25 06:27:03', '2019-09-24 20:27:03', '2019-09-24 20:27:03'),
(559, 'sent', 'Est.', 'Numquam.', 'Quasi ad dolorem mollitia.', '2019-09-25 06:27:03', '2019-09-24 20:27:03', '2019-09-24 20:27:03'),
(560, 'sent', 'Quia.', 'Quas est.', 'Quia ea tempora quidem nemo.', '2019-09-25 06:27:03', '2019-09-24 20:27:03', '2019-09-24 20:27:03'),
(561, 'sent', 'Ipsa.', 'Accusamus.', 'Ex sed dolorem dolorem sunt.', '2019-09-25 06:27:03', '2019-09-24 20:27:03', '2019-09-24 20:27:03'),
(562, 'sent', 'Aut.', 'Quo.', 'Dignissimos ipsam ipsa sint omnis.', '2019-09-25 06:27:03', '2019-09-24 20:27:03', '2019-09-24 20:27:03'),
(563, 'sent', 'Sint.', 'Totam a.', 'Odio nisi voluptas sint quos.', '2019-09-25 06:27:03', '2019-09-24 20:27:03', '2019-09-24 20:27:03'),
(564, 'sent', 'Iure.', 'Dolores.', 'Ullam eum sed quasi dolorem dolor.', '2019-09-25 06:27:03', '2019-09-24 20:27:03', '2019-09-24 20:27:03'),
(565, 'sent', 'Sint.', 'Sit.', 'Nisi libero sint exercitationem aut.', '2019-09-25 06:27:03', '2019-09-24 20:27:03', '2019-09-24 20:27:03'),
(566, 'sent', 'Eos.', 'Repellat.', 'Omnis eos voluptatem sed molestiae.', '2019-09-25 06:27:03', '2019-09-24 20:27:03', '2019-09-24 20:27:03'),
(567, 'sent', 'Quia.', 'Est culpa.', 'Ex eos temporibus laboriosam dolorem.', '2019-09-25 06:27:03', '2019-09-24 20:27:03', '2019-09-24 20:27:03'),
(568, 'sent', 'Qui.', 'Tempora.', 'Ea nisi omnis sint id libero.', '2019-09-25 06:27:03', '2019-09-24 20:27:03', '2019-09-24 20:27:03'),
(569, 'sent', 'Sunt.', 'Assumenda.', 'Et eius dolor sit.', '2019-09-25 06:27:03', '2019-09-24 20:27:03', '2019-09-24 20:27:03'),
(570, 'sent', 'Est.', 'Autem aut.', 'In nesciunt ipsa hic ut.', '2019-09-25 06:27:03', '2019-09-24 20:27:03', '2019-09-24 20:27:03'),
(571, 'sent', 'Quo.', 'Provident.', 'Dicta dicta dolor officiis quos.', '2019-09-25 06:27:03', '2019-09-24 20:27:03', '2019-09-24 20:27:03'),
(572, 'sent', 'Sunt.', 'Porro in.', 'Eos similique eos est iste voluptatem.', '2019-09-25 06:27:03', '2019-09-24 20:27:03', '2019-09-24 20:27:03'),
(573, 'sent', 'Quo.', 'Eos.', 'Ex sed et nemo sed.', '2019-09-25 06:27:03', '2019-09-24 20:27:03', '2019-09-24 20:27:03'),
(574, 'sent', 'Non.', 'Accusamus.', 'Ut dolorem voluptas ab magni atque.', '2019-09-25 06:27:03', '2019-09-24 20:27:03', '2019-09-24 20:27:03'),
(575, 'sent', 'Aut.', 'Aliquid.', 'Similique unde repudiandae esse esse.', '2019-09-25 06:27:03', '2019-09-24 20:27:03', '2019-09-24 20:27:03'),
(576, 'sent', 'Quis.', 'Animi.', 'Velit est qui quod fugit.', '2019-09-25 06:27:03', '2019-09-24 20:27:03', '2019-09-24 20:27:03'),
(577, 'sent', 'Et.', 'Ut.', 'Quia dolorem id nihil quasi.', '2019-09-25 06:27:03', '2019-09-24 20:27:03', '2019-09-24 20:27:03'),
(578, 'sent', 'Qui.', 'Quo est.', 'Possimus in velit delectus impedit.', '2019-09-25 06:27:03', '2019-09-24 20:27:03', '2019-09-24 20:27:03'),
(579, 'sent', 'Ex.', 'Quasi.', 'Nulla vel possimus quos enim quod.', '2019-09-25 06:27:03', '2019-09-24 20:27:03', '2019-09-24 20:27:03'),
(580, 'sent', 'Ad.', 'Inventore.', 'Et voluptas tempora possimus iure.', '2019-09-25 06:27:03', '2019-09-24 20:27:03', '2019-09-24 20:27:03'),
(581, 'sent', 'Sit.', 'Hic.', 'Fuga velit excepturi ex odio molestiae.', '2019-09-25 06:27:03', '2019-09-24 20:27:03', '2019-09-24 20:27:03'),
(582, 'sent', 'Et.', 'Natus.', 'Sint numquam et autem ut.', '2019-09-25 06:27:03', '2019-09-24 20:27:03', '2019-09-24 20:27:03'),
(583, 'sent', 'Nisi.', 'Ut quis.', 'Neque et ut ut pariatur magni rerum.', '2019-09-25 06:27:03', '2019-09-24 20:27:03', '2019-09-24 20:27:03'),
(584, 'sent', 'In.', 'Facilis.', 'Autem consequuntur magni tempore et.', '2019-09-25 06:27:03', '2019-09-24 20:27:03', '2019-09-24 20:27:03'),
(585, 'sent', 'In.', 'Adipisci.', 'Quia vero est tempore quam eum.', '2019-09-25 06:27:03', '2019-09-24 20:27:03', '2019-09-24 20:27:03'),
(586, 'sent', 'Non.', 'Numquam.', 'Cumque aut possimus itaque molestiae.', '2019-09-25 06:27:03', '2019-09-24 20:27:03', '2019-09-24 20:27:03'),
(587, 'sent', 'Ipsa.', 'Et autem.', 'Modi suscipit neque quam.', '2019-09-25 06:27:03', '2019-09-24 20:27:03', '2019-09-24 20:27:03'),
(588, 'sent', 'Quia.', 'Harum.', 'Provident est libero et nihil error.', '2019-09-25 06:27:03', '2019-09-24 20:27:03', '2019-09-24 20:27:03'),
(589, 'sent', 'Qui.', 'Nam enim.', 'Animi laborum nesciunt ut aut.', '2019-09-25 06:27:03', '2019-09-24 20:27:03', '2019-09-24 20:27:03'),
(590, 'sent', 'Eum.', 'Iste.', 'Et dignissimos quia non animi.', '2019-09-25 06:27:03', '2019-09-24 20:27:03', '2019-09-24 20:27:03'),
(591, 'sent', 'Qui.', 'Minus.', 'Recusandae sit et id placeat.', '2019-09-25 06:27:03', '2019-09-24 20:27:03', '2019-09-24 20:27:03'),
(592, 'sent', 'Ea.', 'Fugit.', 'Culpa debitis molestiae libero et.', '2019-09-25 06:27:03', '2019-09-24 20:27:03', '2019-09-24 20:27:03'),
(593, 'sent', 'Qui.', 'Est.', 'Ea sunt sunt nihil.', '2019-09-25 06:27:03', '2019-09-24 20:27:03', '2019-09-24 20:27:03'),
(594, 'sent', 'Est.', 'Aliquam.', 'Et quaerat adipisci explicabo commodi.', '2019-09-25 06:27:03', '2019-09-24 20:27:03', '2019-09-24 20:27:03'),
(595, 'sent', 'Ut.', 'Ex.', 'Beatae id in rem asperiores.', '2019-09-25 06:27:03', '2019-09-24 20:27:03', '2019-09-24 20:27:03'),
(596, 'sent', 'Quia.', 'Aliquam.', 'Ut qui molestiae libero repellat in.', '2019-09-25 06:27:03', '2019-09-24 20:27:03', '2019-09-24 20:27:03'),
(597, 'sent', 'Non.', 'Aliquid.', 'Sed aspernatur et ratione.', '2019-09-25 06:27:03', '2019-09-24 20:27:03', '2019-09-24 20:27:03'),
(598, 'sent', 'Est.', 'Neque qui.', 'Libero architecto vel optio voluptas.', '2019-09-25 06:27:03', '2019-09-24 20:27:03', '2019-09-24 20:27:03'),
(599, 'sent', 'Rem.', 'Odio id.', 'Sed modi est officiis quasi aut.', '2019-09-25 06:27:03', '2019-09-24 20:27:03', '2019-09-24 20:27:03'),
(600, 'sent', 'Sit.', 'Officiis.', 'Tempora ut quas ex et sint et.', '2019-09-25 06:27:03', '2019-09-24 20:27:03', '2019-09-24 20:27:03'),
(601, 'sent', 'Quas.', 'Sed et.', 'Cum porro et iure nobis et ab.', '2019-09-25 06:27:03', '2019-09-24 20:27:03', '2019-09-24 20:27:03'),
(602, 'sent', 'Odio.', 'Quidem ut.', 'Corporis autem ab est quos.', '2019-09-25 06:27:03', '2019-09-24 20:27:03', '2019-09-24 20:27:03'),
(603, 'sent', 'Qui.', 'Ut.', 'Vel aut velit eos eum.', '2019-09-25 06:27:03', '2019-09-24 20:27:03', '2019-09-24 20:27:03'),
(604, 'sent', 'Et.', 'Molestiae.', 'Provident non ipsam molestiae.', '2019-09-25 06:27:03', '2019-09-24 20:27:03', '2019-09-24 20:27:03'),
(605, 'sent', 'Amet.', 'Molestias.', 'Ducimus totam dolor ut.', '2019-09-25 06:27:03', '2019-09-24 20:27:03', '2019-09-24 20:27:03'),
(606, 'sent', 'Est.', 'Ut.', 'Quasi et recusandae ab.', '2019-09-25 06:27:03', '2019-09-24 20:27:03', '2019-09-24 20:27:03'),
(607, 'sent', 'Aut.', 'Veniam.', 'Libero repudiandae enim et.', '2019-09-25 06:27:03', '2019-09-24 20:27:03', '2019-09-24 20:27:03'),
(608, 'sent', 'Sit.', 'Non.', 'Dicta quis nostrum officia hic ut.', '2019-09-25 06:27:03', '2019-09-24 20:27:03', '2019-09-24 20:27:03'),
(609, 'sent', 'Et.', 'Quis iure.', 'Recusandae officiis vero facere qui et.', '2019-09-25 06:27:03', '2019-09-24 20:27:03', '2019-09-24 20:27:03'),
(610, 'sent', 'Non.', 'A qui.', 'Vel accusantium aliquid quam quam.', '2019-09-25 06:27:03', '2019-09-24 20:27:03', '2019-09-24 20:27:03'),
(611, 'sent', 'Aut.', 'Facilis.', 'Consectetur sed et dolor aut vel.', '2019-09-25 06:27:03', '2019-09-24 20:27:03', '2019-09-24 20:27:03'),
(612, 'sent', 'Illo.', 'Impedit.', 'Et placeat quis in laudantium et.', '2019-09-25 06:27:03', '2019-09-24 20:27:03', '2019-09-24 20:27:03'),
(613, 'sent', 'Et.', 'Aliquam.', 'Magni laborum hic est.', '2019-09-25 06:27:03', '2019-09-24 20:27:03', '2019-09-24 20:27:03'),
(614, 'sent', 'Vel.', 'Delectus.', 'Ut ipsum ea quis natus enim id.', '2019-09-25 06:27:03', '2019-09-24 20:27:03', '2019-09-24 20:27:03'),
(615, 'sent', 'Sint.', 'Et.', 'Beatae rerum molestias ipsum.', '2019-09-25 06:27:03', '2019-09-24 20:27:03', '2019-09-24 20:27:03'),
(616, 'sent', 'Aut.', 'Ut.', 'Suscipit doloribus ratione in.', '2019-09-25 06:27:03', '2019-09-24 20:27:03', '2019-09-24 20:27:03'),
(617, 'sent', 'Id.', 'Et dicta.', 'Consequatur modi tempore ipsam rem ex.', '2019-09-25 06:27:03', '2019-09-24 20:27:03', '2019-09-24 20:27:03'),
(618, 'sent', 'Qui.', 'In autem.', 'Nesciunt in odio dicta corrupti qui ea.', '2019-09-25 06:27:03', '2019-09-24 20:27:03', '2019-09-24 20:27:03'),
(619, 'sent', 'Qui.', 'Unde est.', 'Et nesciunt non quo quibusdam iure.', '2019-09-25 06:27:03', '2019-09-24 20:27:03', '2019-09-24 20:27:03'),
(620, 'sent', 'Amet.', 'Est et.', 'Fuga neque optio qui eos sunt amet.', '2019-09-25 06:27:03', '2019-09-24 20:27:03', '2019-09-24 20:27:03'),
(621, 'sent', 'Et.', 'Quam et a.', 'Iure nisi sunt aut nihil vitae.', '2019-09-25 06:27:03', '2019-09-24 20:27:03', '2019-09-24 20:27:03'),
(622, 'sent', 'Et.', 'Adipisci.', 'Minus sit quasi nobis alias.', '2019-09-25 06:27:03', '2019-09-24 20:27:03', '2019-09-24 20:27:03'),
(623, 'sent', 'Est.', 'Dolor.', 'Quaerat quisquam eos a non placeat qui.', '2019-09-25 06:27:03', '2019-09-24 20:27:03', '2019-09-24 20:27:03'),
(624, 'sent', 'Vel.', 'Dolor.', 'Nulla non non et aliquid.', '2019-09-25 06:27:03', '2019-09-24 20:27:03', '2019-09-24 20:27:03'),
(625, 'sent', 'Qui.', 'Error.', 'Accusamus et accusantium iusto illo.', '2019-09-25 06:27:03', '2019-09-24 20:27:03', '2019-09-24 20:27:03'),
(626, 'sent', 'Sed.', 'Harum.', 'Aut laborum aspernatur quisquam et et.', '2019-09-25 06:27:03', '2019-09-24 20:27:03', '2019-09-24 20:27:03'),
(627, 'sent', 'Odit.', 'Excepturi.', 'Quasi non officiis et dolor in est ab.', '2019-09-25 06:27:03', '2019-09-24 20:27:03', '2019-09-24 20:27:03'),
(628, 'sent', 'Sed.', 'Ab.', 'Totam ea nihil maxime ad.', '2019-09-25 06:27:03', '2019-09-24 20:27:03', '2019-09-24 20:27:03'),
(629, 'sent', 'Nisi.', 'Rerum.', 'Voluptatem unde aliquam qui occaecati.', '2019-09-25 06:27:03', '2019-09-24 20:27:03', '2019-09-24 20:27:03'),
(630, 'sent', 'Et.', 'Ab ut sed.', 'Reprehenderit aut hic nihil.', '2019-09-25 06:27:03', '2019-09-24 20:27:03', '2019-09-24 20:27:03'),
(631, 'sent', 'Ipsa.', 'Maiores.', 'Et ipsam et cum temporibus pariatur.', '2019-09-25 06:27:03', '2019-09-24 20:27:03', '2019-09-24 20:27:03'),
(632, 'sent', 'Ab.', 'Quod.', 'Aut eos voluptas distinctio esse.', '2019-09-25 06:27:03', '2019-09-24 20:27:03', '2019-09-24 20:27:03'),
(633, 'sent', 'Est.', 'Occaecati.', 'Magni aliquam explicabo ut laudantium.', '2019-09-25 06:27:03', '2019-09-24 20:27:03', '2019-09-24 20:27:03'),
(634, 'sent', 'Quod.', 'Neque.', 'Exercitationem sint aut fugiat facere.', '2019-09-25 06:27:03', '2019-09-24 20:27:03', '2019-09-24 20:27:03'),
(635, 'sent', 'Quo.', 'Animi.', 'Necessitatibus qui velit et ut.', '2019-09-25 06:27:03', '2019-09-24 20:27:03', '2019-09-24 20:27:03'),
(636, 'sent', 'Ab.', 'Nulla.', 'Dolorum perferendis quidem nemo earum.', '2019-09-25 06:27:03', '2019-09-24 20:27:03', '2019-09-24 20:27:03'),
(637, 'sent', 'Ab.', 'Sunt.', 'In odio harum sed earum.', '2019-09-25 06:27:03', '2019-09-24 20:27:03', '2019-09-24 20:27:03'),
(638, 'sent', 'Ut.', 'Ut.', 'Quod ad vero ex officia sint quo.', '2019-09-25 06:27:03', '2019-09-24 20:27:03', '2019-09-24 20:27:03'),
(639, 'sent', 'Sunt.', 'Quasi.', 'Non eos rerum similique est.', '2019-09-25 06:27:03', '2019-09-24 20:27:03', '2019-09-24 20:27:03'),
(640, 'sent', 'Ut.', 'Ea.', 'Atque qui porro atque laborum quod.', '2019-09-25 06:27:03', '2019-09-24 20:27:03', '2019-09-24 20:27:03'),
(641, 'sent', 'Sit.', 'Ea minima.', 'Qui quia nihil ut quod.', '2019-09-25 06:27:03', '2019-09-24 20:27:03', '2019-09-24 20:27:03'),
(642, 'sent', 'Sint.', 'Dolores.', 'Odio nemo a et.', '2019-09-25 06:27:03', '2019-09-24 20:27:03', '2019-09-24 20:27:03'),
(643, 'sent', 'A.', 'Officiis.', 'Voluptatem ex quam dolor labore hic.', '2019-09-25 06:27:03', '2019-09-24 20:27:03', '2019-09-24 20:27:03'),
(644, 'sent', 'Ab.', 'Sapiente.', 'Quo a dolor earum quisquam ducimus.', '2019-09-25 06:27:03', '2019-09-24 20:27:03', '2019-09-24 20:27:03'),
(645, 'sent', 'Quis.', 'Debitis.', 'Neque architecto voluptas culpa et.', '2019-09-25 06:27:03', '2019-09-24 20:27:03', '2019-09-24 20:27:03'),
(646, 'sent', 'Eum.', 'Ut ea.', 'Natus corrupti soluta tempora.', '2019-09-25 06:27:03', '2019-09-24 20:27:03', '2019-09-24 20:27:03'),
(647, 'sent', 'Hic.', 'Non.', 'Quisquam fugiat iusto esse.', '2019-09-25 06:27:03', '2019-09-24 20:27:03', '2019-09-24 20:27:03'),
(648, 'sent', 'Amet.', 'Ex eos.', 'Unde voluptatem ea ad fuga nisi ad.', '2019-09-25 06:27:03', '2019-09-24 20:27:03', '2019-09-24 20:27:03'),
(649, 'sent', 'Ex.', 'Nam nihil.', 'Quia omnis tempore ut ut.', '2019-09-25 06:27:03', '2019-09-24 20:27:03', '2019-09-24 20:27:03'),
(650, 'sent', 'Sit.', 'In.', 'Cupiditate velit amet non sed quisquam.', '2019-09-25 06:27:03', '2019-09-24 20:27:03', '2019-09-24 20:27:03'),
(651, 'sent', 'Id.', 'Sit.', 'Voluptas ab omnis quisquam ad.', '2019-09-25 06:27:03', '2019-09-24 20:27:03', '2019-09-24 20:27:03'),
(652, 'sent', 'Qui.', 'Vero.', 'Maxime commodi ad enim et similique.', '2019-09-25 06:27:03', '2019-09-24 20:27:03', '2019-09-24 20:27:03'),
(653, 'sent', 'At.', 'Quaerat.', 'Iusto aut sunt neque.', '2019-09-25 06:27:03', '2019-09-24 20:27:03', '2019-09-24 20:27:03'),
(654, 'sent', 'Nemo.', 'Atque.', 'Fuga numquam voluptatibus dolores.', '2019-09-25 06:27:03', '2019-09-24 20:27:03', '2019-09-24 20:27:03'),
(655, 'sent', 'Iste.', 'Natus.', 'Ut maxime alias sit eum.', '2019-09-25 06:27:03', '2019-09-24 20:27:03', '2019-09-24 20:27:03'),
(656, 'sent', 'Sit.', 'Optio et.', 'Quia itaque amet et id.', '2019-09-25 06:27:03', '2019-09-24 20:27:03', '2019-09-24 20:27:03'),
(657, 'sent', 'Id.', 'Quas.', 'Vel provident harum error minima.', '2019-09-25 06:27:03', '2019-09-24 20:27:03', '2019-09-24 20:27:03'),
(658, 'sent', 'Aut.', 'Similique.', 'Est pariatur velit dignissimos et hic.', '2019-09-25 06:27:03', '2019-09-24 20:27:03', '2019-09-24 20:27:03'),
(659, 'sent', 'Ea.', 'Pariatur.', 'Ut et minus ut atque dolorem molestiae.', '2019-09-25 06:27:03', '2019-09-24 20:27:03', '2019-09-24 20:27:03'),
(660, 'sent', 'Nam.', 'Ut quo.', 'Saepe veniam debitis qui ducimus.', '2019-09-25 06:27:03', '2019-09-24 20:27:03', '2019-09-24 20:27:03'),
(661, 'sent', 'Qui.', 'Nostrum.', 'Doloribus mollitia non neque ratione.', '2019-09-25 06:27:03', '2019-09-24 20:27:03', '2019-09-24 20:27:03'),
(662, 'sent', 'Ea.', 'In.', 'Dolor eos non quod.', '2019-09-25 06:27:03', '2019-09-24 20:27:03', '2019-09-24 20:27:03'),
(663, 'sent', 'Ut.', 'Nihil.', 'Quod maiores repudiandae ut qui.', '2019-09-25 06:27:03', '2019-09-24 20:27:03', '2019-09-24 20:27:03'),
(664, 'sent', 'Qui.', 'Illo.', 'In illo amet dolorem aut.', '2019-09-25 06:27:03', '2019-09-24 20:27:03', '2019-09-24 20:27:03'),
(665, 'sent', 'Quo.', 'Aperiam.', 'Blanditiis et accusantium vitae ea.', '2019-09-25 06:27:03', '2019-09-24 20:27:03', '2019-09-24 20:27:03'),
(666, 'sent', 'Sunt.', 'Totam.', 'Aut enim sequi quia occaecati.', '2019-09-25 06:27:03', '2019-09-24 20:27:03', '2019-09-24 20:27:03'),
(667, 'sent', 'Et.', 'Occaecati.', 'Eos iusto quas a ex.', '2019-09-25 06:27:03', '2019-09-24 20:27:03', '2019-09-24 20:27:03'),
(668, 'sent', 'Rem.', 'Sed et.', 'Laborum aut at itaque odit.', '2019-09-25 06:27:03', '2019-09-24 20:27:03', '2019-09-24 20:27:03'),
(669, 'sent', 'Ea.', 'Et.', 'Quam iste enim adipisci incidunt.', '2019-09-25 06:27:03', '2019-09-24 20:27:03', '2019-09-24 20:27:03'),
(670, 'sent', 'Ad.', 'Dicta.', 'Dolor ipsam quis et laudantium.', '2019-09-25 06:27:03', '2019-09-24 20:27:03', '2019-09-24 20:27:03'),
(671, 'sent', 'Sunt.', 'Nihil et.', 'Aut atque alias aut aut.', '2019-09-25 06:27:03', '2019-09-24 20:27:03', '2019-09-24 20:27:03'),
(672, 'sent', 'Quae.', 'Aperiam.', 'Error porro temporibus aut facere.', '2019-09-25 06:27:03', '2019-09-24 20:27:03', '2019-09-24 20:27:03'),
(673, 'sent', 'Et.', 'Itaque.', 'Illo iure eveniet qui.', '2019-09-25 06:27:03', '2019-09-24 20:27:03', '2019-09-24 20:27:03'),
(674, 'sent', 'Sed.', 'Eos.', 'Quis voluptates id impedit quae.', '2019-09-25 06:27:03', '2019-09-24 20:27:03', '2019-09-24 20:27:03'),
(675, 'sent', 'Qui.', 'Sed ex.', 'Iste consequatur voluptates dolore.', '2019-09-25 06:27:03', '2019-09-24 20:27:03', '2019-09-24 20:27:03'),
(676, 'sent', 'Quas.', 'Quibusdam.', 'Saepe tenetur totam veniam et nihil.', '2019-09-25 06:27:03', '2019-09-24 20:27:03', '2019-09-24 20:27:03'),
(677, 'sent', 'Ut.', 'Vel a et.', 'Fugiat deserunt nihil quia dolore.', '2019-09-25 06:27:03', '2019-09-24 20:27:03', '2019-09-24 20:27:03'),
(678, 'sent', 'Est.', 'Nihil.', 'Et aliquam facilis voluptatum.', '2019-09-25 06:27:03', '2019-09-24 20:27:03', '2019-09-24 20:27:03'),
(679, 'sent', 'Quo.', 'Qui ut.', 'Labore sit nam et dolores enim.', '2019-09-25 06:27:03', '2019-09-24 20:27:03', '2019-09-24 20:27:03'),
(680, 'sent', 'Sit.', 'Non qui.', 'Et voluptas provident iusto maiores.', '2019-09-25 06:27:03', '2019-09-24 20:27:03', '2019-09-24 20:27:03'),
(681, 'sent', 'Aut.', 'Alias.', 'Sit iusto voluptas qui et eligendi.', '2019-09-25 06:27:03', '2019-09-24 20:27:03', '2019-09-24 20:27:03'),
(682, 'sent', 'Sed.', 'Unde quod.', 'Eius omnis et amet voluptatum.', '2019-09-25 06:27:03', '2019-09-24 20:27:03', '2019-09-24 20:27:03'),
(683, 'sent', 'Eius.', 'Maiores.', 'Nesciunt aliquid totam ut.', '2019-09-25 06:27:03', '2019-09-24 20:27:03', '2019-09-24 20:27:03'),
(684, 'sent', 'Hic.', 'Magnam.', 'Quia porro neque accusamus.', '2019-09-25 06:27:03', '2019-09-24 20:27:03', '2019-09-24 20:27:03'),
(685, 'sent', 'Sed.', 'Non dolor.', 'Sit dolor similique sed non rerum.', '2019-09-25 06:27:03', '2019-09-24 20:27:03', '2019-09-24 20:27:03'),
(686, 'sent', 'Id.', 'Dolorem.', 'Dicta iusto sed non et error.', '2019-09-25 06:27:03', '2019-09-24 20:27:03', '2019-09-24 20:27:03'),
(687, 'sent', 'In.', 'Ad enim.', 'Est dolorem est et velit.', '2019-09-25 06:27:03', '2019-09-24 20:27:03', '2019-09-24 20:27:03'),
(688, 'sent', 'Qui.', 'Sit sed.', 'Ut at inventore quia cum aut sunt.', '2019-09-25 06:27:03', '2019-09-24 20:27:03', '2019-09-24 20:27:03'),
(689, 'sent', 'Et.', 'Quaerat.', 'Aut tempora eos similique eos.', '2019-09-25 06:27:03', '2019-09-24 20:27:03', '2019-09-24 20:27:03'),
(690, 'sent', 'Sint.', 'Aut.', 'Et cumque deserunt a optio.', '2019-09-25 06:27:03', '2019-09-24 20:27:03', '2019-09-24 20:27:03'),
(691, 'sent', 'Cum.', 'Iusto sed.', 'Minima iusto quia vitae et.', '2019-09-25 06:27:03', '2019-09-24 20:27:03', '2019-09-24 20:27:03'),
(692, 'sent', 'Sit.', 'Ut.', 'Neque sint ea quia.', '2019-09-25 06:27:03', '2019-09-24 20:27:03', '2019-09-24 20:27:03'),
(693, 'sent', 'Et.', 'Commodi.', 'Itaque aut cumque vel vero ex.', '2019-09-25 06:27:03', '2019-09-24 20:27:03', '2019-09-24 20:27:03'),
(694, 'sent', 'Qui.', 'Dolores.', 'Error reprehenderit fugiat dolor.', '2019-09-25 06:27:03', '2019-09-24 20:27:03', '2019-09-24 20:27:03'),
(695, 'sent', 'Ex.', 'Harum in.', 'Et nisi eveniet necessitatibus omnis.', '2019-09-25 06:27:03', '2019-09-24 20:27:03', '2019-09-24 20:27:03'),
(696, 'sent', 'Ut.', 'Culpa.', 'Ut dolorem velit voluptatem qui.', '2019-09-25 06:27:03', '2019-09-24 20:27:03', '2019-09-24 20:27:03'),
(697, 'sent', 'Sed.', 'Maxime.', 'Enim qui officia eum.', '2019-09-25 06:27:03', '2019-09-24 20:27:03', '2019-09-24 20:27:03'),
(698, 'sent', 'Ut.', 'Nam.', 'At tenetur sit est impedit nostrum.', '2019-09-25 06:27:03', '2019-09-24 20:27:03', '2019-09-24 20:27:03'),
(699, 'sent', 'Est.', 'Sapiente.', 'Ipsa aut ipsa non dignissimos modi id.', '2019-09-25 06:27:03', '2019-09-24 20:27:03', '2019-09-24 20:27:03'),
(700, 'sent', 'Vel.', 'Natus.', 'Et ad vitae dolores consequuntur et.', '2019-09-25 06:27:03', '2019-09-24 20:27:03', '2019-09-24 20:27:03'),
(701, 'sent', 'Non.', 'Est.', 'Non quam ut nemo esse.', '2019-09-25 06:27:03', '2019-09-24 20:27:03', '2019-09-24 20:27:03'),
(702, 'sent', 'Nisi.', 'Ea quia.', 'Aut vel iste dolore.', '2019-09-25 06:27:03', '2019-09-24 20:27:03', '2019-09-24 20:27:03'),
(703, 'sent', 'Ea.', 'Excepturi.', 'Omnis occaecati ab adipisci eos in.', '2019-09-25 06:27:03', '2019-09-24 20:27:03', '2019-09-24 20:27:03'),
(704, 'sent', 'Et.', 'Non.', 'Non hic optio in libero.', '2019-09-25 06:27:03', '2019-09-24 20:27:03', '2019-09-24 20:27:03'),
(705, 'sent', 'Illo.', 'Atque aut.', 'Iusto nihil id pariatur.', '2019-09-25 06:27:03', '2019-09-24 20:27:03', '2019-09-24 20:27:03'),
(706, 'sent', 'Ad.', 'Ipsa rem.', 'Eos rerum voluptatem in.', '2019-09-25 06:27:03', '2019-09-24 20:27:03', '2019-09-24 20:27:03'),
(707, 'sent', 'Quam.', 'Ad.', 'Aut deserunt modi quia.', '2019-09-25 06:27:03', '2019-09-24 20:27:03', '2019-09-24 20:27:03'),
(708, 'sent', 'Nisi.', 'Deserunt.', 'Quis est est eius rem voluptatum optio.', '2019-09-25 06:27:03', '2019-09-24 20:27:03', '2019-09-24 20:27:03'),
(709, 'sent', 'Aut.', 'Quia.', 'Culpa et quae voluptas.', '2019-09-25 06:27:03', '2019-09-24 20:27:03', '2019-09-24 20:27:03'),
(710, 'sent', 'Aut.', 'Magni.', 'Asperiores quis in qui.', '2019-09-25 06:27:03', '2019-09-24 20:27:03', '2019-09-24 20:27:03'),
(711, 'sent', 'Est.', 'Commodi.', 'Qui ea odit alias rerum est dolore.', '2019-09-25 06:27:03', '2019-09-24 20:27:03', '2019-09-24 20:27:03'),
(712, 'sent', 'Est.', 'Quia et.', 'Eum nulla eum autem enim ipsum.', '2019-09-25 06:27:03', '2019-09-24 20:27:03', '2019-09-24 20:27:03'),
(713, 'sent', 'Aut.', 'Ut.', 'Quo est sint laborum veniam eligendi.', '2019-09-25 06:27:03', '2019-09-24 20:27:03', '2019-09-24 20:27:03'),
(714, 'sent', 'Non.', 'Et at.', 'Magni quia necessitatibus sed.', '2019-09-25 06:27:03', '2019-09-24 20:27:03', '2019-09-24 20:27:03'),
(715, 'sent', 'Est.', 'Ducimus.', 'Dignissimos quo sit modi unde.', '2019-09-25 06:27:03', '2019-09-24 20:27:03', '2019-09-24 20:27:03'),
(716, 'sent', 'Quod.', 'Et.', 'Nisi rerum ex possimus.', '2019-09-25 06:27:03', '2019-09-24 20:27:03', '2019-09-24 20:27:03'),
(717, 'sent', 'Ea.', 'Officia.', 'Aut et commodi dolores corporis.', '2019-09-25 06:27:03', '2019-09-24 20:27:03', '2019-09-24 20:27:03'),
(718, 'sent', 'Sit.', 'Quaerat.', 'Rem doloribus dolor saepe.', '2019-09-25 06:27:03', '2019-09-24 20:27:03', '2019-09-24 20:27:03'),
(719, 'sent', 'Eos.', 'Illum est.', 'Provident nihil alias vel iste.', '2019-09-25 06:27:03', '2019-09-24 20:27:03', '2019-09-24 20:27:03'),
(720, 'sent', 'Modi.', 'Adipisci.', 'Fugiat est rerum et natus ad.', '2019-09-25 06:27:03', '2019-09-24 20:27:03', '2019-09-24 20:27:03'),
(721, 'sent', 'Id.', 'Dolor.', 'Ullam tempora ut in itaque.', '2019-09-25 06:27:03', '2019-09-24 20:27:03', '2019-09-24 20:27:03'),
(722, 'sent', 'Non.', 'Non et.', 'Neque dolor numquam quibusdam.', '2019-09-25 06:27:03', '2019-09-24 20:27:03', '2019-09-24 20:27:03'),
(723, 'sent', 'Ea.', 'Non.', 'Rerum sed dolor sunt nihil.', '2019-09-25 06:27:03', '2019-09-24 20:27:03', '2019-09-24 20:27:03'),
(724, 'sent', 'Eos.', 'Eveniet.', 'Est repudiandae ut culpa in.', '2019-09-25 06:27:03', '2019-09-24 20:27:03', '2019-09-24 20:27:03'),
(725, 'sent', 'Modi.', 'Ex.', 'Ipsum quo enim dolor id.', '2019-09-25 06:27:03', '2019-09-24 20:27:03', '2019-09-24 20:27:03'),
(726, 'sent', 'Enim.', 'Non.', 'Sunt ea cum ratione.', '2019-09-25 06:27:03', '2019-09-24 20:27:03', '2019-09-24 20:27:03'),
(727, 'sent', 'Ut.', 'Libero.', 'Non commodi numquam aliquam aperiam.', '2019-09-25 06:27:03', '2019-09-24 20:27:03', '2019-09-24 20:27:03'),
(728, 'sent', 'Sunt.', 'Et magni.', 'Aut aperiam enim quasi dignissimos aut.', '2019-09-25 06:27:03', '2019-09-24 20:27:03', '2019-09-24 20:27:03'),
(729, 'sent', 'Amet.', 'Et.', 'Consequuntur ut aspernatur voluptatum.', '2019-09-25 06:27:03', '2019-09-24 20:27:03', '2019-09-24 20:27:03'),
(730, 'sent', 'Sit.', 'Et enim.', 'Est repellat at et laborum.', '2019-09-25 06:27:03', '2019-09-24 20:27:03', '2019-09-24 20:27:03'),
(731, 'sent', 'Sed.', 'Maxime.', 'Qui ut qui aut aut in ipsam sunt.', '2019-09-25 06:27:03', '2019-09-24 20:27:03', '2019-09-24 20:27:03');
INSERT INTO `notifications` (`id`, `status`, `title`, `subtitle`, `content`, `sent`, `created_at`, `updated_at`) VALUES
(732, 'sent', 'Ex.', 'Quae et.', 'Ut laborum ducimus porro at.', '2019-09-25 06:27:03', '2019-09-24 20:27:03', '2019-09-24 20:27:03'),
(733, 'sent', 'In.', 'Quam.', 'Modi aut sequi aut.', '2019-09-25 06:27:03', '2019-09-24 20:27:03', '2019-09-24 20:27:03'),
(734, 'sent', 'Sed.', 'Dolores.', 'Eius dicta sed sed optio rerum.', '2019-09-25 06:27:03', '2019-09-24 20:27:03', '2019-09-24 20:27:03'),
(735, 'sent', 'Quo.', 'Placeat.', 'Et non rerum voluptates aut ipsam est.', '2019-09-25 06:27:03', '2019-09-24 20:27:03', '2019-09-24 20:27:03'),
(736, 'sent', 'Rem.', 'Aut.', 'Sit sunt aut saepe eligendi sunt.', '2019-09-25 06:27:03', '2019-09-24 20:27:03', '2019-09-24 20:27:03'),
(737, 'sent', 'Unde.', 'Illum.', 'Quasi in eius debitis blanditiis.', '2019-09-25 06:27:03', '2019-09-24 20:27:03', '2019-09-24 20:27:03'),
(738, 'sent', 'Non.', 'Voluptas.', 'Modi veritatis quia aut.', '2019-09-25 06:27:03', '2019-09-24 20:27:03', '2019-09-24 20:27:03'),
(739, 'sent', 'Sint.', 'Neque aut.', 'Aliquid vitae ex voluptatem rerum.', '2019-09-25 06:27:03', '2019-09-24 20:27:03', '2019-09-24 20:27:03'),
(740, 'sent', 'Aut.', 'Dolor.', 'Non soluta ut est velit et quidem hic.', '2019-09-25 06:27:03', '2019-09-24 20:27:03', '2019-09-24 20:27:03'),
(741, 'sent', 'Modi.', 'Quibusdam.', 'Minus est quaerat error earum.', '2019-09-25 06:27:03', '2019-09-24 20:27:03', '2019-09-24 20:27:03'),
(742, 'sent', 'Quis.', 'Qui quod.', 'Eos ut ea hic minus.', '2019-09-25 06:27:03', '2019-09-24 20:27:03', '2019-09-24 20:27:03'),
(743, 'sent', 'Odit.', 'Vitae.', 'Aliquam et magni ullam.', '2019-09-25 06:27:03', '2019-09-24 20:27:03', '2019-09-24 20:27:03'),
(744, 'sent', 'Et.', 'Ut dolor.', 'Illum sed et aut est magni.', '2019-09-25 06:27:03', '2019-09-24 20:27:03', '2019-09-24 20:27:03'),
(745, 'sent', 'Quos.', 'Vitae.', 'Quia ut nisi quae et fugiat.', '2019-09-25 06:27:03', '2019-09-24 20:27:03', '2019-09-24 20:27:03'),
(746, 'sent', 'Sint.', 'Culpa a.', 'Laudantium vero quod consequatur velit.', '2019-09-25 06:27:03', '2019-09-24 20:27:03', '2019-09-24 20:27:03'),
(747, 'sent', 'Et.', 'Dolorum.', 'Odit esse fugiat aut.', '2019-09-25 06:27:03', '2019-09-24 20:27:03', '2019-09-24 20:27:03'),
(748, 'sent', 'Aut.', 'Quis nemo.', 'Ut suscipit non id modi vitae.', '2019-09-25 06:27:03', '2019-09-24 20:27:03', '2019-09-24 20:27:03'),
(749, 'sent', 'Qui.', 'Culpa.', 'Dolorem atque ipsa doloremque.', '2019-09-25 06:27:03', '2019-09-24 20:27:03', '2019-09-24 20:27:03'),
(750, 'sent', 'Eum.', 'Odit eius.', 'Velit rerum quia aut adipisci dicta.', '2019-09-25 06:27:03', '2019-09-24 20:27:03', '2019-09-24 20:27:03'),
(751, 'sent', 'Quos.', 'Nihil.', 'Excepturi dolor neque quia minus.', '2019-09-25 06:27:03', '2019-09-24 20:27:03', '2019-09-24 20:27:03'),
(752, 'sent', 'Iure.', 'Tempora.', 'Aut eaque reprehenderit nostrum et.', '2019-09-25 06:27:03', '2019-09-24 20:27:03', '2019-09-24 20:27:03'),
(753, 'sent', 'Et.', 'Qui.', 'Unde saepe ut nam voluptatum placeat.', '2019-09-25 06:27:03', '2019-09-24 20:27:03', '2019-09-24 20:27:03'),
(754, 'sent', 'Odit.', 'Debitis.', 'Culpa debitis quis velit.', '2019-09-25 06:27:03', '2019-09-24 20:27:03', '2019-09-24 20:27:03'),
(755, 'sent', 'Eum.', 'Tempore.', 'Ea quaerat sit quis nemo.', '2019-09-25 06:27:03', '2019-09-24 20:27:03', '2019-09-24 20:27:03'),
(756, 'sent', 'Quo.', 'Quia non.', 'Est nihil rem quidem.', '2019-09-25 06:27:03', '2019-09-24 20:27:03', '2019-09-24 20:27:03'),
(757, 'sent', 'Est.', 'Modi vel.', 'Vitae aut et corporis ab.', '2019-09-25 06:27:03', '2019-09-24 20:27:03', '2019-09-24 20:27:03'),
(758, 'sent', 'Odit.', 'Est totam.', 'In sint possimus qui id.', '2019-09-25 06:27:03', '2019-09-24 20:27:03', '2019-09-24 20:27:03'),
(759, 'sent', 'Sint.', 'Autem.', 'Ipsa vel hic ut voluptate.', '2019-09-25 06:27:03', '2019-09-24 20:27:03', '2019-09-24 20:27:03'),
(760, 'sent', 'Qui.', 'Nisi.', 'Sapiente ullam sed dolor.', '2019-09-25 06:27:03', '2019-09-24 20:27:03', '2019-09-24 20:27:03'),
(761, 'sent', 'Et.', 'Illum.', 'Delectus expedita id esse vel.', '2019-09-25 06:27:03', '2019-09-24 20:27:03', '2019-09-24 20:27:03'),
(762, 'sent', 'Fuga.', 'Delectus.', 'Sit qui sit veritatis hic.', '2019-09-25 06:27:03', '2019-09-24 20:27:03', '2019-09-24 20:27:03'),
(763, 'sent', 'Eos.', 'Eligendi.', 'Autem blanditiis qui vel.', '2019-09-25 06:27:03', '2019-09-24 20:27:03', '2019-09-24 20:27:03'),
(764, 'sent', 'Et.', 'Fugiat.', 'Dolorem animi perferendis aut commodi.', '2019-09-25 06:27:03', '2019-09-24 20:27:03', '2019-09-24 20:27:03'),
(765, 'sent', 'Et.', 'Molestiae.', 'Alias natus ut ratione non omnis.', '2019-09-25 06:27:03', '2019-09-24 20:27:03', '2019-09-24 20:27:03'),
(766, 'sent', 'Ut.', 'Harum eum.', 'Voluptas eum aut vel natus illum.', '2019-09-25 06:27:03', '2019-09-24 20:27:03', '2019-09-24 20:27:03'),
(767, 'sent', 'Quia.', 'Minima.', 'Sint sit eum error veniam et.', '2019-09-25 06:27:03', '2019-09-24 20:27:03', '2019-09-24 20:27:03'),
(768, 'sent', 'Quae.', 'Possimus.', 'Autem enim soluta quas facilis.', '2019-09-25 06:27:03', '2019-09-24 20:27:03', '2019-09-24 20:27:03'),
(769, 'sent', 'Quis.', 'Adipisci.', 'Est vel et deserunt occaecati.', '2019-09-25 06:27:03', '2019-09-24 20:27:03', '2019-09-24 20:27:03'),
(770, 'sent', 'Sed.', 'Quia.', 'Error sint qui incidunt aut et.', '2019-09-25 06:27:03', '2019-09-24 20:27:03', '2019-09-24 20:27:03'),
(771, 'sent', 'Sit.', 'Incidunt.', 'Et totam temporibus quasi quod laborum.', '2019-09-25 06:27:03', '2019-09-24 20:27:03', '2019-09-24 20:27:03'),
(772, 'sent', 'Modi.', 'Quam eum.', 'Vitae esse et eaque.', '2019-09-25 06:27:03', '2019-09-24 20:27:03', '2019-09-24 20:27:03'),
(773, 'sent', 'Et.', 'Sed quo.', 'Commodi amet ut voluptatem soluta.', '2019-09-25 06:27:03', '2019-09-24 20:27:03', '2019-09-24 20:27:03'),
(774, 'sent', 'Ut.', 'Voluptas.', 'Quas in a est sequi.', '2019-09-25 06:27:03', '2019-09-24 20:27:03', '2019-09-24 20:27:03'),
(775, 'sent', 'Quia.', 'Qui eaque.', 'Non aut voluptatem quis.', '2019-09-25 06:27:03', '2019-09-24 20:27:03', '2019-09-24 20:27:03'),
(776, 'sent', 'Est.', 'Quo.', 'Consequatur et officia quisquam velit.', '2019-09-25 06:27:03', '2019-09-24 20:27:03', '2019-09-24 20:27:03'),
(777, 'sent', 'Vero.', 'Saepe.', 'Rerum deleniti eveniet quos aspernatur.', '2019-09-25 06:27:03', '2019-09-24 20:27:03', '2019-09-24 20:27:03'),
(778, 'sent', 'Sit.', 'Corporis.', 'Aut velit assumenda harum sit.', '2019-09-25 06:27:03', '2019-09-24 20:27:03', '2019-09-24 20:27:03'),
(779, 'sent', 'Qui.', 'Iure sint.', 'Repellat sit ea est deserunt harum.', '2019-09-25 06:27:03', '2019-09-24 20:27:03', '2019-09-24 20:27:03'),
(780, 'sent', 'Sint.', 'Earum.', 'Qui consequatur ut similique.', '2019-09-25 06:27:03', '2019-09-24 20:27:03', '2019-09-24 20:27:03'),
(781, 'sent', 'Nam.', 'Fuga.', 'Et deleniti iste error hic.', '2019-09-25 06:27:03', '2019-09-24 20:27:03', '2019-09-24 20:27:03'),
(782, 'sent', 'Sunt.', 'Eveniet.', 'Aliquam eos cupiditate unde qui id.', '2019-09-25 06:27:03', '2019-09-24 20:27:03', '2019-09-24 20:27:03'),
(783, 'sent', 'Aut.', 'Laborum.', 'Dicta rerum error error nam eveniet.', '2019-09-25 06:27:03', '2019-09-24 20:27:03', '2019-09-24 20:27:03'),
(784, 'sent', 'Sit.', 'Aut.', 'Non fugiat quis et.', '2019-09-25 06:27:03', '2019-09-24 20:27:03', '2019-09-24 20:27:03'),
(785, 'sent', 'Est.', 'In.', 'A non necessitatibus excepturi dolorum.', '2019-09-25 06:27:03', '2019-09-24 20:27:03', '2019-09-24 20:27:03'),
(786, 'sent', 'Ut.', 'Quo quo.', 'Sunt vel deleniti ipsum aut.', '2019-09-25 06:27:03', '2019-09-24 20:27:03', '2019-09-24 20:27:03'),
(787, 'sent', 'Aut.', 'Labore.', 'Doloribus commodi eaque eum iusto.', '2019-09-25 06:27:03', '2019-09-24 20:27:03', '2019-09-24 20:27:03'),
(788, 'sent', 'Quos.', 'Qui.', 'Ipsam molestiae ut qui quidem non.', '2019-09-25 06:27:03', '2019-09-24 20:27:03', '2019-09-24 20:27:03'),
(789, 'sent', 'Et.', 'Et quo.', 'Non reprehenderit hic odio quae.', '2019-09-25 06:27:03', '2019-09-24 20:27:03', '2019-09-24 20:27:03'),
(790, 'sent', 'Iste.', 'Nulla.', 'Ut et at repellendus eum facilis.', '2019-09-25 06:27:03', '2019-09-24 20:27:03', '2019-09-24 20:27:03'),
(791, 'sent', 'Id.', 'Fugiat.', 'Fugit animi temporibus ut voluptate.', '2019-09-25 06:27:03', '2019-09-24 20:27:03', '2019-09-24 20:27:03'),
(792, 'sent', 'Rem.', 'Quas.', 'Amet quaerat dolorum error sed.', '2019-09-25 06:27:03', '2019-09-24 20:27:03', '2019-09-24 20:27:03'),
(793, 'sent', 'Et.', 'Dolorum.', 'Voluptas dignissimos aut facere eum.', '2019-09-25 06:27:03', '2019-09-24 20:27:03', '2019-09-24 20:27:03'),
(794, 'sent', 'Amet.', 'Vel quis.', 'Nam a dolores tempore ducimus.', '2019-09-25 06:27:03', '2019-09-24 20:27:03', '2019-09-24 20:27:03'),
(795, 'sent', 'Illo.', 'Impedit.', 'Nam nemo eius soluta cumque quod.', '2019-09-25 06:27:03', '2019-09-24 20:27:03', '2019-09-24 20:27:03'),
(796, 'sent', 'Quis.', 'Sapiente.', 'Minima in velit laudantium sed et qui.', '2019-09-25 06:27:03', '2019-09-24 20:27:03', '2019-09-24 20:27:03'),
(797, 'sent', 'Non.', 'Molestiae.', 'Qui est totam ut et officia et aut.', '2019-09-25 06:27:03', '2019-09-24 20:27:03', '2019-09-24 20:27:03'),
(798, 'sent', 'In.', 'Mollitia.', 'Est quae sequi omnis illo nam.', '2019-09-25 06:27:03', '2019-09-24 20:27:03', '2019-09-24 20:27:03'),
(799, 'sent', 'Modi.', 'Quidem.', 'Est totam incidunt eum voluptas quam.', '2019-09-25 06:27:03', '2019-09-24 20:27:03', '2019-09-24 20:27:03'),
(800, 'sent', 'Et.', 'Explicabo.', 'Quam aperiam iusto quibusdam et et aut.', '2019-09-25 06:27:03', '2019-09-24 20:27:03', '2019-09-24 20:27:03'),
(801, 'sent', 'Quo.', 'Corrupti.', 'Asperiores rerum velit maiores sit.', '2019-09-25 06:27:03', '2019-09-24 20:27:03', '2019-09-24 20:27:03'),
(802, 'sent', 'Cum.', 'Eos earum.', 'Ullam quia ut vero porro voluptatem.', '2019-09-25 06:27:03', '2019-09-24 20:27:03', '2019-09-24 20:27:03'),
(803, 'sent', 'Nemo.', 'Et.', 'Labore ipsam aperiam soluta quia dicta.', '2019-09-25 06:27:03', '2019-09-24 20:27:03', '2019-09-24 20:27:03'),
(804, 'sent', 'Enim.', 'Aliquid.', 'Tempore non pariatur quod harum.', '2019-09-25 06:27:03', '2019-09-24 20:27:03', '2019-09-24 20:27:03'),
(805, 'sent', 'Quis.', 'Molestiae.', 'Velit incidunt sit corrupti reiciendis.', '2019-09-25 06:27:03', '2019-09-24 20:27:03', '2019-09-24 20:27:03'),
(806, 'sent', 'Cum.', 'Facilis.', 'Totam vel enim id quos.', '2019-09-25 06:27:03', '2019-09-24 20:27:03', '2019-09-24 20:27:03'),
(807, 'sent', 'Ipsa.', 'Impedit.', 'Illum et aliquam et ipsa.', '2019-09-25 06:27:03', '2019-09-24 20:27:03', '2019-09-24 20:27:03'),
(808, 'sent', 'Et.', 'Maiores.', 'Esse consequatur inventore aliquid.', '2019-09-25 06:27:03', '2019-09-24 20:27:03', '2019-09-24 20:27:03'),
(809, 'sent', 'Et.', 'Dolores.', 'Unde ex qui aut nulla.', '2019-09-25 06:27:03', '2019-09-24 20:27:03', '2019-09-24 20:27:03'),
(810, 'sent', 'Sit.', 'Quae.', 'In in nihil ab ipsum.', '2019-09-25 06:27:03', '2019-09-24 20:27:03', '2019-09-24 20:27:03'),
(811, 'sent', 'Quia.', 'Illum.', 'Et laboriosam autem libero eum.', '2019-09-25 06:27:03', '2019-09-24 20:27:03', '2019-09-24 20:27:03'),
(812, 'sent', 'Et.', 'Ipsum.', 'Qui quis est sit similique veritatis.', '2019-09-25 06:27:03', '2019-09-24 20:27:03', '2019-09-24 20:27:03'),
(813, 'sent', 'Et.', 'Incidunt.', 'Ut voluptates unde autem nihil.', '2019-09-25 06:27:03', '2019-09-24 20:27:03', '2019-09-24 20:27:03'),
(814, 'sent', 'Qui.', 'Doloribus.', 'Omnis aut et provident velit.', '2019-09-25 06:27:03', '2019-09-24 20:27:03', '2019-09-24 20:27:03'),
(815, 'sent', 'Eos.', 'Et porro.', 'Dolore enim nihil qui sit omnis ut ea.', '2019-09-25 06:27:03', '2019-09-24 20:27:03', '2019-09-24 20:27:03'),
(816, 'sent', 'Et.', 'Harum.', 'Ab placeat modi deleniti at odit.', '2019-09-25 06:27:03', '2019-09-24 20:27:03', '2019-09-24 20:27:03'),
(817, 'sent', 'Non.', 'Aut.', 'Dolorum minus dolorum non qui.', '2019-09-25 06:27:03', '2019-09-24 20:27:03', '2019-09-24 20:27:03'),
(818, 'sent', 'Unde.', 'Et et.', 'Est sed ut aut neque ipsam.', '2019-09-25 06:27:03', '2019-09-24 20:27:03', '2019-09-24 20:27:03'),
(819, 'sent', 'Quam.', 'Enim sed.', 'Recusandae et reiciendis et aut.', '2019-09-25 06:27:03', '2019-09-24 20:27:03', '2019-09-24 20:27:03'),
(820, 'sent', 'Ab.', 'Error.', 'Harum sunt eum eum itaque.', '2019-09-25 06:27:03', '2019-09-24 20:27:03', '2019-09-24 20:27:03'),
(821, 'sent', 'Ut.', 'Dicta.', 'Ratione accusamus minima culpa sed et.', '2019-09-25 06:27:03', '2019-09-24 20:27:03', '2019-09-24 20:27:03'),
(822, 'sent', 'Quis.', 'Ea.', 'Quas qui temporibus veritatis quia.', '2019-09-25 06:27:03', '2019-09-24 20:27:03', '2019-09-24 20:27:03'),
(823, 'sent', 'Id.', 'Ea.', 'Corporis fuga ullam velit reiciendis.', '2019-09-25 06:27:03', '2019-09-24 20:27:03', '2019-09-24 20:27:03'),
(824, 'sent', 'Ea.', 'Ipsum eos.', 'Consequatur quam dolorem a.', '2019-09-25 06:27:03', '2019-09-24 20:27:03', '2019-09-24 20:27:03'),
(825, 'sent', 'Quia.', 'Dolorem.', 'Autem adipisci temporibus fugit sed.', '2019-09-25 06:27:03', '2019-09-24 20:27:03', '2019-09-24 20:27:03'),
(826, 'sent', 'Eos.', 'Aut.', 'Unde iusto assumenda ipsa qui aut.', '2019-09-25 06:27:03', '2019-09-24 20:27:03', '2019-09-24 20:27:03'),
(827, 'sent', 'Eos.', 'Sed.', 'Sit qui minus et atque quia sit.', '2019-09-25 06:27:03', '2019-09-24 20:27:03', '2019-09-24 20:27:03'),
(828, 'sent', 'Quia.', 'Quis.', 'Voluptatem assumenda sit recusandae.', '2019-09-25 06:27:03', '2019-09-24 20:27:03', '2019-09-24 20:27:03'),
(829, 'sent', 'Odio.', 'Ut.', 'Eum suscipit rerum et porro quaerat.', '2019-09-25 06:27:03', '2019-09-24 20:27:03', '2019-09-24 20:27:03'),
(830, 'sent', 'Ut.', 'Odio quis.', 'Ut commodi voluptas maxime sed.', '2019-09-25 06:27:03', '2019-09-24 20:27:03', '2019-09-24 20:27:03'),
(831, 'sent', 'Aut.', 'Quod a.', 'Voluptatem dolor voluptas iste ea.', '2019-09-25 06:27:03', '2019-09-24 20:27:03', '2019-09-24 20:27:03'),
(832, 'sent', 'Cum.', 'Ea.', 'Et magnam et odio quidem.', '2019-09-25 06:27:03', '2019-09-24 20:27:03', '2019-09-24 20:27:03'),
(833, 'sent', 'Qui.', 'Placeat.', 'Quas vel eum quis.', '2019-09-25 06:27:03', '2019-09-24 20:27:03', '2019-09-24 20:27:03'),
(834, 'sent', 'Non.', 'Ducimus.', 'Expedita vitae eos soluta est dolores.', '2019-09-25 06:27:03', '2019-09-24 20:27:03', '2019-09-24 20:27:03'),
(835, 'sent', 'Et.', 'Facere.', 'Sunt sunt at nulla possimus soluta.', '2019-09-25 06:27:03', '2019-09-24 20:27:03', '2019-09-24 20:27:03'),
(836, 'sent', 'Illo.', 'Et.', 'Eum et maiores consequatur magni.', '2019-09-25 06:27:03', '2019-09-24 20:27:03', '2019-09-24 20:27:03'),
(837, 'sent', 'Iure.', 'Adipisci.', 'Et velit impedit blanditiis.', '2019-09-25 06:27:03', '2019-09-24 20:27:03', '2019-09-24 20:27:03'),
(838, 'sent', 'Quas.', 'Quia.', 'Animi explicabo quos atque facere rem.', '2019-09-25 06:27:03', '2019-09-24 20:27:03', '2019-09-24 20:27:03'),
(839, 'sent', 'Sed.', 'Qui.', 'Id aut iste animi nisi sit facilis ut.', '2019-09-25 06:27:03', '2019-09-24 20:27:03', '2019-09-24 20:27:03'),
(840, 'sent', 'Et.', 'At id.', 'Hic molestias libero quaerat.', '2019-09-25 06:27:03', '2019-09-24 20:27:03', '2019-09-24 20:27:03'),
(841, 'sent', 'Ab.', 'Ab.', 'Aspernatur odio voluptas natus vel.', '2019-09-25 06:27:03', '2019-09-24 20:27:03', '2019-09-24 20:27:03'),
(842, 'sent', 'Sint.', 'Unde.', 'Esse ipsa et nisi quis sit.', '2019-09-25 06:27:03', '2019-09-24 20:27:03', '2019-09-24 20:27:03'),
(843, 'sent', 'Modi.', 'Dolores.', 'Et vitae officia sed molestiae.', '2019-09-25 06:27:03', '2019-09-24 20:27:03', '2019-09-24 20:27:03'),
(844, 'sent', 'Rem.', 'Nulla quo.', 'Unde voluptas est natus quia dicta qui.', '2019-09-25 06:27:03', '2019-09-24 20:27:03', '2019-09-24 20:27:03'),
(845, 'sent', 'Ipsa.', 'Sed.', 'Magni qui modi debitis aut.', '2019-09-25 06:27:03', '2019-09-24 20:27:03', '2019-09-24 20:27:03'),
(846, 'sent', 'Est.', 'Atque.', 'Sint cum molestiae fugiat.', '2019-09-25 06:27:03', '2019-09-24 20:27:03', '2019-09-24 20:27:03'),
(847, 'sent', 'Nisi.', 'Iusto et.', 'Nihil et totam quas eveniet quaerat.', '2019-09-25 06:27:03', '2019-09-24 20:27:03', '2019-09-24 20:27:03'),
(848, 'sent', 'Sed.', 'Ipsa sint.', 'Quisquam et omnis qui sed.', '2019-09-25 06:27:03', '2019-09-24 20:27:03', '2019-09-24 20:27:03'),
(849, 'sent', 'Unde.', 'Id.', 'Minus beatae sunt omnis iste iure aut.', '2019-09-25 06:27:03', '2019-09-24 20:27:03', '2019-09-24 20:27:03'),
(850, 'sent', 'Eum.', 'Dolorem a.', 'Ut a inventore sunt fugiat impedit.', '2019-09-25 06:27:03', '2019-09-24 20:27:03', '2019-09-24 20:27:03'),
(851, 'sent', 'Fuga.', 'Ipsa et.', 'Quibusdam amet sint aut ad.', '2019-09-25 06:27:03', '2019-09-24 20:27:03', '2019-09-24 20:27:03'),
(852, 'sent', 'Non.', 'Rerum.', 'Beatae impedit ea natus nulla.', '2019-09-25 06:27:03', '2019-09-24 20:27:03', '2019-09-24 20:27:03'),
(853, 'sent', 'Ex.', 'Nobis.', 'Perferendis sequi non qui velit quos.', '2019-09-25 06:27:03', '2019-09-24 20:27:03', '2019-09-24 20:27:03'),
(854, 'sent', 'Non.', 'Nihil sit.', 'Officia reprehenderit ab fuga natus.', '2019-09-25 06:27:03', '2019-09-24 20:27:03', '2019-09-24 20:27:03'),
(855, 'sent', 'Aut.', 'Facilis.', 'Sint numquam a cum ex.', '2019-09-25 06:27:03', '2019-09-24 20:27:03', '2019-09-24 20:27:03'),
(856, 'sent', 'Est.', 'Quod qui.', 'Deleniti repudiandae odit quo aut eos.', '2019-09-25 06:27:03', '2019-09-24 20:27:03', '2019-09-24 20:27:03'),
(857, 'sent', 'Sint.', 'Quis.', 'Rerum sed eligendi vero saepe quo.', '2019-09-25 06:27:03', '2019-09-24 20:27:03', '2019-09-24 20:27:03'),
(858, 'sent', 'Sit.', 'Dolorum.', 'Enim dolore aut ipsa sit.', '2019-09-25 06:27:03', '2019-09-24 20:27:03', '2019-09-24 20:27:03'),
(859, 'sent', 'Non.', 'Omnis.', 'Enim modi expedita quae reiciendis.', '2019-09-25 06:27:03', '2019-09-24 20:27:03', '2019-09-24 20:27:03'),
(860, 'sent', 'Quo.', 'Eos neque.', 'Nihil harum consequatur velit quis sit.', '2019-09-25 06:27:03', '2019-09-24 20:27:03', '2019-09-24 20:27:03'),
(861, 'sent', 'At.', 'Sunt.', 'Et et laudantium ut.', '2019-09-25 06:27:03', '2019-09-24 20:27:03', '2019-09-24 20:27:03'),
(862, 'sent', 'Ut.', 'Repellat.', 'Et consequatur sapiente perferendis ex.', '2019-09-25 06:27:03', '2019-09-24 20:27:03', '2019-09-24 20:27:03'),
(863, 'sent', 'In.', 'Omnis.', 'Aut dolorem animi tempore voluptatem.', '2019-09-25 06:27:03', '2019-09-24 20:27:03', '2019-09-24 20:27:03'),
(864, 'sent', 'Amet.', 'Ea quis.', 'Quia saepe quod ipsa rerum.', '2019-09-25 06:27:03', '2019-09-24 20:27:03', '2019-09-24 20:27:03'),
(865, 'sent', 'Et.', 'Maxime.', 'Minima animi aut explicabo.', '2019-09-25 06:27:03', '2019-09-24 20:27:03', '2019-09-24 20:27:03'),
(866, 'sent', 'Unde.', 'Sunt.', 'Eum optio eos iure voluptate non.', '2019-09-25 06:27:03', '2019-09-24 20:27:03', '2019-09-24 20:27:03'),
(867, 'sent', 'Ut.', 'Sint quia.', 'Nisi et aspernatur laboriosam.', '2019-09-25 06:27:03', '2019-09-24 20:27:03', '2019-09-24 20:27:03'),
(868, 'sent', 'Ut.', 'Velit aut.', 'Consequuntur saepe est sit soluta eos.', '2019-09-25 06:27:03', '2019-09-24 20:27:03', '2019-09-24 20:27:03'),
(869, 'sent', 'Est.', 'Illo.', 'Optio quis qui accusamus soluta.', '2019-09-25 06:27:03', '2019-09-24 20:27:03', '2019-09-24 20:27:03'),
(870, 'sent', 'Nemo.', 'Quis sed.', 'Sint aut corporis non eveniet sit.', '2019-09-25 06:27:03', '2019-09-24 20:27:03', '2019-09-24 20:27:03'),
(871, 'sent', 'Ipsa.', 'Aliquid.', 'Nemo dolore nobis sit.', '2019-09-25 06:27:03', '2019-09-24 20:27:03', '2019-09-24 20:27:03'),
(872, 'sent', 'Aut.', 'Quis.', 'Sunt facere qui optio est minima.', '2019-09-25 06:27:03', '2019-09-24 20:27:03', '2019-09-24 20:27:03'),
(873, 'sent', 'Quod.', 'Illum.', 'Eum vitae excepturi et quis.', '2019-09-25 06:27:03', '2019-09-24 20:27:03', '2019-09-24 20:27:03'),
(874, 'sent', 'Iure.', 'Dolorem.', 'Iste explicabo quod nam.', '2019-09-25 06:27:03', '2019-09-24 20:27:03', '2019-09-24 20:27:03'),
(875, 'sent', 'Quia.', 'Tempore.', 'Id voluptas dolorem ex est sed.', '2019-09-25 06:27:03', '2019-09-24 20:27:03', '2019-09-24 20:27:03'),
(876, 'sent', 'Et.', 'Eos ipsam.', 'Asperiores eos sint voluptatum.', '2019-09-25 06:27:03', '2019-09-24 20:27:03', '2019-09-24 20:27:03'),
(877, 'sent', 'Eos.', 'Doloribus.', 'Ex et et eos animi porro vel tenetur.', '2019-09-25 06:27:03', '2019-09-24 20:27:03', '2019-09-24 20:27:03'),
(878, 'sent', 'At.', 'Dolor.', 'Quia dignissimos aut nostrum aliquam.', '2019-09-25 06:27:03', '2019-09-24 20:27:03', '2019-09-24 20:27:03'),
(879, 'sent', 'Ut.', 'Sequi.', 'Error sed adipisci quasi at.', '2019-09-25 06:27:03', '2019-09-24 20:27:03', '2019-09-24 20:27:03'),
(880, 'sent', 'Ea.', 'Eligendi.', 'Exercitationem eaque ex amet fuga qui.', '2019-09-25 06:27:03', '2019-09-24 20:27:03', '2019-09-24 20:27:03'),
(881, 'sent', 'Est.', 'Ut ut.', 'Doloribus non autem et porro.', '2019-09-25 06:27:03', '2019-09-24 20:27:03', '2019-09-24 20:27:03'),
(882, 'sent', 'Quo.', 'Et fugit.', 'Maxime inventore minus in porro.', '2019-09-25 06:27:03', '2019-09-24 20:27:03', '2019-09-24 20:27:03'),
(883, 'sent', 'Fuga.', 'Commodi.', 'Facere est quaerat deserunt.', '2019-09-25 06:27:03', '2019-09-24 20:27:03', '2019-09-24 20:27:03'),
(884, 'sent', 'Aut.', 'Nihil et.', 'Aut voluptatem doloribus fuga enim.', '2019-09-25 06:27:03', '2019-09-24 20:27:03', '2019-09-24 20:27:03'),
(885, 'sent', 'Aut.', 'Eos.', 'Omnis accusamus quam est.', '2019-09-25 06:27:03', '2019-09-24 20:27:03', '2019-09-24 20:27:03'),
(886, 'sent', 'Quia.', 'Suscipit.', 'Dolor tempora ea autem neque dicta.', '2019-09-25 06:27:03', '2019-09-24 20:27:03', '2019-09-24 20:27:03'),
(887, 'sent', 'Ut.', 'Totam.', 'Ut minus qui sunt nihil.', '2019-09-25 06:27:03', '2019-09-24 20:27:03', '2019-09-24 20:27:03'),
(888, 'sent', 'Illo.', 'Similique.', 'Sed et est qui maxime iure aut in.', '2019-09-25 06:27:03', '2019-09-24 20:27:03', '2019-09-24 20:27:03'),
(889, 'sent', 'Non.', 'Quo eum.', 'Beatae quae vel voluptate ipsam.', '2019-09-25 06:27:03', '2019-09-24 20:27:03', '2019-09-24 20:27:03'),
(890, 'sent', 'Sint.', 'Quibusdam.', 'Quaerat sint quidem quae.', '2019-09-25 06:27:03', '2019-09-24 20:27:03', '2019-09-24 20:27:03'),
(891, 'sent', 'Eos.', 'Vitae.', 'Enim est doloremque sunt.', '2019-09-25 06:27:03', '2019-09-24 20:27:03', '2019-09-24 20:27:03'),
(892, 'sent', 'Et.', 'Ducimus.', 'Doloremque nam et vel soluta.', '2019-09-25 06:27:03', '2019-09-24 20:27:03', '2019-09-24 20:27:03'),
(893, 'sent', 'Est.', 'Laborum.', 'Reprehenderit sed sunt quia voluptatem.', '2019-09-25 06:27:03', '2019-09-24 20:27:03', '2019-09-24 20:27:03'),
(894, 'sent', 'Et.', 'Laborum.', 'Nihil tempora nobis in autem et.', '2019-09-25 06:27:03', '2019-09-24 20:27:03', '2019-09-24 20:27:03'),
(895, 'sent', 'Quia.', 'At ut et.', 'Voluptas est et omnis porro.', '2019-09-25 06:27:03', '2019-09-24 20:27:03', '2019-09-24 20:27:03'),
(896, 'sent', 'Sed.', 'Et et.', 'Nihil cupiditate non nesciunt soluta.', '2019-09-25 06:27:03', '2019-09-24 20:27:03', '2019-09-24 20:27:03'),
(897, 'sent', 'Hic.', 'Eius aut.', 'Commodi voluptatem eaque quisquam.', '2019-09-25 06:27:03', '2019-09-24 20:27:03', '2019-09-24 20:27:03'),
(898, 'sent', 'Quis.', 'Qui alias.', 'Odit minima ipsa dolorem sunt et.', '2019-09-25 06:27:03', '2019-09-24 20:27:03', '2019-09-24 20:27:03'),
(899, 'sent', 'Qui.', 'Vel sit.', 'In quo veniam voluptatum quis.', '2019-09-25 06:27:03', '2019-09-24 20:27:03', '2019-09-24 20:27:03'),
(900, 'sent', 'Id.', 'Quas ut.', 'Velit magnam id tempora est.', '2019-09-25 06:27:03', '2019-09-24 20:27:03', '2019-09-24 20:27:03'),
(901, 'sent', 'Ea.', 'Quibusdam.', 'Qui aspernatur debitis hic.', '2019-09-25 06:27:03', '2019-09-24 20:27:03', '2019-09-24 20:27:03'),
(902, 'sent', 'Ipsa.', 'Quis quia.', 'Ipsam eum qui cumque consequatur.', '2019-09-25 06:27:03', '2019-09-24 20:27:03', '2019-09-24 20:27:03'),
(903, 'sent', 'Modi.', 'Modi.', 'In quaerat quibusdam et exercitationem.', '2019-09-25 06:27:03', '2019-09-24 20:27:03', '2019-09-24 20:27:03'),
(904, 'sent', 'Amet.', 'Eos error.', 'Eius odit consequatur ad vel.', '2019-09-25 06:27:03', '2019-09-24 20:27:03', '2019-09-24 20:27:03'),
(905, 'sent', 'Ad.', 'Natus.', 'Corrupti autem suscipit ut et quis.', '2019-09-25 06:27:03', '2019-09-24 20:27:03', '2019-09-24 20:27:03'),
(906, 'sent', 'Quia.', 'Eaque.', 'Amet delectus et similique aut non.', '2019-09-25 06:27:03', '2019-09-24 20:27:03', '2019-09-24 20:27:03'),
(907, 'sent', 'Amet.', 'Deserunt.', 'Nostrum et ipsum illo nemo.', '2019-09-25 06:27:03', '2019-09-24 20:27:03', '2019-09-24 20:27:03'),
(908, 'sent', 'Sed.', 'Ipsam.', 'Animi quis quaerat natus ut saepe ut.', '2019-09-25 06:27:03', '2019-09-24 20:27:03', '2019-09-24 20:27:03'),
(909, 'sent', 'Quia.', 'Itaque.', 'Eaque omnis reiciendis ut soluta.', '2019-09-25 06:27:03', '2019-09-24 20:27:03', '2019-09-24 20:27:03'),
(910, 'sent', 'A.', 'Ut.', 'Quasi eum rem id qui.', '2019-09-25 06:27:03', '2019-09-24 20:27:03', '2019-09-24 20:27:03'),
(911, 'sent', 'Enim.', 'Iusto et.', 'Animi eos omnis magni vel porro saepe.', '2019-09-25 06:27:03', '2019-09-24 20:27:03', '2019-09-24 20:27:03'),
(912, 'sent', 'Est.', 'At porro.', 'Aut unde reiciendis voluptates sunt.', '2019-09-25 06:27:03', '2019-09-24 20:27:03', '2019-09-24 20:27:03'),
(913, 'sent', 'Ut.', 'Rerum.', 'Quo quis aut temporibus.', '2019-09-25 06:27:03', '2019-09-24 20:27:03', '2019-09-24 20:27:03'),
(914, 'sent', 'Nemo.', 'Quia qui.', 'Repellendus odio in sed minima eaque.', '2019-09-25 06:27:03', '2019-09-24 20:27:03', '2019-09-24 20:27:03'),
(915, 'sent', 'Aut.', 'Natus.', 'Sequi nostrum doloribus optio.', '2019-09-25 06:27:03', '2019-09-24 20:27:03', '2019-09-24 20:27:03'),
(916, 'sent', 'Ipsa.', 'Sed.', 'Velit dolorem magnam id ut.', '2019-09-25 06:27:03', '2019-09-24 20:27:03', '2019-09-24 20:27:03'),
(917, 'sent', 'Non.', 'Quam nemo.', 'Nam libero recusandae qui quibusdam.', '2019-09-25 06:27:03', '2019-09-24 20:27:03', '2019-09-24 20:27:03'),
(918, 'sent', 'Quae.', 'Nostrum.', 'Laborum voluptatem et modi nihil in.', '2019-09-25 06:27:03', '2019-09-24 20:27:03', '2019-09-24 20:27:03'),
(919, 'sent', 'Et.', 'Sit.', 'Ullam aut voluptatem aut.', '2019-09-25 06:27:03', '2019-09-24 20:27:03', '2019-09-24 20:27:03'),
(920, 'sent', 'Et.', 'Numquam.', 'Odio dolorum dicta sit tempora.', '2019-09-25 06:27:03', '2019-09-24 20:27:03', '2019-09-24 20:27:03'),
(921, 'sent', 'Sed.', 'Ullam.', 'Quia sapiente dicta adipisci.', '2019-09-25 06:27:03', '2019-09-24 20:27:03', '2019-09-24 20:27:03'),
(922, 'sent', 'Nisi.', 'Eaque.', 'Atque earum eius architecto vel.', '2019-09-25 06:27:03', '2019-09-24 20:27:03', '2019-09-24 20:27:03'),
(923, 'sent', 'Aut.', 'Qui sit.', 'Dolor laudantium dolore itaque a error.', '2019-09-25 06:27:03', '2019-09-24 20:27:03', '2019-09-24 20:27:03'),
(924, 'sent', 'Ea.', 'Sed ea.', 'Et id ducimus distinctio.', '2019-09-25 06:27:03', '2019-09-24 20:27:03', '2019-09-24 20:27:03'),
(925, 'sent', 'Non.', 'Repellat.', 'Adipisci qui eligendi veritatis.', '2019-09-25 06:27:03', '2019-09-24 20:27:03', '2019-09-24 20:27:03'),
(926, 'sent', 'Sit.', 'Ut.', 'Omnis repellat itaque eum at.', '2019-09-25 06:27:03', '2019-09-24 20:27:03', '2019-09-24 20:27:03'),
(927, 'sent', 'Est.', 'Dicta.', 'Libero qui necessitatibus suscipit.', '2019-09-25 06:27:03', '2019-09-24 20:27:03', '2019-09-24 20:27:03'),
(928, 'sent', 'Ipsa.', 'Ut sequi.', 'Voluptates explicabo error odit nobis.', '2019-09-25 06:27:03', '2019-09-24 20:27:03', '2019-09-24 20:27:03'),
(929, 'sent', 'Eum.', 'Eos et ut.', 'In aut vel accusamus.', '2019-09-25 06:27:03', '2019-09-24 20:27:03', '2019-09-24 20:27:03'),
(930, 'sent', 'Quia.', 'Minima.', 'Deleniti aliquid quisquam ea in et.', '2019-09-25 06:27:03', '2019-09-24 20:27:03', '2019-09-24 20:27:03'),
(931, 'sent', 'Sint.', 'Suscipit.', 'Sit possimus libero minima dolorum.', '2019-09-25 06:27:03', '2019-09-24 20:27:03', '2019-09-24 20:27:03'),
(932, 'sent', 'Amet.', 'Vitae.', 'Itaque officia et est autem sint ut.', '2019-09-25 06:27:03', '2019-09-24 20:27:03', '2019-09-24 20:27:03'),
(933, 'sent', 'Qui.', 'Aliquam.', 'Cumque temporibus autem vel vel.', '2019-09-25 06:27:03', '2019-09-24 20:27:03', '2019-09-24 20:27:03'),
(934, 'sent', 'At.', 'Accusamus.', 'Harum error qui consequatur quasi.', '2019-09-25 06:27:03', '2019-09-24 20:27:03', '2019-09-24 20:27:03'),
(935, 'sent', 'Non.', 'Aliquam.', 'Quidem soluta quibusdam fuga et.', '2019-09-25 06:27:03', '2019-09-24 20:27:03', '2019-09-24 20:27:03'),
(936, 'sent', 'Odit.', 'Accusamus.', 'Pariatur ea nesciunt sint quas.', '2019-09-25 06:27:03', '2019-09-24 20:27:03', '2019-09-24 20:27:03'),
(937, 'sent', 'Et.', 'Ullam.', 'Aut perspiciatis quia et et quo.', '2019-09-25 06:27:03', '2019-09-24 20:27:03', '2019-09-24 20:27:03'),
(938, 'sent', 'Quo.', 'Sapiente.', 'Pariatur est magnam tempore.', '2019-09-25 06:27:03', '2019-09-24 20:27:03', '2019-09-24 20:27:03'),
(939, 'sent', 'At.', 'Eaque.', 'Deleniti sapiente aut ipsam quos.', '2019-09-25 06:27:03', '2019-09-24 20:27:03', '2019-09-24 20:27:03'),
(940, 'sent', 'Eum.', 'Et modi.', 'Quo ab nihil sequi.', '2019-09-25 06:27:03', '2019-09-24 20:27:03', '2019-09-24 20:27:03'),
(941, 'sent', 'Ea.', 'Sunt.', 'Ipsam deleniti quia eum enim est rerum.', '2019-09-25 06:27:03', '2019-09-24 20:27:03', '2019-09-24 20:27:03'),
(942, 'sent', 'Ea.', 'Labore.', 'Eaque autem nulla consequatur ut iure.', '2019-09-25 06:27:03', '2019-09-24 20:27:03', '2019-09-24 20:27:03'),
(943, 'sent', 'Qui.', 'Laborum.', 'Aut et suscipit dolor vel.', '2019-09-25 06:27:03', '2019-09-24 20:27:03', '2019-09-24 20:27:03'),
(944, 'sent', 'A.', 'Officiis.', 'Minus ab magni ad.', '2019-09-25 06:27:03', '2019-09-24 20:27:03', '2019-09-24 20:27:03'),
(945, 'sent', 'Eos.', 'Aut omnis.', 'Et voluptatem qui est totam illum ut.', '2019-09-25 06:27:03', '2019-09-24 20:27:03', '2019-09-24 20:27:03'),
(946, 'sent', 'Quo.', 'Autem.', 'Ut modi aliquam at voluptatem aut est.', '2019-09-25 06:27:03', '2019-09-24 20:27:03', '2019-09-24 20:27:03'),
(947, 'sent', 'Hic.', 'Et.', 'Voluptatem fugiat sit in ex corporis.', '2019-09-25 06:27:03', '2019-09-24 20:27:03', '2019-09-24 20:27:03'),
(948, 'sent', 'Quas.', 'Labore.', 'Ut et qui qui voluptas.', '2019-09-25 06:27:03', '2019-09-24 20:27:03', '2019-09-24 20:27:03'),
(949, 'sent', 'Quas.', 'Omnis.', 'Ex magni non qui est nobis alias.', '2019-09-25 06:27:03', '2019-09-24 20:27:03', '2019-09-24 20:27:03'),
(950, 'sent', 'Iste.', 'Sit qui.', 'Id est reiciendis sint expedita.', '2019-09-25 06:27:03', '2019-09-24 20:27:03', '2019-09-24 20:27:03'),
(951, 'sent', 'Et.', 'Quia modi.', 'Facere itaque et labore harum quia.', '2019-09-25 06:27:03', '2019-09-24 20:27:03', '2019-09-24 20:27:03'),
(952, 'sent', 'Iste.', 'Ut.', 'Quia deleniti et molestias alias.', '2019-09-25 06:27:03', '2019-09-24 20:27:03', '2019-09-24 20:27:03'),
(953, 'sent', 'Quas.', 'Sunt.', 'Magni voluptate ipsa sit ut esse.', '2019-09-25 06:27:03', '2019-09-24 20:27:03', '2019-09-24 20:27:03'),
(954, 'sent', 'Qui.', 'Sequi.', 'Quis aut quasi iusto.', '2019-09-25 06:27:03', '2019-09-24 20:27:03', '2019-09-24 20:27:03'),
(955, 'sent', 'Amet.', 'Quia.', 'Ut expedita dolorem qui rerum.', '2019-09-25 06:27:03', '2019-09-24 20:27:03', '2019-09-24 20:27:03'),
(956, 'sent', 'Aut.', 'Totam.', 'Hic sunt aut delectus cumque.', '2019-09-25 06:27:03', '2019-09-24 20:27:03', '2019-09-24 20:27:03'),
(957, 'sent', 'Nam.', 'Nihil.', 'Tempore natus consequatur veniam.', '2019-09-25 06:27:03', '2019-09-24 20:27:03', '2019-09-24 20:27:03'),
(958, 'sent', 'Odit.', 'Quaerat.', 'Qui quos sit non ipsam quia.', '2019-09-25 06:27:03', '2019-09-24 20:27:03', '2019-09-24 20:27:03'),
(959, 'sent', 'Fuga.', 'Similique.', 'Temporibus minima rerum debitis quis.', '2019-09-25 06:27:03', '2019-09-24 20:27:03', '2019-09-24 20:27:03'),
(960, 'sent', 'Et.', 'Pariatur.', 'Sequi commodi ullam quos adipisci.', '2019-09-25 06:27:03', '2019-09-24 20:27:03', '2019-09-24 20:27:03'),
(961, 'sent', 'Et.', 'Quibusdam.', 'Et autem cumque non iure nisi.', '2019-09-25 06:27:03', '2019-09-24 20:27:03', '2019-09-24 20:27:03'),
(962, 'sent', 'Sed.', 'Quidem.', 'Quo quia atque molestiae deleniti.', '2019-09-25 06:27:03', '2019-09-24 20:27:03', '2019-09-24 20:27:03'),
(963, 'sent', 'Sed.', 'Quasi.', 'Quod eos quae sunt ea aliquam officiis.', '2019-09-25 06:27:03', '2019-09-24 20:27:03', '2019-09-24 20:27:03'),
(964, 'sent', 'Fuga.', 'In enim.', 'Consequatur ea dignissimos autem ut.', '2019-09-25 06:27:03', '2019-09-24 20:27:03', '2019-09-24 20:27:03'),
(965, 'sent', 'Eum.', 'Molestiae.', 'Voluptates ut autem pariatur a.', '2019-09-25 06:27:03', '2019-09-24 20:27:03', '2019-09-24 20:27:03'),
(966, 'sent', 'Quos.', 'Sapiente.', 'Excepturi fugiat repellendus ab minima.', '2019-09-25 06:27:03', '2019-09-24 20:27:03', '2019-09-24 20:27:03'),
(967, 'sent', 'Eius.', 'Fugiat.', 'Quos consequatur vel veritatis ut.', '2019-09-25 06:27:03', '2019-09-24 20:27:03', '2019-09-24 20:27:03'),
(968, 'sent', 'Odio.', 'Doloribus.', 'Ea repellendus rerum et eum nemo.', '2019-09-25 06:27:03', '2019-09-24 20:27:03', '2019-09-24 20:27:03'),
(969, 'sent', 'Qui.', 'Delectus.', 'Et temporibus rerum in repellendus.', '2019-09-25 06:27:03', '2019-09-24 20:27:03', '2019-09-24 20:27:03'),
(970, 'sent', 'Aut.', 'Eius et.', 'Nihil ea et eveniet iusto.', '2019-09-25 06:27:03', '2019-09-24 20:27:03', '2019-09-24 20:27:03'),
(971, 'sent', 'Est.', 'Unde sint.', 'Cum non quibusdam consequatur amet.', '2019-09-25 06:27:03', '2019-09-24 20:27:03', '2019-09-24 20:27:03'),
(972, 'sent', 'Eum.', 'Beatae.', 'Rem est assumenda alias eligendi.', '2019-09-25 06:27:03', '2019-09-24 20:27:03', '2019-09-24 20:27:03'),
(973, 'sent', 'Et.', 'Occaecati.', 'Quia soluta eum facilis facere.', '2019-09-25 06:27:03', '2019-09-24 20:27:03', '2019-09-24 20:27:03'),
(974, 'sent', 'Nemo.', 'Natus.', 'Dolorem similique cumque quia eaque.', '2019-09-25 06:27:03', '2019-09-24 20:27:03', '2019-09-24 20:27:03'),
(975, 'sent', 'Ut.', 'Quia aut.', 'Beatae iure in sunt vel a et suscipit.', '2019-09-25 06:27:03', '2019-09-24 20:27:03', '2019-09-24 20:27:03'),
(976, 'sent', 'Aut.', 'Non quam.', 'Porro sint et minima voluptate.', '2019-09-25 06:27:03', '2019-09-24 20:27:03', '2019-09-24 20:27:03'),
(977, 'sent', 'Quo.', 'At.', 'Aspernatur praesentium a alias.', '2019-09-25 06:27:03', '2019-09-24 20:27:03', '2019-09-24 20:27:03'),
(978, 'sent', 'Modi.', 'Velit ut.', 'Provident delectus dolores cumque.', '2019-09-25 06:27:03', '2019-09-24 20:27:03', '2019-09-24 20:27:03'),
(979, 'sent', 'Odio.', 'Eum culpa.', 'Hic repudiandae quia cum qui et.', '2019-09-25 06:27:03', '2019-09-24 20:27:03', '2019-09-24 20:27:03'),
(980, 'sent', 'Quos.', 'Molestiae.', 'Dolorem enim aliquid in maxime aliquid.', '2019-09-25 06:27:03', '2019-09-24 20:27:03', '2019-09-24 20:27:03'),
(981, 'sent', 'Vero.', 'Nihil.', 'Ut et sunt autem ea laborum ducimus.', '2019-09-25 06:27:03', '2019-09-24 20:27:03', '2019-09-24 20:27:03'),
(982, 'sent', 'Id.', 'Nobis aut.', 'Occaecati aliquid ut non.', '2019-09-25 06:27:03', '2019-09-24 20:27:03', '2019-09-24 20:27:03'),
(983, 'sent', 'Fuga.', 'Sit quo.', 'Et a repudiandae provident magni.', '2019-09-25 06:27:03', '2019-09-24 20:27:03', '2019-09-24 20:27:03'),
(984, 'sent', 'Quos.', 'Impedit.', 'Quibusdam officiis et sequi et sed.', '2019-09-25 06:27:03', '2019-09-24 20:27:03', '2019-09-24 20:27:03'),
(985, 'sent', 'Sed.', 'Qui.', 'Aut exercitationem non eum.', '2019-09-25 06:27:03', '2019-09-24 20:27:03', '2019-09-24 20:27:03'),
(986, 'sent', 'Quae.', 'Deserunt.', 'Rerum sit sunt iste.', '2019-09-25 06:27:03', '2019-09-24 20:27:03', '2019-09-24 20:27:03'),
(987, 'sent', 'Nemo.', 'Vel.', 'Ea est natus est reiciendis.', '2019-09-25 06:27:03', '2019-09-24 20:27:03', '2019-09-24 20:27:03'),
(988, 'sent', 'A.', 'Velit ut.', 'Et quasi molestias quia saepe culpa.', '2019-09-25 06:27:03', '2019-09-24 20:27:03', '2019-09-24 20:27:03'),
(989, 'sent', 'Quis.', 'Nihil a.', 'Dicta possimus saepe consequatur illum.', '2019-09-25 06:27:03', '2019-09-24 20:27:03', '2019-09-24 20:27:03'),
(990, 'sent', 'Esse.', 'Ut.', 'Aut tempore hic quis sit.', '2019-09-25 06:27:03', '2019-09-24 20:27:03', '2019-09-24 20:27:03'),
(991, 'sent', 'Aut.', 'Sunt et.', 'Rerum neque animi porro fugit fugit.', '2019-09-25 06:27:03', '2019-09-24 20:27:03', '2019-09-24 20:27:03'),
(992, 'sent', 'Et.', 'Est nobis.', 'Sit ullam deleniti rem fugiat vel.', '2019-09-25 06:27:03', '2019-09-24 20:27:03', '2019-09-24 20:27:03'),
(993, 'sent', 'Sint.', 'Aut velit.', 'Ea accusantium fugit quis suscipit nam.', '2019-09-25 06:27:03', '2019-09-24 20:27:03', '2019-09-24 20:27:03'),
(994, 'sent', 'Aut.', 'Occaecati.', 'Autem magni non iusto debitis est.', '2019-09-25 06:27:03', '2019-09-24 20:27:03', '2019-09-24 20:27:03'),
(995, 'sent', 'Iste.', 'Sint ut.', 'Cum corporis qui provident odit at.', '2019-09-25 06:27:03', '2019-09-24 20:27:03', '2019-09-24 20:27:03'),
(996, 'sent', 'Quod.', 'Sit harum.', 'Molestias impedit et temporibus.', '2019-09-25 06:27:03', '2019-09-24 20:27:03', '2019-09-24 20:27:03'),
(997, 'sent', 'Amet.', 'Provident.', 'Qui explicabo aut natus.', '2019-09-25 06:27:03', '2019-09-24 20:27:03', '2019-09-24 20:27:03'),
(998, 'sent', 'Est.', 'Quidem.', 'Et at ea quo ut.', '2019-09-25 06:27:03', '2019-09-24 20:27:03', '2019-09-24 20:27:03'),
(999, 'sent', 'Odit.', 'Eveniet.', 'Possimus perferendis quia autem odio.', '2019-09-25 06:27:03', '2019-09-24 20:27:03', '2019-09-24 20:27:03'),
(1000, 'sent', 'Est.', 'Quis et.', 'Ut id omnis ducimus et reprehenderit.', '2019-09-25 06:27:03', '2019-09-24 20:27:03', '2019-09-24 20:27:03'),
(1001, 'draft', 'Stuff that should be notified', 'Little Things', '<p>Hello,</p><p>Welcome to toStartWork, I hope you enjoy your time here...</p><p>Michael<br></p>', NULL, '2019-10-11 23:54:25', '2019-10-11 23:54:25');

-- --------------------------------------------------------

--
-- Table structure for table `notification_user`
--

CREATE TABLE `notification_user` (
  `id` int(10) UNSIGNED NOT NULL,
  `notification_id` int(10) UNSIGNED NOT NULL,
  `user_id` int(10) UNSIGNED NOT NULL,
  `read` tinyint(1) NOT NULL DEFAULT '0'
) ENGINE=InnoDB DEFAULT CHARSET=utf8 COLLATE=utf8_unicode_ci;

-- --------------------------------------------------------

--
-- Table structure for table `qualifications`
--

CREATE TABLE `qualifications` (
  `id` int(10) UNSIGNED NOT NULL,
  `type_id` int(10) UNSIGNED DEFAULT NULL,
  `trade_type_id` int(10) UNSIGNED DEFAULT NULL,
  `name` varchar(255) COLLATE utf8_unicode_ci NOT NULL,
  `is_approved` tinyint(1) DEFAULT '0',
  `user_id` int(10) UNSIGNED DEFAULT NULL,
  `status` enum('activated','archived') COLLATE utf8_unicode_ci NOT NULL DEFAULT 'activated'
) ENGINE=InnoDB DEFAULT CHARSET=utf8 COLLATE=utf8_unicode_ci;

--
-- Dumping data for table `qualifications`
--

INSERT INTO `qualifications` (`id`, `type_id`, `trade_type_id`, `name`, `is_approved`, `user_id`, `status`) VALUES
(1, 4, 1, 'Cert 4 Plumbing', 0, NULL, 'activated'),
(2, 1, 1, 'Plumbing Induction', 0, NULL, 'activated'),
(3, 3, 1, 'Plumbing License', 0, NULL, 'activated');

-- --------------------------------------------------------

--
-- Table structure for table `qualification_trade_types`
--

CREATE TABLE `qualification_trade_types` (
  `id` int(10) UNSIGNED NOT NULL,
  `name` varchar(255) COLLATE utf8_unicode_ci NOT NULL
) ENGINE=InnoDB DEFAULT CHARSET=utf8 COLLATE=utf8_unicode_ci;

--
-- Dumping data for table `qualification_trade_types`
--

INSERT INTO `qualification_trade_types` (`id`, `name`) VALUES
(1, 'Plumbing'),
(2, 'Electrician'),
(3, 'Brick Laying'),
(4, 'Tile Laying'),
(5, 'Carpenter'),
(6, 'Builder');

-- --------------------------------------------------------

--
-- Table structure for table `qualification_types`
--

CREATE TABLE `qualification_types` (
  `id` int(10) UNSIGNED NOT NULL,
  `name` varchar(255) COLLATE utf8_unicode_ci NOT NULL
) ENGINE=InnoDB DEFAULT CHARSET=utf8 COLLATE=utf8_unicode_ci;

--
-- Dumping data for table `qualification_types`
--

INSERT INTO `qualification_types` (`id`, `name`) VALUES
(1, 'Induction'),
(2, 'Ticket'),
(3, 'License'),
(4, 'Certificate');

-- --------------------------------------------------------

--
-- Table structure for table `qualification_user`
--

CREATE TABLE `qualification_user` (
  `user_id` int(10) UNSIGNED NOT NULL,
  `qualification_id` int(10) UNSIGNED NOT NULL,
  `ref_no` varchar(255) COLLATE utf8_unicode_ci NOT NULL,
  `issue_date` date NOT NULL,
  `expiry_date` date DEFAULT NULL,
  `front_image` varchar(255) COLLATE utf8_unicode_ci DEFAULT NULL,
  `back_image` varchar(255) COLLATE utf8_unicode_ci DEFAULT NULL,
  `country` varchar(255) COLLATE utf8_unicode_ci DEFAULT NULL,
  `state` varchar(255) COLLATE utf8_unicode_ci DEFAULT NULL
) ENGINE=InnoDB DEFAULT CHARSET=utf8 COLLATE=utf8_unicode_ci;

-- --------------------------------------------------------

--
-- Table structure for table `trade_user`
--

CREATE TABLE `trade_user` (
  `qualification_trade_types_id` int(10) UNSIGNED NOT NULL,
  `user_id` int(10) UNSIGNED NOT NULL,
  `created_at` timestamp NULL DEFAULT NULL,
  `updated_at` timestamp NULL DEFAULT NULL
) ENGINE=InnoDB DEFAULT CHARSET=utf8 COLLATE=utf8_unicode_ci;

--
-- Indexes for dumped tables
--

--
-- Indexes for table `contacts`
--
ALTER TABLE `contacts`
  ADD PRIMARY KEY (`id`),
  ADD KEY `contacts_user_id_foreign` (`user_id`);

--
-- Indexes for table `contact_user`
--
ALTER TABLE `contact_user`
  ADD KEY `contact_user_contact_id_foreign` (`contact_id`),
  ADD KEY `contact_user_user_id_foreign` (`user_id`);

--
-- Indexes for table `courses`
--
ALTER TABLE `courses`
  ADD PRIMARY KEY (`id`),
  ADD KEY `courses_category_id_foreign` (`category_id`),
  ADD KEY `courses_provider_id_foreign` (`provider_id`);

--
-- Indexes for table `course_categories`
--
ALTER TABLE `course_categories`
  ADD PRIMARY KEY (`id`);

--
-- Indexes for table `course_providers`
--
ALTER TABLE `course_providers`
  ADD PRIMARY KEY (`id`);

--
-- Indexes for table `course_user`
--
ALTER TABLE `course_user`
  ADD KEY `course_user_course_id_foreign` (`course_id`),
  ADD KEY `course_user_user_id_foreign` (`user_id`);

--
-- Indexes for table `employments`
--
ALTER TABLE `employments`
  ADD PRIMARY KEY (`id`),
  ADD KEY `employments_user_id_foreign` (`user_id`);

--
-- Indexes for table `employment_user`
--
ALTER TABLE `employment_user`
  ADD KEY `employment_user_employment_id_foreign` (`employment_id`),
  ADD KEY `employment_user_user_id_foreign` (`user_id`);

--
-- Indexes for table `failed_jobs`
--
ALTER TABLE `failed_jobs`
  ADD PRIMARY KEY (`id`);

--
-- Indexes for table `migrations`
--
ALTER TABLE `migrations`
  ADD PRIMARY KEY (`id`);

--
-- Indexes for table `notifications`
--
ALTER TABLE `notifications`
  ADD PRIMARY KEY (`id`);

--
-- Indexes for table `notification_user`
--
ALTER TABLE `notification_user`
  ADD PRIMARY KEY (`id`),
  ADD KEY `notification_user_notification_id_foreign` (`notification_id`),
  ADD KEY `notification_user_user_id_foreign` (`user_id`);

--
-- Indexes for table `qualifications`
--
ALTER TABLE `qualifications`
  ADD PRIMARY KEY (`id`),
  ADD KEY `qualifications_type_id_foreign` (`type_id`),
  ADD KEY `qualifications_trade_type_id_foreign` (`trade_type_id`),
  ADD KEY `qualifications_user_id_foreign` (`user_id`);

--
-- Indexes for table `qualification_trade_types`
--
ALTER TABLE `qualification_trade_types`
  ADD PRIMARY KEY (`id`);

--
-- Indexes for table `qualification_types`
--
ALTER TABLE `qualification_types`
  ADD PRIMARY KEY (`id`);

--
-- Indexes for table `qualification_user`
--
ALTER TABLE `qualification_user`
  ADD KEY `qualification_user_user_id_foreign` (`user_id`),
  ADD KEY `qualification_user_qualification_id_foreign` (`qualification_id`);

--
-- Indexes for table `trade_user`
--
ALTER TABLE `trade_user`
  ADD KEY `trade_user_qualification_trade_types_id_foreign` (`qualification_trade_types_id`),
  ADD KEY `trade_user_user_id_foreign` (`user_id`);

--
-- AUTO_INCREMENT for dumped tables
--

--
-- AUTO_INCREMENT for table `contacts`
--
ALTER TABLE `contacts`
  MODIFY `id` int(10) UNSIGNED NOT NULL AUTO_INCREMENT;

--
-- AUTO_INCREMENT for table `courses`
--
ALTER TABLE `courses`
  MODIFY `id` int(10) UNSIGNED NOT NULL AUTO_INCREMENT, AUTO_INCREMENT=21;

--
-- AUTO_INCREMENT for table `course_categories`
--
ALTER TABLE `course_categories`
  MODIFY `id` int(10) UNSIGNED NOT NULL AUTO_INCREMENT, AUTO_INCREMENT=21;

--
-- AUTO_INCREMENT for table `course_providers`
--
ALTER TABLE `course_providers`
  MODIFY `id` int(10) UNSIGNED NOT NULL AUTO_INCREMENT, AUTO_INCREMENT=23;

--
-- AUTO_INCREMENT for table `employments`
--
ALTER TABLE `employments`
  MODIFY `id` int(10) UNSIGNED NOT NULL AUTO_INCREMENT;

--
-- AUTO_INCREMENT for table `failed_jobs`
--
ALTER TABLE `failed_jobs`
  MODIFY `id` int(10) UNSIGNED NOT NULL AUTO_INCREMENT;

--
-- AUTO_INCREMENT for table `migrations`
--
ALTER TABLE `migrations`
  MODIFY `id` int(10) UNSIGNED NOT NULL AUTO_INCREMENT;

--
-- AUTO_INCREMENT for table `notifications`
--
ALTER TABLE `notifications`
  MODIFY `id` int(10) UNSIGNED NOT NULL AUTO_INCREMENT, AUTO_INCREMENT=1002;

--
-- AUTO_INCREMENT for table `notification_user`
--
ALTER TABLE `notification_user`
  MODIFY `id` int(10) UNSIGNED NOT NULL AUTO_INCREMENT;

--
-- AUTO_INCREMENT for table `qualifications`
--
ALTER TABLE `qualifications`
  MODIFY `id` int(10) UNSIGNED NOT NULL AUTO_INCREMENT, AUTO_INCREMENT=4;

--
-- AUTO_INCREMENT for table `qualification_trade_types`
--
ALTER TABLE `qualification_trade_types`
  MODIFY `id` int(10) UNSIGNED NOT NULL AUTO_INCREMENT, AUTO_INCREMENT=7;

--
-- AUTO_INCREMENT for table `qualification_types`
--
ALTER TABLE `qualification_types`
  MODIFY `id` int(10) UNSIGNED NOT NULL AUTO_INCREMENT, AUTO_INCREMENT=5;

--
-- Constraints for dumped tables
--

--
-- Constraints for table `contacts`
--
ALTER TABLE `contacts`
  ADD CONSTRAINT `contacts_user_id_foreign` FOREIGN KEY (`user_id`) REFERENCES `users` (`id`);

--
-- Constraints for table `contact_user`
--
ALTER TABLE `contact_user`
  ADD CONSTRAINT `contact_user_contact_id_foreign` FOREIGN KEY (`contact_id`) REFERENCES `contacts` (`id`),
  ADD CONSTRAINT `contact_user_user_id_foreign` FOREIGN KEY (`user_id`) REFERENCES `users` (`id`);

--
-- Constraints for table `courses`
--
ALTER TABLE `courses`
  ADD CONSTRAINT `courses_category_id_foreign` FOREIGN KEY (`category_id`) REFERENCES `course_categories` (`id`),
  ADD CONSTRAINT `courses_provider_id_foreign` FOREIGN KEY (`provider_id`) REFERENCES `course_providers` (`id`);

--
-- Constraints for table `course_user`
--
ALTER TABLE `course_user`
  ADD CONSTRAINT `course_user_course_id_foreign` FOREIGN KEY (`course_id`) REFERENCES `courses` (`id`),
  ADD CONSTRAINT `course_user_user_id_foreign` FOREIGN KEY (`user_id`) REFERENCES `users` (`id`);

--
-- Constraints for table `employments`
--
ALTER TABLE `employments`
  ADD CONSTRAINT `employments_user_id_foreign` FOREIGN KEY (`user_id`) REFERENCES `users` (`id`);

--
-- Constraints for table `employment_user`
--
ALTER TABLE `employment_user`
  ADD CONSTRAINT `employment_user_employment_id_foreign` FOREIGN KEY (`employment_id`) REFERENCES `employments` (`id`),
  ADD CONSTRAINT `employment_user_user_id_foreign` FOREIGN KEY (`user_id`) REFERENCES `users` (`id`);

--
-- Constraints for table `notification_user`
--
ALTER TABLE `notification_user`
  ADD CONSTRAINT `notification_user_notification_id_foreign` FOREIGN KEY (`notification_id`) REFERENCES `notifications` (`id`),
  ADD CONSTRAINT `notification_user_user_id_foreign` FOREIGN KEY (`user_id`) REFERENCES `users` (`id`);

--
-- Constraints for table `qualifications`
--
ALTER TABLE `qualifications`
  ADD CONSTRAINT `qualifications_trade_type_id_foreign` FOREIGN KEY (`trade_type_id`) REFERENCES `qualification_trade_types` (`id`),
  ADD CONSTRAINT `qualifications_type_id_foreign` FOREIGN KEY (`type_id`) REFERENCES `qualification_types` (`id`),
  ADD CONSTRAINT `qualifications_user_id_foreign` FOREIGN KEY (`user_id`) REFERENCES `users` (`id`);

--
-- Constraints for table `qualification_user`
--
ALTER TABLE `qualification_user`
  ADD CONSTRAINT `qualification_user_qualification_id_foreign` FOREIGN KEY (`qualification_id`) REFERENCES `qualifications` (`id`),
  ADD CONSTRAINT `qualification_user_user_id_foreign` FOREIGN KEY (`user_id`) REFERENCES `users` (`id`);

--
-- Constraints for table `trade_user`
--
ALTER TABLE `trade_user`
  ADD CONSTRAINT `trade_user_qualification_trade_types_id_foreign` FOREIGN KEY (`qualification_trade_types_id`) REFERENCES `qualification_trade_types` (`id`),
  ADD CONSTRAINT `trade_user_user_id_foreign` FOREIGN KEY (`user_id`) REFERENCES `users` (`id`);
COMMIT;

