-- https://www.phpmyadmin.net/
--

START TRANSACTION;



--
-- Database: `trickle_tswwp`
--

-- --------------------------------------------------------

--
-- Table structure for table `tsw_wpactionscheduler_actions`
--

CREATE TABLE `tsw_wpactionscheduler_actions` (
  `action_id` bigint(20) UNSIGNED NOT NULL,
  `hook` varchar(191) COLLATE utf8mb4_unicode_520_ci NOT NULL,
  `status` varchar(20) COLLATE utf8mb4_unicode_520_ci NOT NULL,
  `scheduled_date_gmt` datetime NOT NULL DEFAULT '0000-00-00 00:00:00',
  `scheduled_date_local` datetime NOT NULL DEFAULT '0000-00-00 00:00:00',
  `args` varchar(191) COLLATE utf8mb4_unicode_520_ci DEFAULT NULL,
  `schedule` longtext COLLATE utf8mb4_unicode_520_ci,
  `group_id` bigint(20) UNSIGNED NOT NULL DEFAULT '0',
  `attempts` int(11) NOT NULL DEFAULT '0',
  `last_attempt_gmt` datetime NOT NULL DEFAULT '0000-00-00 00:00:00',
  `last_attempt_local` datetime NOT NULL DEFAULT '0000-00-00 00:00:00',
  `claim_id` bigint(20) UNSIGNED NOT NULL DEFAULT '0',
  `extended_args` varchar(8000) COLLATE utf8mb4_unicode_520_ci DEFAULT NULL
) ENGINE=InnoDB DEFAULT CHARSET=utf8mb4 COLLATE=utf8mb4_unicode_520_ci;

--
-- Dumping data for table `tsw_wpactionscheduler_actions`
--

INSERT INTO `tsw_wpactionscheduler_actions` (`action_id`, `hook`, `status`, `scheduled_date_gmt`, `scheduled_date_local`, `args`, `schedule`, `group_id`, `attempts`, `last_attempt_gmt`, `last_attempt_local`, `claim_id`, `extended_args`) VALUES
(160, 'wpforms_process_entry_emails_meta_cleanup', 'complete', '2020-07-31 07:45:12', '2020-07-31 07:45:12', '{\"tasks_meta_id\":1}', 'O:32:\"ActionScheduler_IntervalSchedule\":5:{s:22:\"\0*\0scheduled_timestamp\";i:1596181512;s:18:\"\0*\0first_timestamp\";i:1583452800;s:13:\"\0*\0recurrence\";i:86400;s:49:\"\0ActionScheduler_IntervalSchedule\0start_timestamp\";i:1596181512;s:53:\"\0ActionScheduler_IntervalSchedule\0interval_in_seconds\";i:86400;}', 2, 1, '2020-07-31 07:45:12', '2020-07-31 07:45:12', 0, NULL),
(161, 'wpforms_process_entry_emails_meta_cleanup', 'complete', '2020-08-01 07:45:12', '2020-08-01 07:45:12', '{\"tasks_meta_id\":1}', 'O:32:\"ActionScheduler_IntervalSchedule\":5:{s:22:\"\0*\0scheduled_timestamp\";i:1596267912;s:18:\"\0*\0first_timestamp\";i:1583452800;s:13:\"\0*\0recurrence\";i:86400;s:49:\"\0ActionScheduler_IntervalSchedule\0start_timestamp\";i:1596267912;s:53:\"\0ActionScheduler_IntervalSchedule\0interval_in_seconds\";i:86400;}', 2, 1, '2020-08-01 08:23:39', '2020-08-01 08:23:39', 0, NULL),
(162, 'wpforms_process_entry_emails_meta_cleanup', 'complete', '2020-08-02 08:23:39', '2020-08-02 08:23:39', '{\"tasks_meta_id\":1}', 'O:32:\"ActionScheduler_IntervalSchedule\":5:{s:22:\"\0*\0scheduled_timestamp\";i:1596356619;s:18:\"\0*\0first_timestamp\";i:1583452800;s:13:\"\0*\0recurrence\";i:86400;s:49:\"\0ActionScheduler_IntervalSchedule\0start_timestamp\";i:1596356619;s:53:\"\0ActionScheduler_IntervalSchedule\0interval_in_seconds\";i:86400;}', 2, 1, '2020-08-02 09:02:05', '2020-08-02 09:02:05', 0, NULL),
(163, 'wpforms_process_entry_emails_meta_cleanup', 'complete', '2020-08-03 09:02:05', '2020-08-03 09:02:05', '{\"tasks_meta_id\":1}', 'O:32:\"ActionScheduler_IntervalSchedule\":5:{s:22:\"\0*\0scheduled_timestamp\";i:1596445325;s:18:\"\0*\0first_timestamp\";i:1583452800;s:13:\"\0*\0recurrence\";i:86400;s:49:\"\0ActionScheduler_IntervalSchedule\0start_timestamp\";i:1596445325;s:53:\"\0ActionScheduler_IntervalSchedule\0interval_in_seconds\";i:86400;}', 2, 1, '2020-08-03 09:12:22', '2020-08-03 09:12:22', 0, NULL),
(164, 'wpforms_process_entry_emails_meta_cleanup', 'complete', '2020-08-04 09:12:22', '2020-08-04 09:12:22', '{\"tasks_meta_id\":1}', 'O:32:\"ActionScheduler_IntervalSchedule\":5:{s:22:\"\0*\0scheduled_timestamp\";i:1596532342;s:18:\"\0*\0first_timestamp\";i:1583452800;s:13:\"\0*\0recurrence\";i:86400;s:49:\"\0ActionScheduler_IntervalSchedule\0start_timestamp\";i:1596532342;s:53:\"\0ActionScheduler_IntervalSchedule\0interval_in_seconds\";i:86400;}', 2, 1, '2020-08-04 09:14:06', '2020-08-04 09:14:06', 0, NULL),
(165, 'wpforms_process_entry_emails_meta_cleanup', 'complete', '2020-08-05 09:14:06', '2020-08-05 09:14:06', '{\"tasks_meta_id\":1}', 'O:32:\"ActionScheduler_IntervalSchedule\":5:{s:22:\"\0*\0scheduled_timestamp\";i:1596618846;s:18:\"\0*\0first_timestamp\";i:1583452800;s:13:\"\0*\0recurrence\";i:86400;s:49:\"\0ActionScheduler_IntervalSchedule\0start_timestamp\";i:1596618846;s:53:\"\0ActionScheduler_IntervalSchedule\0interval_in_seconds\";i:86400;}', 2, 1, '2020-08-05 09:18:45', '2020-08-05 09:18:45', 0, NULL),
(166, 'wpforms_process_entry_emails_meta_cleanup', 'complete', '2020-08-06 09:18:45', '2020-08-06 09:18:45', '{\"tasks_meta_id\":1}', 'O:32:\"ActionScheduler_IntervalSchedule\":5:{s:22:\"\0*\0scheduled_timestamp\";i:1596705525;s:18:\"\0*\0first_timestamp\";i:1583452800;s:13:\"\0*\0recurrence\";i:86400;s:49:\"\0ActionScheduler_IntervalSchedule\0start_timestamp\";i:1596705525;s:53:\"\0ActionScheduler_IntervalSchedule\0interval_in_seconds\";i:86400;}', 2, 1, '2020-08-06 09:23:30', '2020-08-06 09:23:30', 0, NULL),
(167, 'wpforms_process_entry_emails_meta_cleanup', 'complete', '2020-08-07 09:23:30', '2020-08-07 09:23:30', '{\"tasks_meta_id\":1}', 'O:32:\"ActionScheduler_IntervalSchedule\":5:{s:22:\"\0*\0scheduled_timestamp\";i:1596792210;s:18:\"\0*\0first_timestamp\";i:1583452800;s:13:\"\0*\0recurrence\";i:86400;s:49:\"\0ActionScheduler_IntervalSchedule\0start_timestamp\";i:1596792210;s:53:\"\0ActionScheduler_IntervalSchedule\0interval_in_seconds\";i:86400;}', 2, 1, '2020-08-07 09:31:51', '2020-08-07 09:31:51', 0, NULL),
(168, 'wpforms_process_entry_emails_meta_cleanup', 'complete', '2020-08-08 09:31:51', '2020-08-08 09:31:51', '{\"tasks_meta_id\":1}', 'O:32:\"ActionScheduler_IntervalSchedule\":5:{s:22:\"\0*\0scheduled_timestamp\";i:1596879111;s:18:\"\0*\0first_timestamp\";i:1583452800;s:13:\"\0*\0recurrence\";i:86400;s:49:\"\0ActionScheduler_IntervalSchedule\0start_timestamp\";i:1596879111;s:53:\"\0ActionScheduler_IntervalSchedule\0interval_in_seconds\";i:86400;}', 2, 1, '2020-08-08 09:36:48', '2020-08-08 09:36:48', 0, NULL),
(169, 'wpforms_process_entry_emails_meta_cleanup', 'complete', '2020-08-09 09:36:48', '2020-08-09 09:36:48', '{\"tasks_meta_id\":1}', 'O:32:\"ActionScheduler_IntervalSchedule\":5:{s:22:\"\0*\0scheduled_timestamp\";i:1596965808;s:18:\"\0*\0first_timestamp\";i:1583452800;s:13:\"\0*\0recurrence\";i:86400;s:49:\"\0ActionScheduler_IntervalSchedule\0start_timestamp\";i:1596965808;s:53:\"\0ActionScheduler_IntervalSchedule\0interval_in_seconds\";i:86400;}', 2, 1, '2020-08-09 09:40:45', '2020-08-09 09:40:45', 0, NULL),
(170, 'wpforms_process_entry_emails_meta_cleanup', 'complete', '2020-08-10 09:40:45', '2020-08-10 09:40:45', '{\"tasks_meta_id\":1}', 'O:32:\"ActionScheduler_IntervalSchedule\":5:{s:22:\"\0*\0scheduled_timestamp\";i:1597052445;s:18:\"\0*\0first_timestamp\";i:1583452800;s:13:\"\0*\0recurrence\";i:86400;s:49:\"\0ActionScheduler_IntervalSchedule\0start_timestamp\";i:1597052445;s:53:\"\0ActionScheduler_IntervalSchedule\0interval_in_seconds\";i:86400;}', 2, 1, '2020-08-10 09:43:14', '2020-08-10 09:43:14', 0, NULL),
(171, 'wpforms_process_entry_emails_meta_cleanup', 'complete', '2020-08-11 09:43:14', '2020-08-11 09:43:14', '{\"tasks_meta_id\":1}', 'O:32:\"ActionScheduler_IntervalSchedule\":5:{s:22:\"\0*\0scheduled_timestamp\";i:1597138994;s:18:\"\0*\0first_timestamp\";i:1583452800;s:13:\"\0*\0recurrence\";i:86400;s:49:\"\0ActionScheduler_IntervalSchedule\0start_timestamp\";i:1597138994;s:53:\"\0ActionScheduler_IntervalSchedule\0interval_in_seconds\";i:86400;}', 2, 1, '2020-08-11 09:53:04', '2020-08-11 09:53:04', 0, NULL),
(172, 'wpforms_process_entry_emails_meta_cleanup', 'complete', '2020-08-12 09:53:04', '2020-08-12 09:53:04', '{\"tasks_meta_id\":1}', 'O:32:\"ActionScheduler_IntervalSchedule\":5:{s:22:\"\0*\0scheduled_timestamp\";i:1597225984;s:18:\"\0*\0first_timestamp\";i:1583452800;s:13:\"\0*\0recurrence\";i:86400;s:49:\"\0ActionScheduler_IntervalSchedule\0start_timestamp\";i:1597225984;s:53:\"\0ActionScheduler_IntervalSchedule\0interval_in_seconds\";i:86400;}', 2, 1, '2020-08-12 09:53:12', '2020-08-12 09:53:12', 0, NULL),
(173, 'wpforms_process_entry_emails_meta_cleanup', 'complete', '2020-08-13 09:53:12', '2020-08-13 09:53:12', '{\"tasks_meta_id\":1}', 'O:32:\"ActionScheduler_IntervalSchedule\":5:{s:22:\"\0*\0scheduled_timestamp\";i:1597312392;s:18:\"\0*\0first_timestamp\";i:1583452800;s:13:\"\0*\0recurrence\";i:86400;s:49:\"\0ActionScheduler_IntervalSchedule\0start_timestamp\";i:1597312392;s:53:\"\0ActionScheduler_IntervalSchedule\0interval_in_seconds\";i:86400;}', 2, 1, '2020-08-13 10:00:33', '2020-08-13 10:00:33', 0, NULL),
(174, 'wpforms_process_entry_emails_meta_cleanup', 'complete', '2020-08-14 10:00:33', '2020-08-14 10:00:33', '{\"tasks_meta_id\":1}', 'O:32:\"ActionScheduler_IntervalSchedule\":5:{s:22:\"\0*\0scheduled_timestamp\";i:1597399233;s:18:\"\0*\0first_timestamp\";i:1583452800;s:13:\"\0*\0recurrence\";i:86400;s:49:\"\0ActionScheduler_IntervalSchedule\0start_timestamp\";i:1597399233;s:53:\"\0ActionScheduler_IntervalSchedule\0interval_in_seconds\";i:86400;}', 2, 1, '2020-08-14 10:06:12', '2020-08-14 10:06:12', 0, NULL),
(175, 'wpforms_process_entry_emails_meta_cleanup', 'complete', '2020-08-15 10:06:12', '2020-08-15 10:06:12', '{\"tasks_meta_id\":1}', 'O:32:\"ActionScheduler_IntervalSchedule\":5:{s:22:\"\0*\0scheduled_timestamp\";i:1597485972;s:18:\"\0*\0first_timestamp\";i:1583452800;s:13:\"\0*\0recurrence\";i:86400;s:49:\"\0ActionScheduler_IntervalSchedule\0start_timestamp\";i:1597485972;s:53:\"\0ActionScheduler_IntervalSchedule\0interval_in_seconds\";i:86400;}', 2, 1, '2020-08-15 10:13:27', '2020-08-15 10:13:27', 0, NULL),
(176, 'wpforms_process_entry_emails_meta_cleanup', 'complete', '2020-08-16 10:13:27', '2020-08-16 10:13:27', '{\"tasks_meta_id\":1}', 'O:32:\"ActionScheduler_IntervalSchedule\":5:{s:22:\"\0*\0scheduled_timestamp\";i:1597572807;s:18:\"\0*\0first_timestamp\";i:1583452800;s:13:\"\0*\0recurrence\";i:86400;s:49:\"\0ActionScheduler_IntervalSchedule\0start_timestamp\";i:1597572807;s:53:\"\0ActionScheduler_IntervalSchedule\0interval_in_seconds\";i:86400;}', 2, 1, '2020-08-16 10:16:05', '2020-08-16 10:16:05', 0, NULL),
(177, 'wpforms_process_entry_emails_meta_cleanup', 'complete', '2020-08-17 10:16:05', '2020-08-17 10:16:05', '{\"tasks_meta_id\":1}', 'O:32:\"ActionScheduler_IntervalSchedule\":5:{s:22:\"\0*\0scheduled_timestamp\";i:1597659365;s:18:\"\0*\0first_timestamp\";i:1583452800;s:13:\"\0*\0recurrence\";i:86400;s:49:\"\0ActionScheduler_IntervalSchedule\0start_timestamp\";i:1597659365;s:53:\"\0ActionScheduler_IntervalSchedule\0interval_in_seconds\";i:86400;}', 2, 1, '2020-08-17 10:24:01', '2020-08-17 10:24:01', 0, NULL),
(178, 'wpforms_process_entry_emails_meta_cleanup', 'complete', '2020-08-18 10:24:01', '2020-08-18 10:24:01', '{\"tasks_meta_id\":1}', 'O:32:\"ActionScheduler_IntervalSchedule\":5:{s:22:\"\0*\0scheduled_timestamp\";i:1597746241;s:18:\"\0*\0first_timestamp\";i:1583452800;s:13:\"\0*\0recurrence\";i:86400;s:49:\"\0ActionScheduler_IntervalSchedule\0start_timestamp\";i:1597746241;s:53:\"\0ActionScheduler_IntervalSchedule\0interval_in_seconds\";i:86400;}', 2, 1, '2020-08-18 10:24:04', '2020-08-18 10:24:04', 0, NULL),
(179, 'wpforms_process_entry_emails_meta_cleanup', 'complete', '2020-08-19 10:24:04', '2020-08-19 10:24:04', '{\"tasks_meta_id\":1}', 'O:32:\"ActionScheduler_IntervalSchedule\":5:{s:22:\"\0*\0scheduled_timestamp\";i:1597832644;s:18:\"\0*\0first_timestamp\";i:1583452800;s:13:\"\0*\0recurrence\";i:86400;s:49:\"\0ActionScheduler_IntervalSchedule\0start_timestamp\";i:1597832644;s:53:\"\0ActionScheduler_IntervalSchedule\0interval_in_seconds\";i:86400;}', 2, 1, '2020-08-19 10:29:48', '2020-08-19 10:29:48', 0, NULL),
(180, 'wpforms_process_entry_emails_meta_cleanup', 'complete', '2020-08-20 10:29:48', '2020-08-20 10:29:48', '{\"tasks_meta_id\":1}', 'O:32:\"ActionScheduler_IntervalSchedule\":5:{s:22:\"\0*\0scheduled_timestamp\";i:1597919388;s:18:\"\0*\0first_timestamp\";i:1583452800;s:13:\"\0*\0recurrence\";i:86400;s:49:\"\0ActionScheduler_IntervalSchedule\0start_timestamp\";i:1597919388;s:53:\"\0ActionScheduler_IntervalSchedule\0interval_in_seconds\";i:86400;}', 2, 1, '2020-08-20 10:43:13', '2020-08-20 10:43:13', 0, NULL),
(181, 'wpforms_process_entry_emails_meta_cleanup', 'complete', '2020-08-21 10:43:13', '2020-08-21 10:43:13', '{\"tasks_meta_id\":1}', 'O:32:\"ActionScheduler_IntervalSchedule\":5:{s:22:\"\0*\0scheduled_timestamp\";i:1598006593;s:18:\"\0*\0first_timestamp\";i:1583452800;s:13:\"\0*\0recurrence\";i:86400;s:49:\"\0ActionScheduler_IntervalSchedule\0start_timestamp\";i:1598006593;s:53:\"\0ActionScheduler_IntervalSchedule\0interval_in_seconds\";i:86400;}', 2, 1, '2020-08-21 11:45:50', '2020-08-21 11:45:50', 0, NULL),
(182, 'wpforms_process_entry_emails_meta_cleanup', 'complete', '2020-08-22 11:45:50', '2020-08-22 11:45:50', '{\"tasks_meta_id\":1}', 'O:32:\"ActionScheduler_IntervalSchedule\":5:{s:22:\"\0*\0scheduled_timestamp\";i:1598096750;s:18:\"\0*\0first_timestamp\";i:1583452800;s:13:\"\0*\0recurrence\";i:86400;s:49:\"\0ActionScheduler_IntervalSchedule\0start_timestamp\";i:1598096750;s:53:\"\0ActionScheduler_IntervalSchedule\0interval_in_seconds\";i:86400;}', 2, 1, '2020-08-22 11:50:30', '2020-08-22 11:50:30', 0, NULL),
(183, 'wpforms_process_entry_emails_meta_cleanup', 'complete', '2020-08-23 11:50:30', '2020-08-23 11:50:30', '{\"tasks_meta_id\":1}', 'O:32:\"ActionScheduler_IntervalSchedule\":5:{s:22:\"\0*\0scheduled_timestamp\";i:1598183430;s:18:\"\0*\0first_timestamp\";i:1583452800;s:13:\"\0*\0recurrence\";i:86400;s:49:\"\0ActionScheduler_IntervalSchedule\0start_timestamp\";i:1598183430;s:53:\"\0ActionScheduler_IntervalSchedule\0interval_in_seconds\";i:86400;}', 2, 1, '2020-08-23 11:53:20', '2020-08-23 11:53:20', 0, NULL),
(184, 'wpforms_process_entry_emails_meta_cleanup', 'complete', '2020-08-24 11:53:20', '2020-08-24 11:53:20', '{\"tasks_meta_id\":1}', 'O:32:\"ActionScheduler_IntervalSchedule\":5:{s:22:\"\0*\0scheduled_timestamp\";i:1598270000;s:18:\"\0*\0first_timestamp\";i:1583452800;s:13:\"\0*\0recurrence\";i:86400;s:49:\"\0ActionScheduler_IntervalSchedule\0start_timestamp\";i:1598270000;s:53:\"\0ActionScheduler_IntervalSchedule\0interval_in_seconds\";i:86400;}', 2, 1, '2020-08-24 12:04:04', '2020-08-24 12:04:04', 0, NULL),
(185, 'wpforms_process_entry_emails_meta_cleanup', 'complete', '2020-08-25 12:04:04', '2020-08-25 12:04:04', '{\"tasks_meta_id\":1}', 'O:32:\"ActionScheduler_IntervalSchedule\":5:{s:22:\"\0*\0scheduled_timestamp\";i:1598357044;s:18:\"\0*\0first_timestamp\";i:1583452800;s:13:\"\0*\0recurrence\";i:86400;s:49:\"\0ActionScheduler_IntervalSchedule\0start_timestamp\";i:1598357044;s:53:\"\0ActionScheduler_IntervalSchedule\0interval_in_seconds\";i:86400;}', 2, 1, '2020-08-25 12:11:13', '2020-08-25 12:11:13', 0, NULL),
(186, 'wpforms_process_entry_emails_meta_cleanup', 'complete', '2020-08-26 12:11:13', '2020-08-26 12:11:13', '{\"tasks_meta_id\":1}', 'O:32:\"ActionScheduler_IntervalSchedule\":5:{s:22:\"\0*\0scheduled_timestamp\";i:1598443873;s:18:\"\0*\0first_timestamp\";i:1583452800;s:13:\"\0*\0recurrence\";i:86400;s:49:\"\0ActionScheduler_IntervalSchedule\0start_timestamp\";i:1598443873;s:53:\"\0ActionScheduler_IntervalSchedule\0interval_in_seconds\";i:86400;}', 2, 1, '2020-08-26 12:13:18', '2020-08-26 12:13:18', 0, NULL),
(187, 'wpforms_process_entry_emails_meta_cleanup', 'complete', '2020-08-27 12:13:18', '2020-08-27 12:13:18', '{\"tasks_meta_id\":1}', 'O:32:\"ActionScheduler_IntervalSchedule\":5:{s:22:\"\0*\0scheduled_timestamp\";i:1598530398;s:18:\"\0*\0first_timestamp\";i:1583452800;s:13:\"\0*\0recurrence\";i:86400;s:49:\"\0ActionScheduler_IntervalSchedule\0start_timestamp\";i:1598530398;s:53:\"\0ActionScheduler_IntervalSchedule\0interval_in_seconds\";i:86400;}', 2, 1, '2020-08-27 12:16:55', '2020-08-27 12:16:55', 0, NULL),
(188, 'wpforms_process_entry_emails_meta_cleanup', 'complete', '2020-08-28 12:16:55', '2020-08-28 12:16:55', '{\"tasks_meta_id\":1}', 'O:32:\"ActionScheduler_IntervalSchedule\":5:{s:22:\"\0*\0scheduled_timestamp\";i:1598617015;s:18:\"\0*\0first_timestamp\";i:1583452800;s:13:\"\0*\0recurrence\";i:86400;s:49:\"\0ActionScheduler_IntervalSchedule\0start_timestamp\";i:1598617015;s:53:\"\0ActionScheduler_IntervalSchedule\0interval_in_seconds\";i:86400;}', 2, 1, '2020-08-28 13:08:00', '2020-08-28 13:08:00', 0, NULL),
(189, 'wpforms_process_entry_emails_meta_cleanup', 'complete', '2020-08-29 13:08:00', '2020-08-29 13:08:00', '{\"tasks_meta_id\":1}', 'O:32:\"ActionScheduler_IntervalSchedule\":5:{s:22:\"\0*\0scheduled_timestamp\";i:1598706480;s:18:\"\0*\0first_timestamp\";i:1583452800;s:13:\"\0*\0recurrence\";i:86400;s:49:\"\0ActionScheduler_IntervalSchedule\0start_timestamp\";i:1598706480;s:53:\"\0ActionScheduler_IntervalSchedule\0interval_in_seconds\";i:86400;}', 2, 1, '2020-08-29 13:12:49', '2020-08-29 13:12:49', 0, NULL),
(190, 'wpforms_process_entry_emails_meta_cleanup', 'complete', '2020-08-30 13:12:49', '2020-08-30 13:12:49', '{\"tasks_meta_id\":1}', 'O:32:\"ActionScheduler_IntervalSchedule\":5:{s:22:\"\0*\0scheduled_timestamp\";i:1598793169;s:18:\"\0*\0first_timestamp\";i:1583452800;s:13:\"\0*\0recurrence\";i:86400;s:49:\"\0ActionScheduler_IntervalSchedule\0start_timestamp\";i:1598793169;s:53:\"\0ActionScheduler_IntervalSchedule\0interval_in_seconds\";i:86400;}', 2, 1, '2020-08-30 13:18:03', '2020-08-30 13:18:03', 0, NULL),
(191, 'wpforms_process_entry_emails_meta_cleanup', 'pending', '2020-08-31 13:18:03', '2020-08-31 13:18:03', '{\"tasks_meta_id\":1}', 'O:32:\"ActionScheduler_IntervalSchedule\":5:{s:22:\"\0*\0scheduled_timestamp\";i:1598879883;s:18:\"\0*\0first_timestamp\";i:1583452800;s:13:\"\0*\0recurrence\";i:86400;s:49:\"\0ActionScheduler_IntervalSchedule\0start_timestamp\";i:1598879883;s:53:\"\0ActionScheduler_IntervalSchedule\0interval_in_seconds\";i:86400;}', 2, 0, '0000-00-00 00:00:00', '0000-00-00 00:00:00', 0, NULL);

-- --------------------------------------------------------

--
-- Table structure for table `tsw_wpactionscheduler_claims`
--

CREATE TABLE `tsw_wpactionscheduler_claims` (
  `claim_id` bigint(20) UNSIGNED NOT NULL,
  `date_created_gmt` datetime NOT NULL DEFAULT '0000-00-00 00:00:00'
) ENGINE=InnoDB DEFAULT CHARSET=utf8mb4 COLLATE=utf8mb4_unicode_520_ci;

-- --------------------------------------------------------

--
-- Table structure for table `tsw_wpactionscheduler_groups`
--

CREATE TABLE `tsw_wpactionscheduler_groups` (
  `group_id` bigint(20) UNSIGNED NOT NULL,
  `slug` varchar(255) COLLATE utf8mb4_unicode_520_ci NOT NULL
) ENGINE=InnoDB DEFAULT CHARSET=utf8mb4 COLLATE=utf8mb4_unicode_520_ci;

--
-- Dumping data for table `tsw_wpactionscheduler_groups`
--

INSERT INTO `tsw_wpactionscheduler_groups` (`group_id`, `slug`) VALUES
(1, 'action-scheduler-migration'),
(2, 'wpforms');

-- --------------------------------------------------------

--
-- Table structure for table `tsw_wpactionscheduler_logs`
--

CREATE TABLE `tsw_wpactionscheduler_logs` (
  `log_id` bigint(20) UNSIGNED NOT NULL,
  `action_id` bigint(20) UNSIGNED NOT NULL,
  `message` text COLLATE utf8mb4_unicode_520_ci NOT NULL,
  `log_date_gmt` datetime NOT NULL DEFAULT '0000-00-00 00:00:00',
  `log_date_local` datetime NOT NULL DEFAULT '0000-00-00 00:00:00'
) ENGINE=InnoDB DEFAULT CHARSET=utf8mb4 COLLATE=utf8mb4_unicode_520_ci;

--
-- Dumping data for table `tsw_wpactionscheduler_logs`
--

INSERT INTO `tsw_wpactionscheduler_logs` (`log_id`, `action_id`, `message`, `log_date_gmt`, `log_date_local`) VALUES
(442, 160, 'action created', '2020-07-30 07:45:12', '2020-07-30 07:45:12'),
(443, 160, 'action started via WP Cron', '2020-07-31 07:45:12', '2020-07-31 07:45:12'),
(444, 160, 'action complete via WP Cron', '2020-07-31 07:45:12', '2020-07-31 07:45:12'),
(445, 161, 'action created', '2020-07-31 07:45:12', '2020-07-31 07:45:12'),
(446, 161, 'action started via WP Cron', '2020-08-01 08:23:39', '2020-08-01 08:23:39'),
(447, 161, 'action complete via WP Cron', '2020-08-01 08:23:39', '2020-08-01 08:23:39'),
(448, 162, 'action created', '2020-08-01 08:23:39', '2020-08-01 08:23:39'),
(449, 162, 'action started via WP Cron', '2020-08-02 09:02:05', '2020-08-02 09:02:05'),
(450, 162, 'action complete via WP Cron', '2020-08-02 09:02:05', '2020-08-02 09:02:05'),
(451, 163, 'action created', '2020-08-02 09:02:05', '2020-08-02 09:02:05'),
(452, 163, 'action started via WP Cron', '2020-08-03 09:12:22', '2020-08-03 09:12:22'),
(453, 163, 'action complete via WP Cron', '2020-08-03 09:12:22', '2020-08-03 09:12:22'),
(454, 164, 'action created', '2020-08-03 09:12:22', '2020-08-03 09:12:22'),
(455, 164, 'action started via WP Cron', '2020-08-04 09:14:06', '2020-08-04 09:14:06'),
(456, 164, 'action complete via WP Cron', '2020-08-04 09:14:06', '2020-08-04 09:14:06'),
(457, 165, 'action created', '2020-08-04 09:14:06', '2020-08-04 09:14:06'),
(458, 165, 'action started via WP Cron', '2020-08-05 09:18:45', '2020-08-05 09:18:45'),
(459, 165, 'action complete via WP Cron', '2020-08-05 09:18:45', '2020-08-05 09:18:45'),
(460, 166, 'action created', '2020-08-05 09:18:45', '2020-08-05 09:18:45'),
(461, 166, 'action started via WP Cron', '2020-08-06 09:23:30', '2020-08-06 09:23:30'),
(462, 166, 'action complete via WP Cron', '2020-08-06 09:23:30', '2020-08-06 09:23:30'),
(463, 167, 'action created', '2020-08-06 09:23:30', '2020-08-06 09:23:30'),
(464, 167, 'action started via WP Cron', '2020-08-07 09:31:51', '2020-08-07 09:31:51'),
(465, 167, 'action complete via WP Cron', '2020-08-07 09:31:51', '2020-08-07 09:31:51'),
(466, 168, 'action created', '2020-08-07 09:31:51', '2020-08-07 09:31:51'),
(467, 168, 'action started via WP Cron', '2020-08-08 09:36:48', '2020-08-08 09:36:48'),
(468, 168, 'action complete via WP Cron', '2020-08-08 09:36:48', '2020-08-08 09:36:48'),
(469, 169, 'action created', '2020-08-08 09:36:48', '2020-08-08 09:36:48'),
(470, 169, 'action started via WP Cron', '2020-08-09 09:40:45', '2020-08-09 09:40:45'),
(471, 169, 'action complete via WP Cron', '2020-08-09 09:40:45', '2020-08-09 09:40:45'),
(472, 170, 'action created', '2020-08-09 09:40:45', '2020-08-09 09:40:45'),
(473, 170, 'action started via WP Cron', '2020-08-10 09:43:14', '2020-08-10 09:43:14'),
(474, 170, 'action complete via WP Cron', '2020-08-10 09:43:14', '2020-08-10 09:43:14'),
(475, 171, 'action created', '2020-08-10 09:43:14', '2020-08-10 09:43:14'),
(476, 171, 'action started via WP Cron', '2020-08-11 09:53:04', '2020-08-11 09:53:04'),
(477, 171, 'action complete via WP Cron', '2020-08-11 09:53:04', '2020-08-11 09:53:04'),
(478, 172, 'action created', '2020-08-11 09:53:04', '2020-08-11 09:53:04'),
(479, 172, 'action started via WP Cron', '2020-08-12 09:53:12', '2020-08-12 09:53:12'),
(480, 172, 'action complete via WP Cron', '2020-08-12 09:53:12', '2020-08-12 09:53:12'),
(481, 173, 'action created', '2020-08-12 09:53:12', '2020-08-12 09:53:12'),
(482, 173, 'action started via WP Cron', '2020-08-13 10:00:33', '2020-08-13 10:00:33'),
(483, 173, 'action complete via WP Cron', '2020-08-13 10:00:33', '2020-08-13 10:00:33'),
(484, 174, 'action created', '2020-08-13 10:00:33', '2020-08-13 10:00:33'),
(485, 174, 'action started via WP Cron', '2020-08-14 10:06:12', '2020-08-14 10:06:12'),
(486, 174, 'action complete via WP Cron', '2020-08-14 10:06:12', '2020-08-14 10:06:12'),
(487, 175, 'action created', '2020-08-14 10:06:12', '2020-08-14 10:06:12'),
(488, 175, 'action started via WP Cron', '2020-08-15 10:13:27', '2020-08-15 10:13:27'),
(489, 175, 'action complete via WP Cron', '2020-08-15 10:13:27', '2020-08-15 10:13:27'),
(490, 176, 'action created', '2020-08-15 10:13:27', '2020-08-15 10:13:27'),
(491, 176, 'action started via WP Cron', '2020-08-16 10:16:05', '2020-08-16 10:16:05'),
(492, 176, 'action complete via WP Cron', '2020-08-16 10:16:05', '2020-08-16 10:16:05'),
(493, 177, 'action created', '2020-08-16 10:16:05', '2020-08-16 10:16:05'),
(494, 177, 'action started via WP Cron', '2020-08-17 10:24:01', '2020-08-17 10:24:01'),
(495, 177, 'action complete via WP Cron', '2020-08-17 10:24:01', '2020-08-17 10:24:01'),
(496, 178, 'action created', '2020-08-17 10:24:01', '2020-08-17 10:24:01'),
(497, 178, 'action started via WP Cron', '2020-08-18 10:24:04', '2020-08-18 10:24:04'),
(498, 178, 'action complete via WP Cron', '2020-08-18 10:24:04', '2020-08-18 10:24:04'),
(499, 179, 'action created', '2020-08-18 10:24:04', '2020-08-18 10:24:04'),
(500, 179, 'action started via WP Cron', '2020-08-19 10:29:48', '2020-08-19 10:29:48'),
(501, 179, 'action complete via WP Cron', '2020-08-19 10:29:48', '2020-08-19 10:29:48'),
(502, 180, 'action created', '2020-08-19 10:29:48', '2020-08-19 10:29:48'),
(503, 180, 'action started via WP Cron', '2020-08-20 10:43:13', '2020-08-20 10:43:13'),
(504, 180, 'action complete via WP Cron', '2020-08-20 10:43:13', '2020-08-20 10:43:13'),
(505, 181, 'action created', '2020-08-20 10:43:13', '2020-08-20 10:43:13'),
(506, 181, 'action started via WP Cron', '2020-08-21 11:45:50', '2020-08-21 11:45:50'),
(507, 181, 'action complete via WP Cron', '2020-08-21 11:45:50', '2020-08-21 11:45:50'),
(508, 182, 'action created', '2020-08-21 11:45:50', '2020-08-21 11:45:50'),
(509, 182, 'action started via WP Cron', '2020-08-22 11:50:30', '2020-08-22 11:50:30'),
(510, 182, 'action complete via WP Cron', '2020-08-22 11:50:30', '2020-08-22 11:50:30'),
(511, 183, 'action created', '2020-08-22 11:50:30', '2020-08-22 11:50:30'),
(512, 183, 'action started via WP Cron', '2020-08-23 11:53:20', '2020-08-23 11:53:20'),
(513, 183, 'action complete via WP Cron', '2020-08-23 11:53:20', '2020-08-23 11:53:20'),
(514, 184, 'action created', '2020-08-23 11:53:20', '2020-08-23 11:53:20'),
(515, 184, 'action started via WP Cron', '2020-08-24 12:04:04', '2020-08-24 12:04:04'),
(516, 184, 'action complete via WP Cron', '2020-08-24 12:04:04', '2020-08-24 12:04:04'),
(517, 185, 'action created', '2020-08-24 12:04:04', '2020-08-24 12:04:04'),
(518, 185, 'action started via WP Cron', '2020-08-25 12:11:13', '2020-08-25 12:11:13'),
(519, 185, 'action complete via WP Cron', '2020-08-25 12:11:13', '2020-08-25 12:11:13'),
(520, 186, 'action created', '2020-08-25 12:11:13', '2020-08-25 12:11:13'),
(521, 186, 'action started via WP Cron', '2020-08-26 12:13:18', '2020-08-26 12:13:18'),
(522, 186, 'action complete via WP Cron', '2020-08-26 12:13:18', '2020-08-26 12:13:18'),
(523, 187, 'action created', '2020-08-26 12:13:18', '2020-08-26 12:13:18'),
(524, 187, 'action started via WP Cron', '2020-08-27 12:16:55', '2020-08-27 12:16:55'),
(525, 187, 'action complete via WP Cron', '2020-08-27 12:16:55', '2020-08-27 12:16:55'),
(526, 188, 'action created', '2020-08-27 12:16:55', '2020-08-27 12:16:55'),
(527, 188, 'action started via WP Cron', '2020-08-28 13:08:00', '2020-08-28 13:08:00'),
(528, 188, 'action complete via WP Cron', '2020-08-28 13:08:00', '2020-08-28 13:08:00'),
(529, 189, 'action created', '2020-08-28 13:08:00', '2020-08-28 13:08:00'),
(530, 189, 'action started via WP Cron', '2020-08-29 13:12:49', '2020-08-29 13:12:49'),
(531, 189, 'action complete via WP Cron', '2020-08-29 13:12:49', '2020-08-29 13:12:49'),
(532, 190, 'action created', '2020-08-29 13:12:49', '2020-08-29 13:12:49'),
(533, 190, 'action started via WP Cron', '2020-08-30 13:18:03', '2020-08-30 13:18:03'),
(534, 190, 'action complete via WP Cron', '2020-08-30 13:18:03', '2020-08-30 13:18:03'),
(535, 191, 'action created', '2020-08-30 13:18:04', '2020-08-30 13:18:04');

-- --------------------------------------------------------

--
-- Table structure for table `tsw_wpcommentmeta`
--

CREATE TABLE `tsw_wpcommentmeta` (
  `meta_id` bigint(20) UNSIGNED NOT NULL,
  `comment_id` bigint(20) UNSIGNED NOT NULL DEFAULT '0',
  `meta_key` varchar(255) COLLATE utf8mb4_unicode_ci DEFAULT NULL,
  `meta_value` longtext COLLATE utf8mb4_unicode_ci
) ENGINE=MyISAM DEFAULT CHARSET=utf8mb4 COLLATE=utf8mb4_unicode_ci;

-- --------------------------------------------------------

--
-- Table structure for table `tsw_wpcomments`
--

CREATE TABLE `tsw_wpcomments` (
  `comment_ID` bigint(20) UNSIGNED NOT NULL,
  `comment_post_ID` bigint(20) UNSIGNED NOT NULL DEFAULT '0',
  `comment_author` tinytext COLLATE utf8mb4_unicode_ci NOT NULL,
  `comment_author_email` varchar(100) COLLATE utf8mb4_unicode_ci NOT NULL DEFAULT '',
  `comment_author_url` varchar(200) COLLATE utf8mb4_unicode_ci NOT NULL DEFAULT '',
  `comment_author_IP` varchar(100) COLLATE utf8mb4_unicode_ci NOT NULL DEFAULT '',
  `comment_date` datetime NOT NULL DEFAULT '0000-00-00 00:00:00',
  `comment_date_gmt` datetime NOT NULL DEFAULT '0000-00-00 00:00:00',
  `comment_content` text COLLATE utf8mb4_unicode_ci NOT NULL,
  `comment_karma` int(11) NOT NULL DEFAULT '0',
  `comment_approved` varchar(20) COLLATE utf8mb4_unicode_ci NOT NULL DEFAULT '1',
  `comment_agent` varchar(255) COLLATE utf8mb4_unicode_ci NOT NULL DEFAULT '',
  `comment_type` varchar(20) COLLATE utf8mb4_unicode_ci NOT NULL DEFAULT '',
  `comment_parent` bigint(20) UNSIGNED NOT NULL DEFAULT '0',
  `user_id` bigint(20) UNSIGNED NOT NULL DEFAULT '0'
) ENGINE=MyISAM DEFAULT CHARSET=utf8mb4 COLLATE=utf8mb4_unicode_ci;

--
-- Dumping data for table `tsw_wpcomments`
--

INSERT INTO `tsw_wpcomments` (`comment_ID`, `comment_post_ID`, `comment_author`, `comment_author_email`, `comment_author_url`, `comment_author_IP`, `comment_date`, `comment_date_gmt`, `comment_content`, `comment_karma`, `comment_approved`, `comment_agent`, `comment_type`, `comment_parent`, `user_id`) VALUES
(1, 1, 'A WordPress Commenter', 'wapuu@wordpress.example', 'https://wordpress.org/', '', '2019-08-04 02:26:44', '2019-08-04 02:26:44', 'Hi, this is a comment.\nTo get started with moderating, editing, and deleting comments, please visit the Comments screen in the dashboard.\nCommenter avatars come from <a href=\"https://gravatar.com\">Gravatar</a>.', 0, '1', '', '', 0, 0),
(16, 1, 'adzakazoeylw', 'pkkx@gmail.com', 'http://bitly.com/1ntFjX', '178.158.32.181', '2020-08-29 02:33:32', '2020-08-29 02:33:32', '29631 22229 98816 20325 \r\nhttp://bitly.com/1ntFjX \r\n18173 90443 80164 36704 \r\nhttp://bitly.com/1ntFjX - Вратарь Галактики смотреть онлайн 56141 33482 25512 57188', 0, '0', 'Mozilla/5.0 (Windows NT 10.0) AppleWebKit/537.36 (KHTML, like Gecko) Chrome/67.0.3396.99 Safari/537.36', '', 0, 0),
(15, 1, 'Alex', 'nikiav6pr@gmx.com', 'http://www.globaltraffic.shop', '194.58.71.4', '2020-08-26 17:28:15', '2020-08-26 17:28:15', 'Dear clients and partners, we are a development team that is now looking for companies / agencies to Incentive Traffic, or bot advertising, upon request, we will perform any complex KPIs for you, implement any number of registrations, polls, subscriptions, votes with confirmation by mail, phone, etc. ... Let\'s start a traffic simulation, with managing the session time, depth on the site, with a substitute for any source (ppc, seo, smm, sem, e-mail, etc.). Individual development of software, according to your needs - checkers, validators, mailings, etc. \r\n \r\nInteresting long-term cooperation, we will be able to sign an NDA. We work with all GEOs, and a budget of $ 1000. \r\n \r\nOur office in Prague: http://www.globaltraffic.shop/ \r\nWhatsApp \\ Viber \\ Telegram: @Sparrow_Marketing tel. +420607361995 or Skype: win.media', 0, '0', 'Mozilla/5.0 (Windows NT 6.1; Win64; x64) AppleWebKit/537.36 (KHTML, like Gecko) Chrome/66.0.3359.170 Safari/537.36 OPR/53.0.2907.68', '', 0, 0);

-- --------------------------------------------------------

--
-- Table structure for table `tsw_wplinks`
--

CREATE TABLE `tsw_wplinks` (
  `link_id` bigint(20) UNSIGNED NOT NULL,
  `link_url` varchar(255) COLLATE utf8mb4_unicode_ci NOT NULL DEFAULT '',
  `link_name` varchar(255) COLLATE utf8mb4_unicode_ci NOT NULL DEFAULT '',
  `link_image` varchar(255) COLLATE utf8mb4_unicode_ci NOT NULL DEFAULT '',
  `link_target` varchar(25) COLLATE utf8mb4_unicode_ci NOT NULL DEFAULT '',
  `link_description` varchar(255) COLLATE utf8mb4_unicode_ci NOT NULL DEFAULT '',
  `link_visible` varchar(20) COLLATE utf8mb4_unicode_ci NOT NULL DEFAULT 'Y',
  `link_owner` bigint(20) UNSIGNED NOT NULL DEFAULT '1',
  `link_rating` int(11) NOT NULL DEFAULT '0',
  `link_updated` datetime NOT NULL DEFAULT '0000-00-00 00:00:00',
  `link_rel` varchar(255) COLLATE utf8mb4_unicode_ci NOT NULL DEFAULT '',
  `link_notes` mediumtext COLLATE utf8mb4_unicode_ci NOT NULL,
  `link_rss` varchar(255) COLLATE utf8mb4_unicode_ci NOT NULL DEFAULT ''
) ENGINE=MyISAM DEFAULT CHARSET=utf8mb4 COLLATE=utf8mb4_unicode_ci;

-- --------------------------------------------------------

--
-- Table structure for table `tsw_wpoptions`
--

CREATE TABLE `tsw_wpoptions` (
  `option_id` bigint(20) UNSIGNED NOT NULL,
  `option_name` varchar(191) COLLATE utf8mb4_unicode_ci NOT NULL DEFAULT '',
  `option_value` longtext COLLATE utf8mb4_unicode_ci NOT NULL,
  `autoload` varchar(20) COLLATE utf8mb4_unicode_ci NOT NULL DEFAULT 'yes'
) ENGINE=MyISAM DEFAULT CHARSET=utf8mb4 COLLATE=utf8mb4_unicode_ci;



-- --------------------------------------------------------

--
-- Table structure for table `tsw_wppostmeta`
--

CREATE TABLE `tsw_wppostmeta` (
  `meta_id` bigint(20) UNSIGNED NOT NULL,
  `post_id` bigint(20) UNSIGNED NOT NULL DEFAULT '0',
  `meta_key` varchar(255) COLLATE utf8mb4_unicode_ci DEFAULT NULL,
  `meta_value` longtext COLLATE utf8mb4_unicode_ci
) ENGINE=MyISAM DEFAULT CHARSET=utf8mb4 COLLATE=utf8mb4_unicode_ci;

--
-- Dumping data for table `tsw_wppostmeta`
--

INSERT INTO `tsw_wppostmeta` (`meta_id`, `post_id`, `meta_key`, `meta_value`) VALUES
(1, 2, '_wp_page_template', 'default'),
(2, 3, '_wp_page_template', 'default'),
(6, 3, '_edit_last', '1'),
(5, 3, '_edit_lock', '1571466534:1'),
(7, 3, '_at_widget', '1'),
(8, 9, '_edit_lock', '1596027613:1'),
(9, 9, '_edit_last', '1'),
(10, 9, '_at_widget', '1');

-- --------------------------------------------------------

--
-- Table structure for table `tsw_wptermmeta`
--

CREATE TABLE `tsw_wptermmeta` (
  `meta_id` bigint(20) UNSIGNED NOT NULL,
  `term_id` bigint(20) UNSIGNED NOT NULL DEFAULT '0',
  `meta_key` varchar(255) COLLATE utf8mb4_unicode_ci DEFAULT NULL,
  `meta_value` longtext COLLATE utf8mb4_unicode_ci
) ENGINE=MyISAM DEFAULT CHARSET=utf8mb4 COLLATE=utf8mb4_unicode_ci;

-- --------------------------------------------------------

--
-- Table structure for table `tsw_wpterms`
--

CREATE TABLE `tsw_wpterms` (
  `term_id` bigint(20) UNSIGNED NOT NULL,
  `name` varchar(200) COLLATE utf8mb4_unicode_ci NOT NULL DEFAULT '',
  `slug` varchar(200) COLLATE utf8mb4_unicode_ci NOT NULL DEFAULT '',
  `term_group` bigint(10) NOT NULL DEFAULT '0'
) ENGINE=MyISAM DEFAULT CHARSET=utf8mb4 COLLATE=utf8mb4_unicode_ci;

--
-- Dumping data for table `tsw_wpterms`
--

INSERT INTO `tsw_wpterms` (`term_id`, `name`, `slug`, `term_group`) VALUES
(1, 'Uncategorized', 'uncategorized', 0);

-- --------------------------------------------------------

--
-- Table structure for table `tsw_wpterm_relationships`
--

CREATE TABLE `tsw_wpterm_relationships` (
  `object_id` bigint(20) UNSIGNED NOT NULL DEFAULT '0',
  `term_taxonomy_id` bigint(20) UNSIGNED NOT NULL DEFAULT '0',
  `term_order` int(11) NOT NULL DEFAULT '0'
) ENGINE=MyISAM DEFAULT CHARSET=utf8mb4 COLLATE=utf8mb4_unicode_ci;

--
-- Dumping data for table `tsw_wpterm_relationships`
--

INSERT INTO `tsw_wpterm_relationships` (`object_id`, `term_taxonomy_id`, `term_order`) VALUES
(1, 1, 0);

-- --------------------------------------------------------

--
-- Table structure for table `tsw_wpterm_taxonomy`
--

CREATE TABLE `tsw_wpterm_taxonomy` (
  `term_taxonomy_id` bigint(20) UNSIGNED NOT NULL,
  `term_id` bigint(20) UNSIGNED NOT NULL DEFAULT '0',
  `taxonomy` varchar(32) COLLATE utf8mb4_unicode_ci NOT NULL DEFAULT '',
  `description` longtext COLLATE utf8mb4_unicode_ci NOT NULL,
  `parent` bigint(20) UNSIGNED NOT NULL DEFAULT '0',
  `count` bigint(20) NOT NULL DEFAULT '0'
) ENGINE=MyISAM DEFAULT CHARSET=utf8mb4 COLLATE=utf8mb4_unicode_ci;

--
-- Dumping data for table `tsw_wpterm_taxonomy`
--

INSERT INTO `tsw_wpterm_taxonomy` (`term_taxonomy_id`, `term_id`, `taxonomy`, `description`, `parent`, `count`) VALUES
(1, 1, 'category', '', 0, 1);

-- --------------------------------------------------------

--
-- Table structure for table `tsw_wpusermeta`
--

CREATE TABLE `tsw_wpusermeta` (
  `umeta_id` bigint(20) UNSIGNED NOT NULL,
  `user_id` bigint(20) UNSIGNED NOT NULL DEFAULT '0',
  `meta_key` varchar(255) COLLATE utf8mb4_unicode_ci DEFAULT NULL,
  `meta_value` longtext COLLATE utf8mb4_unicode_ci
) ENGINE=MyISAM DEFAULT CHARSET=utf8mb4 COLLATE=utf8mb4_unicode_ci;

--
-- Dumping data for table `tsw_wpusermeta`
--

INSERT INTO `tsw_wpusermeta` (`umeta_id`, `user_id`, `meta_key`, `meta_value`) VALUES
(1, 1, 'nickname', 'michael'),
(2, 1, 'first_name', ''),
(3, 1, 'last_name', ''),
(4, 1, 'description', ''),
(5, 1, 'rich_editing', 'true'),
(6, 1, 'syntax_highlighting', 'true'),
(7, 1, 'comment_shortcuts', 'false'),
(8, 1, 'admin_color', 'fresh'),
(9, 1, 'use_ssl', '0'),
(10, 1, 'show_admin_bar_front', 'true'),
(11, 1, 'locale', ''),
(12, 1, 'tsw_wpcapabilities', 'a:1:{s:13:\"administrator\";b:1;}'),
(13, 1, 'tsw_wpuser_level', '10'),
(14, 1, 'dismissed_wp_pointers', ''),
(15, 1, 'show_welcome_panel', '1'),
(16, 1, 'session_tokens', 'a:1:{s:64:\"f65339a72703211c3213437dafad06d1ddb6ca3c3245053781cc92396d742ebe\";a:4:{s:10:\"expiration\";i:1598483344;s:2:\"ip\";s:15:\"180.150.114.165\";s:2:\"ua\";s:139:\"Mozilla/5.0 (iPhone; CPU iPhone OS 13_6_1 like Mac OS X) AppleWebKit/605.1.15 (KHTML, like Gecko) Version/13.1.2 Mobile/15E148 Safari/604.1\";s:5:\"login\";i:1598310544;}}'),
(17, 1, 'tsw_wpdashboard_quick_press_last_post_id', '19'),
(18, 1, 'community-events-location', 'a:1:{s:2:\"ip\";s:13:\"180.150.114.0\";}'),
(19, 1, 'dismiss_themify_updater_notices', '1');

-- --------------------------------------------------------

--
-- Table structure for table `tsw_wpwpforms_tasks_meta`
--

CREATE TABLE `tsw_wpwpforms_tasks_meta` (
  `id` bigint(20) NOT NULL,
  `action` varchar(255) COLLATE utf8mb4_unicode_520_ci NOT NULL,
  `data` longtext COLLATE utf8mb4_unicode_520_ci NOT NULL,
  `date` datetime NOT NULL
) ENGINE=InnoDB DEFAULT CHARSET=utf8mb4 COLLATE=utf8mb4_unicode_520_ci;

--
-- Dumping data for table `tsw_wpwpforms_tasks_meta`
--

INSERT INTO `tsw_wpwpforms_tasks_meta` (`id`, `action`, `data`, `date`) VALUES
(1, 'wpforms_process_entry_emails_meta_cleanup', 'Wzg2NDAwXQ==', '2020-03-05 17:01:10');

--
-- Indexes for dumped tables
--

--
-- Indexes for table `tsw_wpactionscheduler_actions`
--
ALTER TABLE `tsw_wpactionscheduler_actions`
  ADD PRIMARY KEY (`action_id`),
  ADD KEY `hook` (`hook`),
  ADD KEY `status` (`status`),
  ADD KEY `scheduled_date_gmt` (`scheduled_date_gmt`),
  ADD KEY `args` (`args`),
  ADD KEY `group_id` (`group_id`),
  ADD KEY `last_attempt_gmt` (`last_attempt_gmt`),
  ADD KEY `claim_id` (`claim_id`);

--
-- Indexes for table `tsw_wpactionscheduler_claims`
--
ALTER TABLE `tsw_wpactionscheduler_claims`
  ADD PRIMARY KEY (`claim_id`),
  ADD KEY `date_created_gmt` (`date_created_gmt`);

--
-- Indexes for table `tsw_wpactionscheduler_groups`
--
ALTER TABLE `tsw_wpactionscheduler_groups`
  ADD PRIMARY KEY (`group_id`),
  ADD KEY `slug` (`slug`(191));

--
-- Indexes for table `tsw_wpactionscheduler_logs`
--
ALTER TABLE `tsw_wpactionscheduler_logs`
  ADD PRIMARY KEY (`log_id`),
  ADD KEY `action_id` (`action_id`),
  ADD KEY `log_date_gmt` (`log_date_gmt`);

--
-- Indexes for table `tsw_wpcommentmeta`
--
ALTER TABLE `tsw_wpcommentmeta`
  ADD PRIMARY KEY (`meta_id`),
  ADD KEY `comment_id` (`comment_id`),
  ADD KEY `meta_key` (`meta_key`(191));

--
-- Indexes for table `tsw_wpcomments`
--
ALTER TABLE `tsw_wpcomments`
  ADD PRIMARY KEY (`comment_ID`),
  ADD KEY `comment_post_ID` (`comment_post_ID`),
  ADD KEY `comment_approved_date_gmt` (`comment_approved`,`comment_date_gmt`),
  ADD KEY `comment_date_gmt` (`comment_date_gmt`),
  ADD KEY `comment_parent` (`comment_parent`),
  ADD KEY `comment_author_email` (`comment_author_email`(10));

--
-- Indexes for table `tsw_wplinks`
--
ALTER TABLE `tsw_wplinks`
  ADD PRIMARY KEY (`link_id`),
  ADD KEY `link_visible` (`link_visible`);

--
-- Indexes for table `tsw_wpoptions`
--
ALTER TABLE `tsw_wpoptions`
  ADD PRIMARY KEY (`option_id`),
  ADD UNIQUE KEY `option_name` (`option_name`);

--
-- Indexes for table `tsw_wppostmeta`
--
ALTER TABLE `tsw_wppostmeta`
  ADD PRIMARY KEY (`meta_id`),
  ADD KEY `post_id` (`post_id`),
  ADD KEY `meta_key` (`meta_key`(191));

--
-- Indexes for table `tsw_wptermmeta`
--
ALTER TABLE `tsw_wptermmeta`
  ADD PRIMARY KEY (`meta_id`),
  ADD KEY `term_id` (`term_id`),
  ADD KEY `meta_key` (`meta_key`(191));

--
-- Indexes for table `tsw_wpterms`
--
ALTER TABLE `tsw_wpterms`
  ADD PRIMARY KEY (`term_id`),
  ADD KEY `slug` (`slug`(191)),
  ADD KEY `name` (`name`(191));

--
-- Indexes for table `tsw_wpterm_relationships`
--
ALTER TABLE `tsw_wpterm_relationships`
  ADD PRIMARY KEY (`object_id`,`term_taxonomy_id`),
  ADD KEY `term_taxonomy_id` (`term_taxonomy_id`);

--
-- Indexes for table `tsw_wpterm_taxonomy`
--
ALTER TABLE `tsw_wpterm_taxonomy`
  ADD PRIMARY KEY (`term_taxonomy_id`),
  ADD UNIQUE KEY `term_id_taxonomy` (`term_id`,`taxonomy`),
  ADD KEY `taxonomy` (`taxonomy`);

--
-- Indexes for table `tsw_wpusermeta`
--
ALTER TABLE `tsw_wpusermeta`
  ADD PRIMARY KEY (`umeta_id`),
  ADD KEY `user_id` (`user_id`),
  ADD KEY `meta_key` (`meta_key`(191));

--
-- Indexes for table `tsw_wpwpforms_tasks_meta`
--
ALTER TABLE `tsw_wpwpforms_tasks_meta`
  ADD PRIMARY KEY (`id`);

--
-- AUTO_INCREMENT for dumped tables
--

--
-- AUTO_INCREMENT for table `tsw_wpactionscheduler_actions`
--
ALTER TABLE `tsw_wpactionscheduler_actions`
  MODIFY `action_id` bigint(20) UNSIGNED NOT NULL AUTO_INCREMENT, AUTO_INCREMENT=192;

--
-- AUTO_INCREMENT for table `tsw_wpactionscheduler_claims`
--
ALTER TABLE `tsw_wpactionscheduler_claims`
  MODIFY `claim_id` bigint(20) UNSIGNED NOT NULL AUTO_INCREMENT, AUTO_INCREMENT=1845;

--
-- AUTO_INCREMENT for table `tsw_wpactionscheduler_groups`
--
ALTER TABLE `tsw_wpactionscheduler_groups`
  MODIFY `group_id` bigint(20) UNSIGNED NOT NULL AUTO_INCREMENT, AUTO_INCREMENT=3;

--
-- AUTO_INCREMENT for table `tsw_wpactionscheduler_logs`
--
ALTER TABLE `tsw_wpactionscheduler_logs`
  MODIFY `log_id` bigint(20) UNSIGNED NOT NULL AUTO_INCREMENT, AUTO_INCREMENT=536;

--
-- AUTO_INCREMENT for table `tsw_wpcommentmeta`
--
ALTER TABLE `tsw_wpcommentmeta`
  MODIFY `meta_id` bigint(20) UNSIGNED NOT NULL AUTO_INCREMENT, AUTO_INCREMENT=27;

--
-- AUTO_INCREMENT for table `tsw_wpcomments`
--
ALTER TABLE `tsw_wpcomments`
  MODIFY `comment_ID` bigint(20) UNSIGNED NOT NULL AUTO_INCREMENT, AUTO_INCREMENT=17;

--
-- AUTO_INCREMENT for table `tsw_wplinks`
--
ALTER TABLE `tsw_wplinks`
  MODIFY `link_id` bigint(20) UNSIGNED NOT NULL AUTO_INCREMENT;

--
-- AUTO_INCREMENT for table `tsw_wpoptions`
--
ALTER TABLE `tsw_wpoptions`
  MODIFY `option_id` bigint(20) UNSIGNED NOT NULL AUTO_INCREMENT, AUTO_INCREMENT=36099;

--
-- AUTO_INCREMENT for table `tsw_wppostmeta`
--
ALTER TABLE `tsw_wppostmeta`
  MODIFY `meta_id` bigint(20) UNSIGNED NOT NULL AUTO_INCREMENT, AUTO_INCREMENT=11;

--
-- AUTO_INCREMENT for table `tsw_wptermmeta`
--
ALTER TABLE `tsw_wptermmeta`
  MODIFY `meta_id` bigint(20) UNSIGNED NOT NULL AUTO_INCREMENT;

--
-- AUTO_INCREMENT for table `tsw_wpterms`
--
ALTER TABLE `tsw_wpterms`
  MODIFY `term_id` bigint(20) UNSIGNED NOT NULL AUTO_INCREMENT, AUTO_INCREMENT=2;

--
-- AUTO_INCREMENT for table `tsw_wpterm_taxonomy`
--
ALTER TABLE `tsw_wpterm_taxonomy`
  MODIFY `term_taxonomy_id` bigint(20) UNSIGNED NOT NULL AUTO_INCREMENT, AUTO_INCREMENT=2;

--
-- AUTO_INCREMENT for table `tsw_wpusermeta`
--
ALTER TABLE `tsw_wpusermeta`
  MODIFY `umeta_id` bigint(20) UNSIGNED NOT NULL AUTO_INCREMENT, AUTO_INCREMENT=20;

--
-- AUTO_INCREMENT for table `tsw_wpwpforms_tasks_meta`
--
ALTER TABLE `tsw_wpwpforms_tasks_meta`
  MODIFY `id` bigint(20) NOT NULL AUTO_INCREMENT, AUTO_INCREMENT=2;
COMMIT;

